INSERT INTO `products` (`id`, `type`, `title`, `description`, `icon`, `price`, `service_provider_id`, `country_id`, `status`, `system_service_id`, `system_service_name`, `Product_id`, `product_name`, `product_description`, `product_type`, `batch_id`, `batch_name`, `batch_description`, `product_code`, `minimum_value`, `maximum_value`, `field_info`, `notification_info`, `field_level`, `dynamic_field_info`, `allow_minor_currency`, `sur_charge_type`, `sur_charge_value`, `language_id`, `created_at`, `updated_at`, `deleted_at`) VALUES
(495, 'top-up', 'Talk N Text Philippines - $4', 'Talk N Text Philippines', '', '4', 224, 89, 'active', 2, 'M Topup', 847, 'Talk N Text Philippines', 'Talk N Text Philippines', 1, 201536, 'Talk N Text Philippines - $4', NULL, '201536', '400', '400', '{\"RefNo\":{\"Title\":\"Phone Number\",\"TxReference\":\"yes\",\"Pattern\":\"L15bMC05XSokLw==\",\"MinLength\":\"1\",\"MaxLength\":\"25\"}}', '{\"Email\":\"\",\"Phone\":\"\"}', '0', '', 'true', 'Percentage', '0', NULL, '2022-07-16 20:57:33', '2022-07-16 20:57:33', NULL),
(496, 'top-up', 'Talk N Text Philippines - $4', 'Talk N Text Philippines', '', '4', 225, 1, 'active', 2, 'M Topup', 847, 'Talk N Text Philippines', 'Talk N Text Philippines', 1, 201536, 'Talk N Text Philippines - $4', NULL, '201536', '400', '400', '{\"RefNo\":{\"Title\":\"Phone Number\",\"TxReference\":\"yes\",\"Pattern\":\"L15bMC05XSokLw==\",\"MinLength\":\"1\",\"MaxLength\":\"25\"}}', '{\"Email\":\"\",\"Phone\":\"\"}', '0', '', 'true', 'Percentage', '0', NULL, '2022-07-16 20:57:33', '2022-07-16 20:57:33', NULL),
(497, 'top-up', 'Talk N Text Philippines - $4', 'Talk N Text Philippines', '', '4', 226, 8, 'active', 2, 'M Topup', 847, 'Talk N Text Philippines', 'Talk N Text Philippines', 1, 201536, 'Talk N Text Philippines - $4', NULL, '201536', '400', '400', '{\"RefNo\":{\"Title\":\"Phone Number\",\"TxReference\":\"yes\",\"Pattern\":\"L15bMC05XSokLw==\",\"MinLength\":\"1\",\"MaxLength\":\"25\"}}', '{\"Email\":\"\",\"Phone\":\"\"}', '0', '', 'true', 'Percentage', '0', NULL, '2022-07-16 20:57:33', '2022-07-16 20:57:33', NULL),
(498, 'top-up', 'Talk N Text Philippines - $9', 'Talk N Text Philippines', '', '9', 224, 89, 'active', 2, 'M Topup', 847, 'Talk N Text Philippines', 'Talk N Text Philippines', 1, 201537, 'Talk N Text Philippines - $9', NULL, '201537', '900', '900', '{\"RefNo\":{\"Title\":\"Phone Number\",\"TxReference\":\"yes\",\"Pattern\":\"L15bMC05XSokLw==\",\"MinLength\":\"1\",\"MaxLength\":\"25\"}}', '{\"Email\":\"\",\"Phone\":\"\"}', '0', '', 'true', 'Percentage', '0', NULL, '2022-07-16 20:57:33', '2022-07-16 20:57:33', NULL),
(499, 'top-up', 'Talk N Text Philippines - $9', 'Talk N Text Philippines', '', '9', 225, 1, 'active', 2, 'M Topup', 847, 'Talk N Text Philippines', 'Talk N Text Philippines', 1, 201537, 'Talk N Text Philippines - $9', NULL, '201537', '900', '900', '{\"RefNo\":{\"Title\":\"Phone Number\",\"TxReference\":\"yes\",\"Pattern\":\"L15bMC05XSokLw==\",\"MinLength\":\"1\",\"MaxLength\":\"25\"}}', '{\"Email\":\"\",\"Phone\":\"\"}', '0', '', 'true', 'Percentage', '0', NULL, '2022-07-16 20:57:33', '2022-07-16 20:57:33', NULL),
(500, 'top-up', 'Talk N Text Philippines - $9', 'Talk N Text Philippines', '', '9', 226, 8, 'active', 2, 'M Topup', 847, 'Talk N Text Philippines', 'Talk N Text Philippines', 1, 201537, 'Talk N Text Philippines - $9', NULL, '201537', '900', '900', '{\"RefNo\":{\"Title\":\"Phone Number\",\"TxReference\":\"yes\",\"Pattern\":\"L15bMC05XSokLw==\",\"MinLength\":\"1\",\"MaxLength\":\"25\"}}', '{\"Email\":\"\",\"Phone\":\"\"}', '0', '', 'true', 'Percentage', '0', NULL, '2022-07-16 20:57:33', '2022-07-16 20:57:33', NULL),
(501, 'top-up', 'Talk N Text Philippines - $15', 'Talk N Text Philippines', '', '15', 224, 89, 'active', 2, 'M Topup', 847, 'Talk N Text Philippines', 'Talk N Text Philippines', 1, 201538, 'Talk N Text Philippines - $15', NULL, '201538', '1500', '1500', '{\"RefNo\":{\"Title\":\"Phone Number\",\"TxReference\":\"yes\",\"Pattern\":\"L15bMC05XSokLw==\",\"MinLength\":\"1\",\"MaxLength\":\"25\"}}', '{\"Email\":\"\",\"Phone\":\"\"}', '0', '', 'true', 'Percentage', '0', NULL, '2022-07-16 20:57:33', '2022-07-16 20:57:33', NULL),
(502, 'top-up', 'Talk N Text Philippines - $15', 'Talk N Text Philippines', '', '15', 225, 1, 'active', 2, 'M Topup', 847, 'Talk N Text Philippines', 'Talk N Text Philippines', 1, 201538, 'Talk N Text Philippines - $15', NULL, '201538', '1500', '1500', '{\"RefNo\":{\"Title\":\"Phone Number\",\"TxReference\":\"yes\",\"Pattern\":\"L15bMC05XSokLw==\",\"MinLength\":\"1\",\"MaxLength\":\"25\"}}', '{\"Email\":\"\",\"Phone\":\"\"}', '0', '', 'true', 'Percentage', '0', NULL, '2022-07-16 20:57:33', '2022-07-16 20:57:33', NULL),
(503, 'top-up', 'Talk N Text Philippines - $15', 'Talk N Text Philippines', '', '15', 226, 8, 'active', 2, 'M Topup', 847, 'Talk N Text Philippines', 'Talk N Text Philippines', 1, 201538, 'Talk N Text Philippines - $15', NULL, '201538', '1500', '1500', '{\"RefNo\":{\"Title\":\"Phone Number\",\"TxReference\":\"yes\",\"Pattern\":\"L15bMC05XSokLw==\",\"MinLength\":\"1\",\"MaxLength\":\"25\"}}', '{\"Email\":\"\",\"Phone\":\"\"}', '0', '', 'true', 'Percentage', '0', NULL, '2022-07-16 20:57:33', '2022-07-16 20:57:33', NULL),
(504, 'top-up', 'Tata DOCOMO India - $6', 'Tata DOCOMO India New', '', '6', 227, 1, 'active', 2, 'M Topup', 779, 'Tata DOCOMO India New', 'Tata DOCOMO India New', 1, 201326, 'Tata DOCOMO India - $6', NULL, '201326', '600', '600', '{\"RefNo\":{\"Title\":\"Phone Number\",\"TxReference\":\"yes\",\"Pattern\":\"L15bMC05XSokLw==\",\"MinLength\":\"1\",\"MaxLength\":\"25\"}}', '{\"Email\":\"\",\"Phone\":\"\"}', '0', '', 'true', 'Percentage', '0', NULL, '2022-07-16 20:57:33', '2022-07-16 20:57:33', NULL),
(505, 'top-up', 'Tata DOCOMO India - $11', 'Tata DOCOMO India New', '', '11', 227, 1, 'active', 2, 'M Topup', 779, 'Tata DOCOMO India New', 'Tata DOCOMO India New', 1, 201327, 'Tata DOCOMO India - $11', NULL, '201327', '1100', '1100', '{\"RefNo\":{\"Title\":\"Phone Number\",\"TxReference\":\"yes\",\"Pattern\":\"L15bMC05XSokLw==\",\"MinLength\":\"1\",\"MaxLength\":\"25\"}}', '{\"Email\":\"\",\"Phone\":\"\"}', '0', '', 'true', 'Percentage', '0', NULL, '2022-07-16 20:57:33', '2022-07-16 20:57:33', NULL),
(506, 'top-up', 'Tata Indicom India - $6', 'Tata Indicom India', '', '6', 228, 1, 'active', 2, 'M Topup', 776, 'Tata Indicom India', 'Tata Indicom India', 1, 201324, 'Tata Indicom India - $6', NULL, '201324', '600', '600', '{\"RefNo\":{\"Title\":\"Phone Number\",\"TxReference\":\"yes\",\"Pattern\":\"L15bMC05XSokLw==\",\"MinLength\":\"1\",\"MaxLength\":\"25\"}}', '{\"Email\":\"\",\"Phone\":\"\"}', '0', '', 'true', 'Percentage', '0', NULL, '2022-07-16 20:57:33', '2022-07-16 20:57:33', NULL),
(507, 'top-up', 'Tata Indicom India - $11', 'Tata Indicom India', '', '11', 228, 1, 'active', 2, 'M Topup', 776, 'Tata Indicom India', 'Tata Indicom India', 1, 201325, 'Tata Indicom India - $11', NULL, '201325', '1100', '1100', '{\"RefNo\":{\"Title\":\"Phone Number\",\"TxReference\":\"yes\",\"Pattern\":\"L15bMC05XSokLw==\",\"MinLength\":\"1\",\"MaxLength\":\"25\"}}', '{\"Email\":\"\",\"Phone\":\"\"}', '0', '', 'true', 'Percentage', '0', NULL, '2022-07-16 20:57:33', '2022-07-16 20:57:33', NULL),
(508, 'top-up', 'Telcel 50.00', 'Telcel', '', '50', 229, 2, 'active', 2, 'M Topup', 29, 'Telcel', 'Telcel', 1, 200150, 'Telcel 50.00', NULL, '200150', '5000', '5000', '{\"RefNo\":{\"Title\":\"Phone Number\",\"TxReference\":\"yes\",\"Pattern\":\"L15bMC05XSokLw==\",\"MinLength\":\"1\",\"MaxLength\":\"25\"}}', '{\"Email\":\"\",\"Phone\":\"\"}', '0', '', 'true', 'Percentage', '0', NULL, '2022-07-16 20:57:33', '2022-07-16 20:57:33', NULL),
(509, 'top-up', 'Telcel Mexico - $6', 'Telcel Mexico', '', '6', 230, 2, 'active', 2, 'M Topup', 789, 'Telcel Mexico', 'Telcel Mexico', 1, 201444, 'Telcel Mexico - $6', NULL, '201444', '600', '600', '{\"RefNo\":{\"Title\":\"Phone Number\",\"TxReference\":\"yes\",\"Pattern\":\"L15bMC05XSokLw==\",\"MinLength\":\"1\",\"MaxLength\":\"25\"}}', '{\"Email\":\"\",\"Phone\":\"\"}', '0', '', 'true', 'Percentage', '0', NULL, '2022-07-16 20:57:33', '2022-07-16 20:57:33', NULL),
(510, 'top-up', 'Telcel Mexico - $11', 'Telcel Mexico', '', '11', 230, 2, 'active', 2, 'M Topup', 789, 'Telcel Mexico', 'Telcel Mexico', 1, 201445, 'Telcel Mexico - $11', NULL, '201445', '1100', '1100', '{\"RefNo\":{\"Title\":\"Phone Number\",\"TxReference\":\"yes\",\"Pattern\":\"L15bMC05XSokLw==\",\"MinLength\":\"1\",\"MaxLength\":\"25\"}}', '{\"Email\":\"\",\"Phone\":\"\"}', '0', '', 'true', 'Percentage', '0', NULL, '2022-07-16 20:57:33', '2022-07-16 20:57:33', NULL),
(511, 'top-up', 'Telcel Mexico - $17', 'Telcel Mexico', '', '17', 230, 2, 'active', 2, 'M Topup', 789, 'Telcel Mexico', 'Telcel Mexico', 1, 201446, 'Telcel Mexico - $17', NULL, '201446', '1700', '1700', '{\"RefNo\":{\"Title\":\"Phone Number\",\"TxReference\":\"yes\",\"Pattern\":\"L15bMC05XSokLw==\",\"MinLength\":\"1\",\"MaxLength\":\"25\"}}', '{\"Email\":\"\",\"Phone\":\"\"}', '0', '', 'true', 'Percentage', '0', NULL, '2022-07-16 20:57:33', '2022-07-16 20:57:33', NULL),
(512, 'top-up', 'Telcel Mexico - $22', 'Telcel Mexico', '', '22', 230, 2, 'active', 2, 'M Topup', 789, 'Telcel Mexico', 'Telcel Mexico', 1, 201447, 'Telcel Mexico - $22', NULL, '201447', '2200', '2200', '{\"RefNo\":{\"Title\":\"Phone Number\",\"TxReference\":\"yes\",\"Pattern\":\"L15bMC05XSokLw==\",\"MinLength\":\"1\",\"MaxLength\":\"25\"}}', '{\"Email\":\"\",\"Phone\":\"\"}', '0', '', 'true', 'Percentage', '0', NULL, '2022-07-16 20:57:33', '2022-07-16 20:57:33', NULL),
(513, 'top-up', 'Telcel Mexico - $33', 'Telcel Mexico', '', '33', 230, 2, 'active', 2, 'M Topup', 789, 'Telcel Mexico', 'Telcel Mexico', 1, 201448, 'Telcel Mexico - $33', NULL, '201448', '3300', '3300', '{\"RefNo\":{\"Title\":\"Phone Number\",\"TxReference\":\"yes\",\"Pattern\":\"L15bMC05XSokLw==\",\"MinLength\":\"1\",\"MaxLength\":\"25\"}}', '{\"Email\":\"\",\"Phone\":\"\"}', '0', '', 'true', 'Percentage', '0', NULL, '2022-07-16 20:57:33', '2022-07-16 20:57:33', NULL),
(514, 'top-up', 'Telcel Mexico - $55', 'Telcel Mexico', '', '55', 230, 2, 'active', 2, 'M Topup', 789, 'Telcel Mexico', 'Telcel Mexico', 1, 201449, 'Telcel Mexico - $55', NULL, '201449', '5500', '5500', '{\"RefNo\":{\"Title\":\"Phone Number\",\"TxReference\":\"yes\",\"Pattern\":\"L15bMC05XSokLw==\",\"MinLength\":\"1\",\"MaxLength\":\"25\"}}', '{\"Email\":\"\",\"Phone\":\"\"}', '0', '', 'true', 'Percentage', '0', NULL, '2022-07-16 20:57:33', '2022-07-16 20:57:33', NULL),
(515, 'top-up', 'Telcel Mexico MX - 5', 'Telcel Mexico MX', '', '5', 231, 9, 'active', 2, 'M Topup', 943, 'Telcel Mexico MX', 'Telcel Mexico MX', 1, 201879, 'Telcel Mexico MX - 5', NULL, '201879', '500', '500', '{\"RefNo\":{\"Title\":\"Phone Number\",\"TxReference\":\"yes\",\"Pattern\":\"L15bMC05XSokLw==\",\"MinLength\":\"1\",\"MaxLength\":\"25\"}}', '{\"Email\":\"\",\"Phone\":\"\"}', '0', '', 'true', 'Fix Amount', '0', NULL, '2022-07-16 20:57:33', '2022-07-16 20:57:33', NULL),
(516, 'top-up', 'Tele2 Lithuania - $10', 'Tele2 Lithuania', '', '10', 232, 132, 'active', 2, 'M Topup', 805, 'Tele2 Lithuania', 'Tele2 Lithuania', 1, 201422, 'Tele2 Lithuania - $10', NULL, '201422', '1000', '1000', '{\"RefNo\":{\"Title\":\"Phone Number\",\"TxReference\":\"yes\",\"Pattern\":\"L15bMC05XSokLw==\",\"MinLength\":\"1\",\"MaxLength\":\"25\"}}', '{\"Email\":\"\",\"Phone\":\"\"}', '0', '', 'true', 'Percentage', '0', NULL, '2022-07-16 20:57:33', '2022-07-16 20:57:33', NULL),
(517, 'top-up', 'Tele2 Lithuania - $20', 'Tele2 Lithuania', '', '20', 232, 132, 'active', 2, 'M Topup', 805, 'Tele2 Lithuania', 'Tele2 Lithuania', 1, 201423, 'Tele2 Lithuania - $20', NULL, '201423', '2000', '2000', '{\"RefNo\":{\"Title\":\"Phone Number\",\"TxReference\":\"yes\",\"Pattern\":\"L15bMC05XSokLw==\",\"MinLength\":\"1\",\"MaxLength\":\"25\"}}', '{\"Email\":\"\",\"Phone\":\"\"}', '0', '', 'true', 'Percentage', '0', NULL, '2022-07-16 20:57:33', '2022-07-16 20:57:33', NULL),
(518, 'top-up', 'Tele2 Russia - $6', 'Tele2 Russia', '', '6', 233, 186, 'active', 2, 'M Topup', 754, 'Tele2 Russia', 'Tele2 Russia', 1, 201577, 'Tele2 Russia - $6', NULL, '201577', '600', '600', '{\"RefNo\":{\"Title\":\"Phone Number\",\"TxReference\":\"yes\",\"Pattern\":\"L15bMC05XSokLw==\",\"MinLength\":\"1\",\"MaxLength\":\"25\"}}', '{\"Email\":\"\",\"Phone\":\"\"}', '0', '', 'true', 'Percentage', '0', NULL, '2022-07-16 20:57:33', '2022-07-16 20:57:33', NULL),
(519, 'top-up', 'Tele2 Russia - $12', 'Tele2 Russia', '', '12', 233, 186, 'active', 2, 'M Topup', 754, 'Tele2 Russia', 'Tele2 Russia', 1, 201578, 'Tele2 Russia - $12', NULL, '201578', '1200', '1200', '{\"RefNo\":{\"Title\":\"Phone Number\",\"TxReference\":\"yes\",\"Pattern\":\"L15bMC05XSokLw==\",\"MinLength\":\"1\",\"MaxLength\":\"25\"}}', '{\"Email\":\"\",\"Phone\":\"\"}', '0', '', 'true', 'Percentage', '0', NULL, '2022-07-16 20:57:33', '2022-07-16 20:57:33', NULL),
(520, 'top-up', 'Tele2 Russia - $24', 'Tele2 Russia', '', '24', 233, 186, 'active', 2, 'M Topup', 754, 'Tele2 Russia', 'Tele2 Russia', 1, 201579, 'Tele2 Russia - $24', NULL, '201579', '2400', '2400', '{\"RefNo\":{\"Title\":\"Phone Number\",\"TxReference\":\"yes\",\"Pattern\":\"L15bMC05XSokLw==\",\"MinLength\":\"1\",\"MaxLength\":\"25\"}}', '{\"Email\":\"\",\"Phone\":\"\"}', '0', '', 'true', 'Percentage', '0', NULL, '2022-07-16 20:57:33', '2022-07-16 20:57:33', NULL),
(521, 'top-up', 'Telecel Zimbabwe - $6', 'Telecel Zimbabwe', '', '6', 234, 249, 'active', 2, 'M Topup', 660, 'Telecel Zimbabwe', 'Telecel Zimbabwe', 1, 201712, 'Telecel Zimbabwe - $6', NULL, '201712', '600', '600', '{\"RefNo\":{\"Title\":\"Phone Number\",\"TxReference\":\"yes\",\"Pattern\":\"L15bMC05XSokLw==\",\"MinLength\":\"1\",\"MaxLength\":\"25\"}}', '{\"Email\":\"\",\"Phone\":\"\"}', '0', '', 'true', 'Percentage', '0', NULL, '2022-07-16 20:57:33', '2022-07-16 20:57:33', NULL),
(522, 'top-up', 'Telecel Zimbabwe - $12', 'Telecel Zimbabwe', '', '12', 234, 249, 'active', 2, 'M Topup', 660, 'Telecel Zimbabwe', 'Telecel Zimbabwe', 1, 201713, 'Telecel Zimbabwe - $12', NULL, '201713', '1200', '1200', '{\"RefNo\":{\"Title\":\"Phone Number\",\"TxReference\":\"yes\",\"Pattern\":\"L15bMC05XSokLw==\",\"MinLength\":\"1\",\"MaxLength\":\"25\"}}', '{\"Email\":\"\",\"Phone\":\"\"}', '0', '', 'true', 'Percentage', '0', NULL, '2022-07-16 20:57:33', '2022-07-16 20:57:33', NULL),
(523, 'top-up', 'Telecel Zimbabwe - $18', 'Telecel Zimbabwe', '', '18', 234, 249, 'active', 2, 'M Topup', 660, 'Telecel Zimbabwe', 'Telecel Zimbabwe', 1, 201714, 'Telecel Zimbabwe - $18', NULL, '201714', '1800', '1800', '{\"RefNo\":{\"Title\":\"Phone Number\",\"TxReference\":\"yes\",\"Pattern\":\"L15bMC05XSokLw==\",\"MinLength\":\"1\",\"MaxLength\":\"25\"}}', '{\"Email\":\"\",\"Phone\":\"\"}', '0', '', 'true', 'Percentage', '0', NULL, '2022-07-16 20:57:33', '2022-07-16 20:57:33', NULL),
(524, 'top-up', 'Telenor Pakistan - $7', 'Telenor Pakistan', '', '7', 235, 171, 'active', 2, 'M Topup', 833, 'Telenor Pakistan', 'Telenor Pakistan', 1, 201499, 'Telenor Pakistan - $7', NULL, '201499', '700', '700', '{\"RefNo\":{\"Title\":\"Phone Number\",\"TxReference\":\"yes\",\"Pattern\":\"L15bMC05XSokLw==\",\"MinLength\":\"1\",\"MaxLength\":\"25\"}}', '{\"Email\":\"\",\"Phone\":\"\"}', '0', '', 'true', 'Percentage', '0', NULL, '2022-07-16 20:57:33', '2022-07-16 20:57:33', NULL),
(525, 'top-up', 'Telenor Pakistan - $14', 'Telenor Pakistan', '', '14', 235, 171, 'active', 2, 'M Topup', 833, 'Telenor Pakistan', 'Telenor Pakistan', 1, 201500, 'Telenor Pakistan - $14', NULL, '201500', '1400', '1400', '{\"RefNo\":{\"Title\":\"Phone Number\",\"TxReference\":\"yes\",\"Pattern\":\"L15bMC05XSokLw==\",\"MinLength\":\"1\",\"MaxLength\":\"25\"}}', '{\"Email\":\"\",\"Phone\":\"\"}', '0', '', 'true', 'Percentage', '0', NULL, '2022-07-16 20:57:33', '2022-07-16 20:57:33', NULL),
(526, 'top-up', 'Telenor Pakistan - $21', 'Telenor Pakistan', '', '21', 235, 171, 'active', 2, 'M Topup', 833, 'Telenor Pakistan', 'Telenor Pakistan', 1, 201501, 'Telenor Pakistan - $21', NULL, '201501', '2100', '2100', '{\"RefNo\":{\"Title\":\"Phone Number\",\"TxReference\":\"yes\",\"Pattern\":\"L15bMC05XSokLw==\",\"MinLength\":\"1\",\"MaxLength\":\"25\"}}', '{\"Email\":\"\",\"Phone\":\"\"}', '0', '', 'true', 'Percentage', '0', NULL, '2022-07-16 20:57:33', '2022-07-16 20:57:33', NULL),
(527, 'top-up', 'Telenor Serbia - $6', 'Telenor Serbia', '', '6', 236, 200, 'active', 2, 'M Topup', 775, 'Telenor Serbia', 'Telenor Serbia', 1, 201590, 'Telenor Serbia - $6', NULL, '201590', '600', '600', '{\"RefNo\":{\"Title\":\"Phone Number\",\"TxReference\":\"yes\",\"Pattern\":\"L15bMC05XSokLw==\",\"MinLength\":\"1\",\"MaxLength\":\"25\"}}', '{\"Email\":\"\",\"Phone\":\"\"}', '0', '', 'true', 'Percentage', '0', NULL, '2022-07-16 20:57:33', '2022-07-16 20:57:33', NULL),
(528, 'top-up', 'Telenor Serbia - $12', 'Telenor Serbia', '', '12', 236, 200, 'active', 2, 'M Topup', 775, 'Telenor Serbia', 'Telenor Serbia', 1, 201591, 'Telenor Serbia - $12', NULL, '201591', '1200', '1200', '{\"RefNo\":{\"Title\":\"Phone Number\",\"TxReference\":\"yes\",\"Pattern\":\"L15bMC05XSokLw==\",\"MinLength\":\"1\",\"MaxLength\":\"25\"}}', '{\"Email\":\"\",\"Phone\":\"\"}', '0', '', 'true', 'Percentage', '0', NULL, '2022-07-16 20:57:33', '2022-07-16 20:57:33', NULL),
(529, 'top-up', 'Teletalk Bangladesh - $6', 'Teletalk Bangladesh', '', '6', 237, 7, 'active', 2, 'M Topup', 641, 'Teletalk Bangladesh', 'Teletalk Bangladesh', 1, 201132, 'Teletalk Bangladesh - $6', NULL, '201132', '600', '600', '{\"RefNo\":{\"Title\":\"Phone Number\",\"TxReference\":\"yes\",\"Pattern\":\"L15bMC05XSokLw==\",\"MinLength\":\"1\",\"MaxLength\":\"25\"}}', '{\"Email\":\"\",\"Phone\":\"\"}', '0', '', 'true', 'Percentage', '0', NULL, '2022-07-16 20:57:33', '2022-07-16 20:57:33', NULL),
(530, 'top-up', 'Teletalk Bangladesh - $8', 'Teletalk Bangladesh', '', '8', 237, 7, 'active', 2, 'M Topup', 641, 'Teletalk Bangladesh', 'Teletalk Bangladesh', 1, 201133, 'Teletalk Bangladesh - $8', NULL, '201133', '800', '800', '{\"RefNo\":{\"Title\":\"Phone Number\",\"TxReference\":\"yes\",\"Pattern\":\"L15bMC05XSokLw==\",\"MinLength\":\"1\",\"MaxLength\":\"25\"}}', '{\"Email\":\"\",\"Phone\":\"\"}', '0', '', 'true', 'Percentage', '0', NULL, '2022-07-16 20:57:33', '2022-07-16 20:57:33', NULL),
(531, 'top-up', 'Telkom Flexi Indonesia - $7', 'Telkom Flexi Indonesia', '', '7', 238, 109, 'active', 2, 'M Topup', 692, 'Telkom Flexi Indonesia', 'Telkom Flexi Indonesia', 1, 201358, 'Telkom Flexi Indonesia - $7', NULL, '201358', '700', '700', '{\"RefNo\":{\"Title\":\"Phone Number\",\"TxReference\":\"yes\",\"Pattern\":\"L15bMC05XSokLw==\",\"MinLength\":\"1\",\"MaxLength\":\"25\"}}', '{\"Email\":\"\",\"Phone\":\"\"}', '0', '', 'true', 'Percentage', '0', NULL, '2022-07-16 20:57:33', '2022-07-16 20:57:33', NULL),
(532, 'top-up', 'Telkom Flexi Indonesia - $14', 'Telkom Flexi Indonesia', '', '14', 238, 109, 'active', 2, 'M Topup', 692, 'Telkom Flexi Indonesia', 'Telkom Flexi Indonesia', 1, 201359, 'Telkom Flexi Indonesia - $14', NULL, '201359', '1400', '1400', '{\"RefNo\":{\"Title\":\"Phone Number\",\"TxReference\":\"yes\",\"Pattern\":\"L15bMC05XSokLw==\",\"MinLength\":\"1\",\"MaxLength\":\"25\"}}', '{\"Email\":\"\",\"Phone\":\"\"}', '0', '', 'true', 'Percentage', '0', NULL, '2022-07-16 20:57:33', '2022-07-16 20:57:33', NULL),
(533, 'top-up', 'Telkomsel Kartu AS Indonesia - $7', 'Telkomsel Kartu AS Indonesia', '', '7', 239, 109, 'active', 2, 'M Topup', 696, 'Telkomsel Kartu AS Indonesia', 'Telkomsel Kartu AS Indonesia', 1, 201360, 'Telkomsel Kartu AS Indonesia - $7', NULL, '201360', '700', '700', '{\"RefNo\":{\"Title\":\"Phone Number\",\"TxReference\":\"yes\",\"Pattern\":\"L15bMC05XSokLw==\",\"MinLength\":\"1\",\"MaxLength\":\"25\"}}', '{\"Email\":\"\",\"Phone\":\"\"}', '0', '', 'true', 'Percentage', '0', NULL, '2022-07-16 20:57:33', '2022-07-16 20:57:33', NULL),
(534, 'top-up', 'Telkomsel Kartu AS Indonesia - $14', 'Telkomsel Kartu AS Indonesia', '', '14', 239, 109, 'active', 2, 'M Topup', 696, 'Telkomsel Kartu AS Indonesia', 'Telkomsel Kartu AS Indonesia', 1, 201361, 'Telkomsel Kartu AS Indonesia - $14', NULL, '201361', '1400', '1400', '{\"RefNo\":{\"Title\":\"Phone Number\",\"TxReference\":\"yes\",\"Pattern\":\"L15bMC05XSokLw==\",\"MinLength\":\"1\",\"MaxLength\":\"25\"}}', '{\"Email\":\"\",\"Phone\":\"\"}', '0', '', 'true', 'Percentage', '0', NULL, '2022-07-16 20:57:33', '2022-07-16 20:57:33', NULL),
(535, 'top-up', 'Telkomsel Simpati Indonesia - $7', 'Telkomsel Simpati Indonesia', '', '7', 240, 109, 'active', 2, 'M Topup', 701, 'Telkomsel Simpati Indonesia', 'Telkomsel Simpati Indonesia', 1, 201362, 'Telkomsel Simpati Indonesia - $7', NULL, '201362', '700', '700', '{\"RefNo\":{\"Title\":\"Phone Number\",\"TxReference\":\"yes\",\"Pattern\":\"L15bMC05XSokLw==\",\"MinLength\":\"1\",\"MaxLength\":\"25\"}}', '{\"Email\":\"\",\"Phone\":\"\"}', '0', '', 'true', 'Percentage', '0', NULL, '2022-07-16 20:57:33', '2022-07-16 20:57:33', NULL),
(536, 'top-up', 'Telkomsel Simpati Indonesia - $14', 'Telkomsel Simpati Indonesia', '', '14', 240, 109, 'active', 2, 'M Topup', 701, 'Telkomsel Simpati Indonesia', 'Telkomsel Simpati Indonesia', 1, 201363, 'Telkomsel Simpati Indonesia - $14', NULL, '201363', '1400', '1400', '{\"RefNo\":{\"Title\":\"Phone Number\",\"TxReference\":\"yes\",\"Pattern\":\"L15bMC05XSokLw==\",\"MinLength\":\"1\",\"MaxLength\":\"25\"}}', '{\"Email\":\"\",\"Phone\":\"\"}', '0', '', 'true', 'Percentage', '0', NULL, '2022-07-16 20:57:33', '2022-07-16 20:57:33', NULL),
(537, 'top-up', 'Test API ', 'Test API', '', '1', 241, 75, 'active', 2, 'M Topup', 381, 'Test API', 'Test API', 0, 100154, 'Test API ', '', '100154', '100', '7000', '{\"RefNo\":{\"Title\":\"Phone Number\",\"TxReference\":\"yes\",\"Pattern\":\"L15bMC05XSokLw==\",\"MinLength\":\"1\",\"MaxLength\":\"25\"}}', '{\"Email\":\"\",\"Phone\":\"\"}', '0', '', 'true', 'Fix Amount', '0', NULL, '2022-07-16 20:57:33', '2022-07-16 20:57:33', NULL),
(538, 'top-up', 'Tigo Bolivia - $6', 'Tigo Bolivia (New)', '', '6', 242, 34, 'active', 2, 'M Topup', 645, 'Tigo Bolivia (New)', 'Tigo Bolivia (New)', 1, 201143, 'Tigo Bolivia - $6', NULL, '201143', '600', '600', '{\"RefNo\":{\"Title\":\"Phone Number\",\"TxReference\":\"yes\",\"Pattern\":\"L15bMC05XSokLw==\",\"MinLength\":\"1\",\"MaxLength\":\"25\"}}', '{\"Email\":\"\",\"Phone\":\"\"}', '0', '', 'true', 'Percentage', '0', NULL, '2022-07-16 20:57:33', '2022-07-16 20:57:33', NULL),
(539, 'top-up', 'Tigo Bolivia - $10', 'Tigo Bolivia (New)', '', '10', 242, 34, 'active', 2, 'M Topup', 645, 'Tigo Bolivia (New)', 'Tigo Bolivia (New)', 1, 201144, 'Tigo Bolivia - $10', NULL, '201144', '1000', '1000', '{\"RefNo\":{\"Title\":\"Phone Number\",\"TxReference\":\"yes\",\"Pattern\":\"L15bMC05XSokLw==\",\"MinLength\":\"1\",\"MaxLength\":\"25\"}}', '{\"Email\":\"\",\"Phone\":\"\"}', '0', '', 'true', 'Percentage', '0', NULL, '2022-07-16 20:57:33', '2022-07-16 20:57:33', NULL),
(540, 'top-up', 'Tigo Bolivia - $20', 'Tigo Bolivia (New)', '', '20', 242, 34, 'active', 2, 'M Topup', 645, 'Tigo Bolivia (New)', 'Tigo Bolivia (New)', 1, 201145, 'Tigo Bolivia - $20', NULL, '201145', '2000', '2000', '{\"RefNo\":{\"Title\":\"Phone Number\",\"TxReference\":\"yes\",\"Pattern\":\"L15bMC05XSokLw==\",\"MinLength\":\"1\",\"MaxLength\":\"25\"}}', '{\"Email\":\"\",\"Phone\":\"\"}', '0', '', 'true', 'Percentage', '0', NULL, '2022-07-16 20:57:33', '2022-07-16 20:57:33', NULL),
(541, 'top-up', 'Tigo Colombia - $5', 'Tigo Colombia (New)', '', '5', 243, 59, 'active', 2, 'M Topup', 673, 'Tigo Colombia (New)', 'Tigo Colombia (New)', 1, 201209, 'Tigo Colombia - $5', NULL, '201209', '500', '500', '{\"RefNo\":{\"Title\":\"Phone Number\",\"TxReference\":\"yes\",\"Pattern\":\"L15bMC05XSokLw==\",\"MinLength\":\"1\",\"MaxLength\":\"25\"}}', '{\"Email\":\"\",\"Phone\":\"\"}', '0', '', 'true', 'Percentage', '0', NULL, '2022-07-16 20:57:33', '2022-07-16 20:57:33', NULL),
(542, 'top-up', 'Tigo Colombia - $10', 'Tigo Colombia (New)', '', '10', 243, 59, 'active', 2, 'M Topup', 673, 'Tigo Colombia (New)', 'Tigo Colombia (New)', 1, 201210, 'Tigo Colombia - $10', NULL, '201210', '1000', '1000', '{\"RefNo\":{\"Title\":\"Phone Number\",\"TxReference\":\"yes\",\"Pattern\":\"L15bMC05XSokLw==\",\"MinLength\":\"1\",\"MaxLength\":\"25\"}}', '{\"Email\":\"\",\"Phone\":\"\"}', '0', '', 'true', 'Percentage', '0', NULL, '2022-07-16 20:57:33', '2022-07-16 20:57:33', NULL),
(543, 'top-up', 'Tigo El Salvador - $6', 'Tigo El Salvador (New)', '', '6', 244, 75, 'active', 2, 'M Topup', 704, 'Tigo El Salvador (New)', 'Tigo El Salvador (New)', 1, 201262, 'Tigo El Salvador - $6', NULL, '201262', '600', '600', '{\"RefNo\":{\"Title\":\"Phone Number\",\"TxReference\":\"yes\",\"Pattern\":\"L15bMC05XSokLw==\",\"MinLength\":\"1\",\"MaxLength\":\"25\"}}', '{\"Email\":\"\",\"Phone\":\"\"}', '0', '', 'true', 'Percentage', '0', NULL, '2022-07-16 20:57:33', '2022-07-16 20:57:33', NULL),
(544, 'top-up', 'Tigo El Salvador - $7', 'Tigo El Salvador (New)', '', '7', 244, 75, 'active', 2, 'M Topup', 704, 'Tigo El Salvador (New)', 'Tigo El Salvador (New)', 1, 201263, 'Tigo El Salvador - $7', NULL, '201263', '700', '700', '{\"RefNo\":{\"Title\":\"Phone Number\",\"TxReference\":\"yes\",\"Pattern\":\"L15bMC05XSokLw==\",\"MinLength\":\"1\",\"MaxLength\":\"25\"}}', '{\"Email\":\"\",\"Phone\":\"\"}', '0', '', 'true', 'Percentage', '0', NULL, '2022-07-16 20:57:33', '2022-07-16 20:57:33', NULL),
(545, 'top-up', 'Tigo El Salvador - $10', 'Tigo El Salvador (New)', '', '10', 244, 75, 'active', 2, 'M Topup', 704, 'Tigo El Salvador (New)', 'Tigo El Salvador (New)', 1, 201264, 'Tigo El Salvador - $10', NULL, '201264', '1000', '1000', '{\"RefNo\":{\"Title\":\"Phone Number\",\"TxReference\":\"yes\",\"Pattern\":\"L15bMC05XSokLw==\",\"MinLength\":\"1\",\"MaxLength\":\"25\"}}', '{\"Email\":\"\",\"Phone\":\"\"}', '0', '', 'true', 'Percentage', '0', NULL, '2022-07-16 20:57:33', '2022-07-16 20:57:33', NULL),
(546, 'top-up', 'Tigo El Salvador - $12', 'Tigo El Salvador (New)', '', '12', 244, 75, 'active', 2, 'M Topup', 704, 'Tigo El Salvador (New)', 'Tigo El Salvador (New)', 1, 201265, 'Tigo El Salvador - $12', NULL, '201265', '1200', '1200', '{\"RefNo\":{\"Title\":\"Phone Number\",\"TxReference\":\"yes\",\"Pattern\":\"L15bMC05XSokLw==\",\"MinLength\":\"1\",\"MaxLength\":\"25\"}}', '{\"Email\":\"\",\"Phone\":\"\"}', '0', '', 'true', 'Percentage', '0', NULL, '2022-07-16 20:57:33', '2022-07-16 20:57:33', NULL),
(547, 'top-up', 'Tigo Ghana - $0.6', 'Tigo Ghana New', '', '0.6', 245, 91, 'active', 2, 'M Topup', 725, 'Tigo Ghana New', 'Tigo Ghana New', 1, 201290, 'Tigo Ghana - $0.6', NULL, '201290', '60', '60', '{\"RefNo\":{\"Title\":\"Phone Number\",\"TxReference\":\"yes\",\"Pattern\":\"L15bMC05XSokLw==\",\"MinLength\":\"1\",\"MaxLength\":\"25\"}}', '{\"Email\":\"\",\"Phone\":\"\"}', '0', '', 'true', 'Percentage', '0', NULL, '2022-07-16 20:57:33', '2022-07-16 20:57:33', NULL),
(548, 'top-up', 'Tigo Ghana - $7', 'Tigo Ghana New', '', '7', 245, 91, 'active', 2, 'M Topup', 725, 'Tigo Ghana New', 'Tigo Ghana New', 1, 201291, 'Tigo Ghana - $7', NULL, '201291', '700', '700', '{\"RefNo\":{\"Title\":\"Phone Number\",\"TxReference\":\"yes\",\"Pattern\":\"L15bMC05XSokLw==\",\"MinLength\":\"1\",\"MaxLength\":\"25\"}}', '{\"Email\":\"\",\"Phone\":\"\"}', '0', '', 'true', 'Percentage', '0', NULL, '2022-07-16 20:57:33', '2022-07-16 20:57:33', NULL),
(549, 'top-up', 'Tigo Ghana - $10', 'Tigo Ghana New', '', '10', 245, 91, 'active', 2, 'M Topup', 725, 'Tigo Ghana New', 'Tigo Ghana New', 1, 201292, 'Tigo Ghana - $10', NULL, '201292', '1000', '1000', '{\"RefNo\":{\"Title\":\"Phone Number\",\"TxReference\":\"yes\",\"Pattern\":\"L15bMC05XSokLw==\",\"MinLength\":\"1\",\"MaxLength\":\"25\"}}', '{\"Email\":\"\",\"Phone\":\"\"}', '0', '', 'true', 'Percentage', '0', NULL, '2022-07-16 20:57:33', '2022-07-16 20:57:33', NULL),
(550, 'top-up', 'Tigo Guatemala - $7', 'Tigo Guatemala', '', '7', 246, 98, 'active', 2, 'M Topup', 731, 'Tigo Guatemala', 'Tigo Guatemala', 1, 201298, 'Tigo Guatemala - $7', NULL, '201298', '700', '700', '{\"RefNo\":{\"Title\":\"Phone Number\",\"TxReference\":\"yes\",\"Pattern\":\"L15bMC05XSokLw==\",\"MinLength\":\"1\",\"MaxLength\":\"25\"}}', '{\"Email\":\"\",\"Phone\":\"\"}', '0', '', 'true', 'Percentage', '0', NULL, '2022-07-16 20:57:33', '2022-07-16 20:57:33', NULL),
(551, 'top-up', 'Tigo Guatemala - $14', 'Tigo Guatemala', '', '14', 246, 98, 'active', 2, 'M Topup', 731, 'Tigo Guatemala', 'Tigo Guatemala', 1, 201300, 'Tigo Guatemala - $14', NULL, '201300', '1400', '1400', '{\"RefNo\":{\"Title\":\"Phone Number\",\"TxReference\":\"yes\",\"Pattern\":\"L15bMC05XSokLw==\",\"MinLength\":\"1\",\"MaxLength\":\"25\"}}', '{\"Email\":\"\",\"Phone\":\"\"}', '0', '', 'true', 'Percentage', '0', NULL, '2022-07-16 20:57:33', '2022-07-16 20:57:33', NULL),
(552, 'top-up', 'Tigo Honduras - $5', 'Tigo Honduras New', '', '5', 247, 105, 'active', 2, 'M Topup', 744, 'Tigo Honduras New', 'Tigo Honduras New', 1, 201311, 'Tigo Honduras - $5', NULL, '201311', '500', '500', '{\"RefNo\":{\"Title\":\"Phone Number\",\"TxReference\":\"yes\",\"Pattern\":\"L15bMC05XSokLw==\",\"MinLength\":\"1\",\"MaxLength\":\"25\"}}', '{\"Email\":\"\",\"Phone\":\"\"}', '0', '', 'true', 'Percentage', '0', NULL, '2022-07-16 20:57:33', '2022-07-16 20:57:33', NULL),
(553, 'top-up', 'Tigo Honduras - $6', 'Tigo Honduras New', '', '6', 247, 105, 'active', 2, 'M Topup', 744, 'Tigo Honduras New', 'Tigo Honduras New', 1, 201307, 'Tigo Honduras - $6', NULL, '201307', '600', '600', '{\"RefNo\":{\"Title\":\"Phone Number\",\"TxReference\":\"yes\",\"Pattern\":\"L15bMC05XSokLw==\",\"MinLength\":\"1\",\"MaxLength\":\"25\"}}', '{\"Email\":\"\",\"Phone\":\"\"}', '0', '', 'true', 'Percentage', '0', NULL, '2022-07-16 20:57:33', '2022-07-16 20:57:33', NULL),
(554, 'top-up', 'Tigo Honduras - $7', 'Tigo Honduras New', '', '7', 247, 105, 'active', 2, 'M Topup', 744, 'Tigo Honduras New', 'Tigo Honduras New', 1, 201308, 'Tigo Honduras - $7', NULL, '201308', '700', '700', '{\"RefNo\":{\"Title\":\"Phone Number\",\"TxReference\":\"yes\",\"Pattern\":\"L15bMC05XSokLw==\",\"MinLength\":\"1\",\"MaxLength\":\"25\"}}', '{\"Email\":\"\",\"Phone\":\"\"}', '0', '', 'true', 'Percentage', '0', NULL, '2022-07-16 20:57:33', '2022-07-16 20:57:33', NULL),
(555, 'top-up', 'Tigo Honduras - $10', 'Tigo Honduras New', '', '10', 247, 105, 'active', 2, 'M Topup', 744, 'Tigo Honduras New', 'Tigo Honduras New', 1, 201309, 'Tigo Honduras - $10', NULL, '201309', '1000', '1000', '{\"RefNo\":{\"Title\":\"Phone Number\",\"TxReference\":\"yes\",\"Pattern\":\"L15bMC05XSokLw==\",\"MinLength\":\"1\",\"MaxLength\":\"25\"}}', '{\"Email\":\"\",\"Phone\":\"\"}', '0', '', 'true', 'Percentage', '0', NULL, '2022-07-16 20:57:33', '2022-07-16 20:57:33', NULL),
(556, 'top-up', 'Tigo Honduras - $12', 'Tigo Honduras New', '', '12', 247, 105, 'active', 2, 'M Topup', 744, 'Tigo Honduras New', 'Tigo Honduras New', 1, 201310, 'Tigo Honduras - $12', NULL, '201310', '1200', '1200', '{\"RefNo\":{\"Title\":\"Phone Number\",\"TxReference\":\"yes\",\"Pattern\":\"L15bMC05XSokLw==\",\"MinLength\":\"1\",\"MaxLength\":\"25\"}}', '{\"Email\":\"\",\"Phone\":\"\"}', '0', '', 'true', 'Percentage', '0', NULL, '2022-07-16 20:57:33', '2022-07-16 20:57:33', NULL),
(557, 'top-up', 'Tigo Laos - $8', 'Tigo Laos', '', '8', 248, 125, 'active', 2, 'M Topup', 788, 'Tigo Laos', 'Tigo Laos', 1, 201414, 'Tigo Laos - $8', NULL, '201414', '800', '800', '{\"RefNo\":{\"Title\":\"Phone Number\",\"TxReference\":\"yes\",\"Pattern\":\"L15bMC05XSokLw==\",\"MinLength\":\"1\",\"MaxLength\":\"25\"}}', '{\"Email\":\"\",\"Phone\":\"\"}', '0', '', 'true', 'Percentage', '0', NULL, '2022-07-16 20:57:33', '2022-07-16 20:57:33', NULL),
(558, 'top-up', 'Tigo Laos - $16', 'Tigo Laos', '', '16', 248, 125, 'active', 2, 'M Topup', 788, 'Tigo Laos', 'Tigo Laos', 1, 201415, 'Tigo Laos - $16', NULL, '201415', '1600', '1600', '{\"RefNo\":{\"Title\":\"Phone Number\",\"TxReference\":\"yes\",\"Pattern\":\"L15bMC05XSokLw==\",\"MinLength\":\"1\",\"MaxLength\":\"25\"}}', '{\"Email\":\"\",\"Phone\":\"\"}', '0', '', 'true', 'Percentage', '0', NULL, '2022-07-16 20:57:33', '2022-07-16 20:57:33', NULL),
(559, 'top-up', 'Tigo Paraguay - $6', 'Tigo Paraguay', '', '6', 249, 176, 'active', 2, 'M Topup', 840, 'Tigo Paraguay', 'Tigo Paraguay', 1, 201519, 'Tigo Paraguay - $6', NULL, '201519', '600', '600', '{\"RefNo\":{\"Title\":\"Phone Number\",\"TxReference\":\"yes\",\"Pattern\":\"L15bMC05XSokLw==\",\"MinLength\":\"1\",\"MaxLength\":\"25\"}}', '{\"Email\":\"\",\"Phone\":\"\"}', '0', '', 'true', 'Percentage', '0', NULL, '2022-07-16 20:57:33', '2022-07-16 20:57:33', NULL),
(560, 'top-up', 'Tigo Paraguay - $10', 'Tigo Paraguay', '', '10', 249, 176, 'active', 2, 'M Topup', 840, 'Tigo Paraguay', 'Tigo Paraguay', 1, 201520, 'Tigo Paraguay - $10', NULL, '201520', '1000', '1000', '{\"RefNo\":{\"Title\":\"Phone Number\",\"TxReference\":\"yes\",\"Pattern\":\"L15bMC05XSokLw==\",\"MinLength\":\"1\",\"MaxLength\":\"25\"}}', '{\"Email\":\"\",\"Phone\":\"\"}', '0', '', 'true', 'Percentage', '0', NULL, '2022-07-16 20:57:33', '2022-07-16 20:57:33', NULL),
(561, 'top-up', 'Tigo Paraguay - $20', 'Tigo Paraguay', '', '20', 249, 176, 'active', 2, 'M Topup', 840, 'Tigo Paraguay', 'Tigo Paraguay', 1, 201521, 'Tigo Paraguay - $20', NULL, '201521', '2000', '2000', '{\"RefNo\":{\"Title\":\"Phone Number\",\"TxReference\":\"yes\",\"Pattern\":\"L15bMC05XSokLw==\",\"MinLength\":\"1\",\"MaxLength\":\"25\"}}', '{\"Email\":\"\",\"Phone\":\"\"}', '0', '', 'true', 'Percentage', '0', NULL, '2022-07-16 20:57:33', '2022-07-16 20:57:33', NULL),
(562, 'top-up', 'Tigo Rwanda - $6', 'Tigo Rwanda', '', '6', 250, 187, 'active', 2, 'M Topup', 761, 'Tigo Rwanda', 'Tigo Rwanda', 1, 201583, 'Tigo Rwanda - $6', NULL, '201583', '600', '600', '{\"RefNo\":{\"Title\":\"Phone Number\",\"TxReference\":\"yes\",\"Pattern\":\"L15bMC05XSokLw==\",\"MinLength\":\"1\",\"MaxLength\":\"25\"}}', '{\"Email\":\"\",\"Phone\":\"\"}', '0', '', 'true', 'Percentage', '0', NULL, '2022-07-16 20:57:33', '2022-07-16 20:57:33', NULL),
(563, 'top-up', 'Tigo Rwanda - $10', 'Tigo Rwanda', '', '10', 250, 187, 'active', 2, 'M Topup', 761, 'Tigo Rwanda', 'Tigo Rwanda', 1, 201584, 'Tigo Rwanda - $10', NULL, '201584', '1000', '1000', '{\"RefNo\":{\"Title\":\"Phone Number\",\"TxReference\":\"yes\",\"Pattern\":\"L15bMC05XSokLw==\",\"MinLength\":\"1\",\"MaxLength\":\"25\"}}', '{\"Email\":\"\",\"Phone\":\"\"}', '0', '', 'true', 'Percentage', '0', NULL, '2022-07-16 20:57:33', '2022-07-16 20:57:33', NULL),
(564, 'top-up', 'Tigo Rwanda - $20', 'Tigo Rwanda', '', '20', 250, 187, 'active', 2, 'M Topup', 761, 'Tigo Rwanda', 'Tigo Rwanda', 1, 201585, 'Tigo Rwanda - $20', NULL, '201585', '2000', '2000', '{\"RefNo\":{\"Title\":\"Phone Number\",\"TxReference\":\"yes\",\"Pattern\":\"L15bMC05XSokLw==\",\"MinLength\":\"1\",\"MaxLength\":\"25\"}}', '{\"Email\":\"\",\"Phone\":\"\"}', '0', '', 'true', 'Percentage', '0', NULL, '2022-07-16 20:57:33', '2022-07-16 20:57:33', NULL),
(565, 'top-up', 'Tigo Senegal - $10', 'Tigo Senegal(New)', '', '10', 251, 199, 'active', 2, 'M Topup', 770, 'Tigo Senegal(New)', 'Tigo Senegal(New)', 1, 201588, 'Tigo Senegal - $10', NULL, '201588', '1000', '1000', '{\"RefNo\":{\"Title\":\"Phone Number\",\"TxReference\":\"yes\",\"Pattern\":\"L15bMC05XSokLw==\",\"MinLength\":\"1\",\"MaxLength\":\"25\"}}', '{\"Email\":\"\",\"Phone\":\"\"}', '0', '', 'true', 'Percentage', '0', NULL, '2022-07-16 20:57:33', '2022-07-16 20:57:33', NULL),
(566, 'top-up', 'Tigo Senegal - $20', 'Tigo Senegal(New)', '', '20', 251, 199, 'active', 2, 'M Topup', 770, 'Tigo Senegal(New)', 'Tigo Senegal(New)', 1, 201589, 'Tigo Senegal - $20', NULL, '201589', '2000', '2000', '{\"RefNo\":{\"Title\":\"Phone Number\",\"TxReference\":\"yes\",\"Pattern\":\"L15bMC05XSokLw==\",\"MinLength\":\"1\",\"MaxLength\":\"25\"}}', '{\"Email\":\"\",\"Phone\":\"\"}', '0', '', 'true', 'Percentage', '0', NULL, '2022-07-16 20:57:33', '2022-07-16 20:57:33', NULL),
(567, 'top-up', 'Tigo Sri Lanka  5 - 70', 'Tigo Sri Lanka', '', '5', 252, 213, 'active', 2, 'M Topup', 577, 'Tigo Sri Lanka', 'Tigo Sri Lanka', 0, 100332, 'Tigo Sri Lanka  5 - 70', NULL, '100332', '500', '7000', '{\"RefNo\":{\"Title\":\"Phone Number\",\"TxReference\":\"yes\",\"Pattern\":\"L15bMC05XSokLw==\",\"MinLength\":\"1\",\"MaxLength\":\"25\"}}', '{\"Email\":\"\",\"Phone\":\"\"}', '0', '', 'true', 'Percentage', '0', NULL, '2022-07-16 20:57:33', '2022-07-16 20:57:33', NULL),
(568, 'top-up', 'Tigo Tanzania - $8', 'Tigo Tanzania', '', '8', 253, 224, 'active', 2, 'M Topup', 690, 'Tigo Tanzania', 'Tigo Tanzania', 1, 201636, 'Tigo Tanzania - $8', NULL, '201636', '800', '800', '{\"RefNo\":{\"Title\":\"Phone Number\",\"TxReference\":\"yes\",\"Pattern\":\"L15bMC05XSokLw==\",\"MinLength\":\"1\",\"MaxLength\":\"25\"}}', '{\"Email\":\"\",\"Phone\":\"\"}', '0', '', 'true', 'Percentage', '0', NULL, '2022-07-16 20:57:33', '2022-07-16 20:57:33', NULL),
(569, 'top-up', 'Tigo Tanzania - $12', 'Tigo Tanzania', '', '12', 253, 224, 'active', 2, 'M Topup', 690, 'Tigo Tanzania', 'Tigo Tanzania', 1, 201637, 'Tigo Tanzania - $12', NULL, '201637', '1200', '1200', '{\"RefNo\":{\"Title\":\"Phone Number\",\"TxReference\":\"yes\",\"Pattern\":\"L15bMC05XSokLw==\",\"MinLength\":\"1\",\"MaxLength\":\"25\"}}', '{\"Email\":\"\",\"Phone\":\"\"}', '0', '', 'true', 'Percentage', '0', NULL, '2022-07-16 20:57:33', '2022-07-16 20:57:33', NULL),
(570, 'top-up', 'Tigo Tanzania - $24', 'Tigo Tanzania', '', '24', 253, 224, 'active', 2, 'M Topup', 690, 'Tigo Tanzania', 'Tigo Tanzania', 1, 201638, 'Tigo Tanzania - $24', NULL, '201638', '2400', '2400', '{\"RefNo\":{\"Title\":\"Phone Number\",\"TxReference\":\"yes\",\"Pattern\":\"L15bMC05XSokLw==\",\"MinLength\":\"1\",\"MaxLength\":\"25\"}}', '{\"Email\":\"\",\"Phone\":\"\"}', '0', '', 'true', 'Percentage', '0', NULL, '2022-07-16 20:57:33', '2022-07-16 20:57:33', NULL),
(571, 'top-up', 'Tim Brazil - $9', 'TIM Brazil', '', '9', 254, 39, 'active', 2, 'M Topup', 650, 'TIM Brazil', 'TIM Brazil', 1, 201156, 'Tim Brazil - $9', NULL, '201156', '900', '900', '{\"RefNo\":{\"Title\":\"Phone Number\",\"TxReference\":\"yes\",\"Pattern\":\"L15bMC05XSokLw==\",\"MinLength\":\"1\",\"MaxLength\":\"25\"}}', '{\"Email\":\"\",\"Phone\":\"\"}', '0', '', 'true', 'Percentage', '0', NULL, '2022-07-16 20:57:33', '2022-07-16 20:57:33', NULL),
(572, 'top-up', 'Tim Brazil - $12', 'TIM Brazil', '', '12', 254, 39, 'active', 2, 'M Topup', 650, 'TIM Brazil', 'TIM Brazil', 1, 201157, 'Tim Brazil - $12', NULL, '201157', '1200', '1200', '{\"RefNo\":{\"Title\":\"Phone Number\",\"TxReference\":\"yes\",\"Pattern\":\"L15bMC05XSokLw==\",\"MinLength\":\"1\",\"MaxLength\":\"25\"}}', '{\"Email\":\"\",\"Phone\":\"\"}', '0', '', 'true', 'Percentage', '0', NULL, '2022-07-16 20:57:33', '2022-07-16 20:57:33', NULL),
(573, 'top-up', 'Tim Brazil - $17', 'TIM Brazil', '', '17', 254, 39, 'active', 2, 'M Topup', 650, 'TIM Brazil', 'TIM Brazil', 1, 201158, 'Tim Brazil - $17', NULL, '201158', '1700', '1700', '{\"RefNo\":{\"Title\":\"Phone Number\",\"TxReference\":\"yes\",\"Pattern\":\"L15bMC05XSokLw==\",\"MinLength\":\"1\",\"MaxLength\":\"25\"}}', '{\"Email\":\"\",\"Phone\":\"\"}', '0', '', 'true', 'Percentage', '0', NULL, '2022-07-16 20:57:33', '2022-07-16 20:57:33', NULL),
(574, 'top-up', 'Touch Mobile Philippines - $4.5', 'Touch Mobile Philippines', '', '4.5', 255, 8, 'active', 2, 'M Topup', 845, 'Touch Mobile Philippines', 'Touch Mobile Philippines', 1, 201531, 'Touch Mobile Philippines - $4.5', NULL, '201531', '450', '450', '{\"RefNo\":{\"Title\":\"Phone Number\",\"TxReference\":\"yes\",\"Pattern\":\"L15bMC05XSokLw==\",\"MinLength\":\"1\",\"MaxLength\":\"25\"}}', '{\"Email\":\"\",\"Phone\":\"\"}', '0', '', 'true', 'Percentage', '0', NULL, '2022-07-16 20:57:33', '2022-07-16 20:57:33', NULL),
(575, 'top-up', 'Touch Mobile Philippines - $9', 'Touch Mobile Philippines', '', '9', 255, 8, 'active', 2, 'M Topup', 845, 'Touch Mobile Philippines', 'Touch Mobile Philippines', 1, 201532, 'Touch Mobile Philippines - $9', NULL, '201532', '900', '900', '{\"RefNo\":{\"Title\":\"Phone Number\",\"TxReference\":\"yes\",\"Pattern\":\"L15bMC05XSokLw==\",\"MinLength\":\"1\",\"MaxLength\":\"25\"}}', '{\"Email\":\"\",\"Phone\":\"\"}', '0', '', 'true', 'Percentage', '0', NULL, '2022-07-16 20:57:33', '2022-07-16 20:57:33', NULL),
(576, 'top-up', 'Touch Mobile Philippines - $15', 'Touch Mobile Philippines', '', '15', 255, 8, 'active', 2, 'M Topup', 845, 'Touch Mobile Philippines', 'Touch Mobile Philippines', 1, 201533, 'Touch Mobile Philippines - $15', NULL, '201533', '1500', '1500', '{\"RefNo\":{\"Title\":\"Phone Number\",\"TxReference\":\"yes\",\"Pattern\":\"L15bMC05XSokLw==\",\"MinLength\":\"1\",\"MaxLength\":\"25\"}}', '{\"Email\":\"\",\"Phone\":\"\"}', '0', '', 'true', 'Percentage', '0', NULL, '2022-07-16 20:57:33', '2022-07-16 20:57:33', NULL),
(577, 'top-up', 'Transafer to test new', 'Transfer To Test new', '', '1', 256, 9, 'active', 2, 'M Topup', 1020, 'Transfer To Test new', 'Transfer To Test new', 0, 238323, 'Transafer to test new', '', '4515', '100', '100000', '{\"RefNo\":{\"Title\":\"Phone Number\",\"TxReference\":\"yes\",\"Pattern\":\"L15bMC05XSokLw==\",\"MinLength\":\"1\",\"MaxLength\":\"25\"}}', '{\"Email\":\"\",\"Phone\":\"\"}', '0', '', 'true', 'Fix Amount', '0', NULL, '2022-07-16 20:57:33', '2022-07-16 20:57:33', NULL),
(578, 'top-up', 'Tricomm Dominican Republic - $5', 'Tricomm Dominican Republic', '', '5', 257, 72, 'active', 2, 'M Topup', 679, 'Tricomm Dominican Republic', 'Tricomm Dominican Republic', 1, 201231, 'Tricomm Dominican Republic - $5', NULL, '201231', '500', '500', '{\"RefNo\":{\"Title\":\"Phone Number\",\"TxReference\":\"yes\",\"Pattern\":\"L15bMC05XSokLw==\",\"MinLength\":\"1\",\"MaxLength\":\"25\"}}', '{\"Email\":\"\",\"Phone\":\"\"}', '0', '', 'true', 'Percentage', '0', NULL, '2022-07-16 20:57:33', '2022-07-16 20:57:33', NULL),
(579, 'top-up', 'Tricomm Dominican Republic - $10', 'Tricomm Dominican Republic', '', '10', 257, 72, 'active', 2, 'M Topup', 679, 'Tricomm Dominican Republic', 'Tricomm Dominican Republic', 1, 201232, 'Tricomm Dominican Republic - $10', NULL, '201232', '1000', '1000', '{\"RefNo\":{\"Title\":\"Phone Number\",\"TxReference\":\"yes\",\"Pattern\":\"L15bMC05XSokLw==\",\"MinLength\":\"1\",\"MaxLength\":\"25\"}}', '{\"Email\":\"\",\"Phone\":\"\"}', '0', '', 'true', 'Percentage', '0', NULL, '2022-07-16 20:57:33', '2022-07-16 20:57:33', NULL),
(580, 'top-up', 'Tricomm Dominican Republic - $15', 'Tricomm Dominican Republic', '', '15', 257, 72, 'active', 2, 'M Topup', 679, 'Tricomm Dominican Republic', 'Tricomm Dominican Republic', 1, 201233, 'Tricomm Dominican Republic - $15', NULL, '201233', '1500', '1500', '{\"RefNo\":{\"Title\":\"Phone Number\",\"TxReference\":\"yes\",\"Pattern\":\"L15bMC05XSokLw==\",\"MinLength\":\"1\",\"MaxLength\":\"25\"}}', '{\"Email\":\"\",\"Phone\":\"\"}', '0', '', 'true', 'Percentage', '0', NULL, '2022-07-16 20:57:33', '2022-07-16 20:57:33', NULL),
(581, 'top-up', 'Tricomm Dominican Republic - $20', 'Tricomm Dominican Republic', '', '20', 257, 72, 'active', 2, 'M Topup', 679, 'Tricomm Dominican Republic', 'Tricomm Dominican Republic', 1, 201234, 'Tricomm Dominican Republic - $20', NULL, '201234', '2000', '2000', '{\"RefNo\":{\"Title\":\"Phone Number\",\"TxReference\":\"yes\",\"Pattern\":\"L15bMC05XSokLw==\",\"MinLength\":\"1\",\"MaxLength\":\"25\"}}', '{\"Email\":\"\",\"Phone\":\"\"}', '0', '', 'true', 'Percentage', '0', NULL, '2022-07-16 20:57:33', '2022-07-16 20:57:33', NULL),
(582, 'top-up', 'Tunisiana Tunisia - $4', 'Tunisiana Tunisia', '', '4', 258, 231, 'active', 2, 'M Topup', 705, 'Tunisiana Tunisia', 'Tunisiana Tunisia', 1, 201648, 'Tunisiana Tunisia - $4', NULL, '201648', '400', '400', '{\"RefNo\":{\"Title\":\"Phone Number\",\"TxReference\":\"yes\",\"Pattern\":\"L15bMC05XSokLw==\",\"MinLength\":\"1\",\"MaxLength\":\"25\"}}', '{\"Email\":\"\",\"Phone\":\"\"}', '0', '', 'true', 'Percentage', '0', NULL, '2022-07-16 20:57:33', '2022-07-16 20:57:33', NULL),
(583, 'top-up', 'Tunisiana Tunisia - $11', 'Tunisiana Tunisia', '', '11', 258, 231, 'active', 2, 'M Topup', 705, 'Tunisiana Tunisia', 'Tunisiana Tunisia', 1, 201649, 'Tunisiana Tunisia - $11', NULL, '201649', '1100', '1100', '{\"RefNo\":{\"Title\":\"Phone Number\",\"TxReference\":\"yes\",\"Pattern\":\"L15bMC05XSokLw==\",\"MinLength\":\"1\",\"MaxLength\":\"25\"}}', '{\"Email\":\"\",\"Phone\":\"\"}', '0', '', 'true', 'Percentage', '0', NULL, '2022-07-16 20:57:33', '2022-07-16 20:57:33', NULL),
(584, 'top-up', 'Tunisie Telecom Tunisia - $9', 'Tunisie Telecom Tunisia', '', '9', 259, 231, 'active', 2, 'M Topup', 709, 'Tunisie Telecom Tunisia', 'Tunisie Telecom Tunisia', 1, 201650, 'Tunisie Telecom Tunisia - $9', NULL, '201650', '900', '900', '{\"RefNo\":{\"Title\":\"Phone Number\",\"TxReference\":\"yes\",\"Pattern\":\"L15bMC05XSokLw==\",\"MinLength\":\"1\",\"MaxLength\":\"25\"}}', '{\"Email\":\"\",\"Phone\":\"\"}', '0', '', 'true', 'Percentage', '0', NULL, '2022-07-16 20:57:33', '2022-07-16 20:57:33', NULL),
(585, 'top-up', 'Tunisie Telecom Tunisia - $18', 'Tunisie Telecom Tunisia', '', '18', 259, 231, 'active', 2, 'M Topup', 709, 'Tunisie Telecom Tunisia', 'Tunisie Telecom Tunisia', 1, 201651, 'Tunisie Telecom Tunisia - $18', NULL, '201651', '1800', '1800', '{\"RefNo\":{\"Title\":\"Phone Number\",\"TxReference\":\"yes\",\"Pattern\":\"L15bMC05XSokLw==\",\"MinLength\":\"1\",\"MaxLength\":\"25\"}}', '{\"Email\":\"\",\"Phone\":\"\"}', '0', '', 'true', 'Percentage', '0', NULL, '2022-07-16 20:57:33', '2022-07-16 20:57:33', NULL),
(586, 'top-up', 'UCOM Burundi - $6', 'UCOM Burundi', '', '6', 260, 47, 'active', 2, 'M Topup', 654, 'UCOM Burundi', 'UCOM Burundi', 1, 201167, 'UCOM Burundi - $6', NULL, '201167', '600', '600', '{\"RefNo\":{\"Title\":\"Phone Number\",\"TxReference\":\"yes\",\"Pattern\":\"L15bMC05XSokLw==\",\"MinLength\":\"1\",\"MaxLength\":\"25\"}}', '{\"Email\":\"\",\"Phone\":\"\"}', '0', '', 'true', 'Percentage', '0', NULL, '2022-07-16 20:57:33', '2022-07-16 20:57:33', NULL),
(587, 'top-up', 'UCOM Burundi - $10', 'UCOM Burundi', '', '10', 260, 47, 'active', 2, 'M Topup', 654, 'UCOM Burundi', 'UCOM Burundi', 1, 201168, 'UCOM Burundi - $10', NULL, '201168', '1000', '1000', '{\"RefNo\":{\"Title\":\"Phone Number\",\"TxReference\":\"yes\",\"Pattern\":\"L15bMC05XSokLw==\",\"MinLength\":\"1\",\"MaxLength\":\"25\"}}', '{\"Email\":\"\",\"Phone\":\"\"}', '0', '', 'true', 'Percentage', '0', NULL, '2022-07-16 20:57:33', '2022-07-16 20:57:33', NULL),
(588, 'top-up', 'UCOM Burundi - $20', 'UCOM Burundi', '', '20', 260, 47, 'active', 2, 'M Topup', 654, 'UCOM Burundi', 'UCOM Burundi', 1, 201169, 'UCOM Burundi - $20', NULL, '201169', '2000', '2000', '{\"RefNo\":{\"Title\":\"Phone Number\",\"TxReference\":\"yes\",\"Pattern\":\"L15bMC05XSokLw==\",\"MinLength\":\"1\",\"MaxLength\":\"25\"}}', '{\"Email\":\"\",\"Phone\":\"\"}', '0', '', 'true', 'Percentage', '0', NULL, '2022-07-16 20:57:33', '2022-07-16 20:57:33', NULL),
(589, 'top-up', 'Uff Mobile Colombia - $7', 'Uff Mobile Colombia', '', '7', 261, 59, 'active', 2, 'M Topup', 671, 'Uff Mobile Colombia', 'Uff Mobile Colombia', 1, 201211, 'Uff Mobile Colombia - $7', NULL, '201211', '700', '700', '{\"RefNo\":{\"Title\":\"Phone Number\",\"TxReference\":\"yes\",\"Pattern\":\"L15bMC05XSokLw==\",\"MinLength\":\"1\",\"MaxLength\":\"25\"}}', '{\"Email\":\"\",\"Phone\":\"\"}', '0', '', 'true', 'Percentage', '0', NULL, '2022-07-16 20:57:33', '2022-07-16 20:57:33', NULL),
(590, 'top-up', 'Uff Mobile Colombia - $14', 'Uff Mobile Colombia', '', '14', 261, 59, 'active', 2, 'M Topup', 671, 'Uff Mobile Colombia', 'Uff Mobile Colombia', 1, 201212, 'Uff Mobile Colombia - $14', NULL, '201212', '1400', '1400', '{\"RefNo\":{\"Title\":\"Phone Number\",\"TxReference\":\"yes\",\"Pattern\":\"L15bMC05XSokLw==\",\"MinLength\":\"1\",\"MaxLength\":\"25\"}}', '{\"Email\":\"\",\"Phone\":\"\"}', '0', '', 'true', 'Percentage', '0', NULL, '2022-07-16 20:57:33', '2022-07-16 20:57:33', NULL),
(591, 'top-up', 'Ufone 5.00 - 70.00', 'Ufone', '', '5', 262, 171, 'active', 2, 'M Topup', 15, 'Ufone', 'Ufone', 0, 100033, 'Ufone 5.00 - 70.00', NULL, '100033', '500', '7000', '{\"RefNo\":{\"Title\":\"Phone Number\",\"TxReference\":\"yes\",\"Pattern\":\"L15bMC05XSokLw==\",\"MinLength\":\"1\",\"MaxLength\":\"25\"}}', '{\"Email\":\"\",\"Phone\":\"\"}', '0', '', 'true', 'Percentage', '0', NULL, '2022-07-16 20:57:33', '2022-07-16 20:57:33', NULL),
(592, 'top-up', 'Ufone Pakistan - $7', 'Ufone Pakistan', '', '7', 262, 171, 'active', 2, 'M Topup', 834, 'Ufone Pakistan', 'Ufone Pakistan', 1, 201502, 'Ufone Pakistan - $7', NULL, '201502', '700', '700', '{\"RefNo\":{\"Title\":\"Phone Number\",\"TxReference\":\"yes\",\"Pattern\":\"L15bMC05XSokLw==\",\"MinLength\":\"1\",\"MaxLength\":\"25\"}}', '{\"Email\":\"\",\"Phone\":\"\"}', '0', '', 'true', 'Percentage', '0', NULL, '2022-07-16 20:57:33', '2022-07-16 20:57:33', NULL),
(593, 'top-up', 'Ufone Pakistan - $14', 'Ufone Pakistan', '', '14', 262, 171, 'active', 2, 'M Topup', 834, 'Ufone Pakistan', 'Ufone Pakistan', 1, 201503, 'Ufone Pakistan - $14', NULL, '201503', '1400', '1400', '{\"RefNo\":{\"Title\":\"Phone Number\",\"TxReference\":\"yes\",\"Pattern\":\"L15bMC05XSokLw==\",\"MinLength\":\"1\",\"MaxLength\":\"25\"}}', '{\"Email\":\"\",\"Phone\":\"\"}', '0', '', 'true', 'Percentage', '0', NULL, '2022-07-16 20:57:33', '2022-07-16 20:57:33', NULL),
(594, 'top-up', 'Ufone Pakistan - $21', 'Ufone Pakistan', '', '21', 262, 171, 'active', 2, 'M Topup', 834, 'Ufone Pakistan', 'Ufone Pakistan', 1, 201504, 'Ufone Pakistan - $21', NULL, '201504', '2100', '2100', '{\"RefNo\":{\"Title\":\"Phone Number\",\"TxReference\":\"yes\",\"Pattern\":\"L15bMC05XSokLw==\",\"MinLength\":\"1\",\"MaxLength\":\"25\"}}', '{\"Email\":\"\",\"Phone\":\"\"}', '0', '', 'true', 'Percentage', '0', NULL, '2022-07-16 20:57:33', '2022-07-16 20:57:33', NULL);
INSERT INTO `products` (`id`, `type`, `title`, `description`, `icon`, `price`, `service_provider_id`, `country_id`, `status`, `system_service_id`, `system_service_name`, `Product_id`, `product_name`, `product_description`, `product_type`, `batch_id`, `batch_name`, `batch_description`, `product_code`, `minimum_value`, `maximum_value`, `field_info`, `notification_info`, `field_level`, `dynamic_field_info`, `allow_minor_currency`, `sur_charge_type`, `sur_charge_value`, `language_id`, `created_at`, `updated_at`, `deleted_at`) VALUES
(595, 'top-up', 'Ultra Mobile 20', 'Ultra Mobile', '', '20', 263, 2, 'active', 2, 'M Topup', 383, 'Ultra Mobile', 'Ultra Mobile', 1, 200973, 'Ultra Mobile 20', NULL, '200973', '2000', '2000', '{\"RefNo\":{\"Title\":\"Phone Number\",\"TxReference\":\"yes\",\"Pattern\":\"L15bMC05XSokLw==\",\"MinLength\":\"1\",\"MaxLength\":\"25\"}}', '{\"Email\":\"\",\"Phone\":\"\"}', '0', '', 'true', 'Percentage', '0', NULL, '2022-07-16 20:57:33', '2022-07-16 20:57:33', NULL),
(596, 'top-up', 'Ultra Mobile 30', 'Ultra Mobile', '', '30', 263, 2, 'active', 2, 'M Topup', 383, 'Ultra Mobile', 'Ultra Mobile', 1, 200851, 'Ultra Mobile 30', NULL, '200851', '3000', '3000', '{\"RefNo\":{\"Title\":\"Phone Number\",\"TxReference\":\"yes\",\"Pattern\":\"L15bMC05XSokLw==\",\"MinLength\":\"1\",\"MaxLength\":\"25\"}}', '{\"Email\":\"\",\"Phone\":\"\"}', '0', '', 'true', 'Percentage', '0', NULL, '2022-07-16 20:57:33', '2022-07-16 20:57:33', NULL),
(597, 'top-up', 'Ultra Mobile 40', 'Ultra Mobile', '', '40', 263, 2, 'active', 2, 'M Topup', 383, 'Ultra Mobile', 'Ultra Mobile', 1, 200852, 'Ultra Mobile 40', NULL, '200852', '4000', '4000', '{\"RefNo\":{\"Title\":\"Phone Number\",\"TxReference\":\"yes\",\"Pattern\":\"L15bMC05XSokLw==\",\"MinLength\":\"1\",\"MaxLength\":\"25\"}}', '{\"Email\":\"\",\"Phone\":\"\"}', '0', '', 'true', 'Percentage', '0', NULL, '2022-07-16 20:57:33', '2022-07-16 20:57:33', NULL),
(598, 'top-up', 'Ultra Mobile 50', 'Ultra Mobile', '', '50', 263, 2, 'active', 2, 'M Topup', 383, 'Ultra Mobile', 'Ultra Mobile', 1, 200853, 'Ultra Mobile 50', NULL, '200853', '5000', '5000', '{\"RefNo\":{\"Title\":\"Phone Number\",\"TxReference\":\"yes\",\"Pattern\":\"L15bMC05XSokLw==\",\"MinLength\":\"1\",\"MaxLength\":\"25\"}}', '{\"Email\":\"\",\"Phone\":\"\"}', '0', '', 'true', 'Percentage', '0', NULL, '2022-07-16 20:57:33', '2022-07-16 20:57:33', NULL),
(599, 'top-up', 'Ultra Mobile 60', 'Ultra Mobile', '', '60', 263, 2, 'active', 2, 'M Topup', 383, 'Ultra Mobile', 'Ultra Mobile', 1, 201032, 'Ultra Mobile 60', NULL, '201032', '6000', '6000', '{\"RefNo\":{\"Title\":\"Phone Number\",\"TxReference\":\"yes\",\"Pattern\":\"L15bMC05XSokLw==\",\"MinLength\":\"1\",\"MaxLength\":\"25\"}}', '{\"Email\":\"\",\"Phone\":\"\"}', '0', '', 'true', 'Percentage', '0', NULL, '2022-07-16 20:57:33', '2022-07-16 20:57:33', NULL),
(600, 'top-up', 'Ultra Mobile PayGo 10 - 100', 'Ultra Mobile PayGo', '', '5', 264, 2, 'active', 2, 'M Topup', 877, 'Ultra Mobile PayGo', 'Ultra Mobile PayGo', 0, 100354, 'Ultra Mobile PayGo 10 - 100', NULL, '100354', '500', '10000', '{\"RefNo\":{\"Title\":\"Phone Number\",\"TxReference\":\"yes\",\"Pattern\":\"L15bMC05XSokLw==\",\"MinLength\":\"1\",\"MaxLength\":\"25\"}}', '{\"Email\":\"\",\"Phone\":\"\"}', '0', '', 'true', 'Percentage', '0', NULL, '2022-07-16 20:57:33', '2022-07-16 20:57:33', NULL),
(601, 'top-up', 'Umniah Jordan - $2.5', 'Umniah Jordan', '', '2.5', 265, 119, 'active', 2, 'M Topup', 733, 'Umniah Jordan', 'Umniah Jordan', 1, 201379, 'Umniah Jordan - $2.5', NULL, '201379', '250', '250', '{\"RefNo\":{\"Title\":\"Phone Number\",\"TxReference\":\"yes\",\"Pattern\":\"L15bMC05XSokLw==\",\"MinLength\":\"1\",\"MaxLength\":\"25\"}}', '{\"Email\":\"\",\"Phone\":\"\"}', '0', '', 'true', 'Percentage', '0', NULL, '2022-07-16 20:57:33', '2022-07-16 20:57:33', NULL),
(602, 'top-up', 'Umniah Jordan - $7.5', 'Umniah Jordan', '', '7.5', 265, 119, 'active', 2, 'M Topup', 733, 'Umniah Jordan', 'Umniah Jordan', 1, 201380, 'Umniah Jordan - $7.5', NULL, '201380', '750', '750', '{\"RefNo\":{\"Title\":\"Phone Number\",\"TxReference\":\"yes\",\"Pattern\":\"L15bMC05XSokLw==\",\"MinLength\":\"1\",\"MaxLength\":\"25\"}}', '{\"Email\":\"\",\"Phone\":\"\"}', '0', '', 'true', 'Percentage', '0', NULL, '2022-07-16 20:57:33', '2022-07-16 20:57:33', NULL),
(603, 'top-up', 'Umniah Jordan - $12.5', 'Umniah Jordan', '', '12.5', 265, 119, 'active', 2, 'M Topup', 733, 'Umniah Jordan', 'Umniah Jordan', 1, 201381, 'Umniah Jordan - $12.5', NULL, '201381', '1250', '1250', '{\"RefNo\":{\"Title\":\"Phone Number\",\"TxReference\":\"yes\",\"Pattern\":\"L15bMC05XSokLw==\",\"MinLength\":\"1\",\"MaxLength\":\"25\"}}', '{\"Email\":\"\",\"Phone\":\"\"}', '0', '', 'true', 'Percentage', '0', NULL, '2022-07-16 20:57:33', '2022-07-16 20:57:33', NULL),
(604, 'top-up', 'Unefon Mexico - $5', 'Unefon Mexico', '', '5', 266, 9, 'active', 2, 'M Topup', 798, 'Unefon Mexico', 'Unefon Mexico', 1, 201450, 'Unefon Mexico - $5', NULL, '201450', '500', '500', '{\"RefNo\":{\"Title\":\"Phone Number\",\"TxReference\":\"yes\",\"Pattern\":\"L15bMC05XSokLw==\",\"MinLength\":\"1\",\"MaxLength\":\"25\"}}', '{\"Email\":\"\",\"Phone\":\"\"}', '0', '', 'true', 'Percentage', '0', NULL, '2022-07-16 20:57:33', '2022-07-16 20:57:33', NULL),
(605, 'top-up', 'Unefon Mexico - $10', 'Unefon Mexico', '', '10', 266, 9, 'active', 2, 'M Topup', 798, 'Unefon Mexico', 'Unefon Mexico', 1, 201451, 'Unefon Mexico - $10', NULL, '201451', '1000', '1000', '{\"RefNo\":{\"Title\":\"Phone Number\",\"TxReference\":\"yes\",\"Pattern\":\"L15bMC05XSokLw==\",\"MinLength\":\"1\",\"MaxLength\":\"25\"}}', '{\"Email\":\"\",\"Phone\":\"\"}', '0', '', 'true', 'Percentage', '0', NULL, '2022-07-16 20:57:33', '2022-07-16 20:57:33', NULL),
(606, 'top-up', 'Unefon Mexico - $15', 'Unefon Mexico', '', '15', 266, 9, 'active', 2, 'M Topup', 798, 'Unefon Mexico', 'Unefon Mexico', 1, 201452, 'Unefon Mexico - $15', NULL, '201452', '1500', '1500', '{\"RefNo\":{\"Title\":\"Phone Number\",\"TxReference\":\"yes\",\"Pattern\":\"L15bMC05XSokLw==\",\"MinLength\":\"1\",\"MaxLength\":\"25\"}}', '{\"Email\":\"\",\"Phone\":\"\"}', '0', '', 'true', 'Percentage', '0', NULL, '2022-07-16 20:57:33', '2022-07-16 20:57:33', NULL),
(607, 'top-up', 'Unefon Mexico - $20', 'Unefon Mexico', '', '20', 266, 9, 'active', 2, 'M Topup', 798, 'Unefon Mexico', 'Unefon Mexico', 1, 201453, 'Unefon Mexico - $20', NULL, '201453', '2000', '2000', '{\"RefNo\":{\"Title\":\"Phone Number\",\"TxReference\":\"yes\",\"Pattern\":\"L15bMC05XSokLw==\",\"MinLength\":\"1\",\"MaxLength\":\"25\"}}', '{\"Email\":\"\",\"Phone\":\"\"}', '0', '', 'true', 'Percentage', '0', NULL, '2022-07-16 20:57:33', '2022-07-16 20:57:33', NULL),
(608, 'top-up', 'Unefon Mexico - $30', 'Unefon Mexico', '', '30', 266, 9, 'active', 2, 'M Topup', 798, 'Unefon Mexico', 'Unefon Mexico', 1, 201454, 'Unefon Mexico - $30', NULL, '201454', '3000', '3000', '{\"RefNo\":{\"Title\":\"Phone Number\",\"TxReference\":\"yes\",\"Pattern\":\"L15bMC05XSokLw==\",\"MinLength\":\"1\",\"MaxLength\":\"25\"}}', '{\"Email\":\"\",\"Phone\":\"\"}', '0', '', 'true', 'Percentage', '0', NULL, '2022-07-16 20:57:33', '2022-07-16 20:57:33', NULL),
(609, 'top-up', 'Unefon Mexico - $50', 'Unefon Mexico', '', '50', 266, 9, 'active', 2, 'M Topup', 798, 'Unefon Mexico', 'Unefon Mexico', 1, 201455, 'Unefon Mexico - $50', NULL, '201455', '5000', '5000', '{\"RefNo\":{\"Title\":\"Phone Number\",\"TxReference\":\"yes\",\"Pattern\":\"L15bMC05XSokLw==\",\"MinLength\":\"1\",\"MaxLength\":\"25\"}}', '{\"Email\":\"\",\"Phone\":\"\"}', '0', '', 'true', 'Percentage', '0', NULL, '2022-07-16 20:57:33', '2022-07-16 20:57:33', NULL),
(610, 'top-up', 'Uninor India - $5', 'Uninor India', '', '5', 267, 1, 'active', 2, 'M Topup', 774, 'Uninor India', 'Uninor India', 1, 201321, 'Uninor India - $5', NULL, '201321', '500', '500', '{\"RefNo\":{\"Title\":\"Phone Number\",\"TxReference\":\"yes\",\"Pattern\":\"L15bMC05XSokLw==\",\"MinLength\":\"1\",\"MaxLength\":\"25\"}}', '{\"Email\":\"\",\"Phone\":\"\"}', '0', '', 'true', 'Percentage', '0', NULL, '2022-07-16 20:57:33', '2022-07-16 20:57:33', NULL),
(611, 'top-up', 'Uninor India - $6', 'Uninor India', '', '6', 267, 1, 'active', 2, 'M Topup', 774, 'Uninor India', 'Uninor India', 1, 201322, 'Uninor India - $6', NULL, '201322', '600', '600', '{\"RefNo\":{\"Title\":\"Phone Number\",\"TxReference\":\"yes\",\"Pattern\":\"L15bMC05XSokLw==\",\"MinLength\":\"1\",\"MaxLength\":\"25\"}}', '{\"Email\":\"\",\"Phone\":\"\"}', '0', '', 'true', 'Percentage', '0', NULL, '2022-07-16 20:57:33', '2022-07-16 20:57:33', NULL),
(612, 'top-up', 'Uninor India - $10', 'Uninor India', '', '10', 267, 1, 'active', 2, 'M Topup', 774, 'Uninor India', 'Uninor India', 1, 201323, 'Uninor India - $10', NULL, '201323', '1000', '1000', '{\"RefNo\":{\"Title\":\"Phone Number\",\"TxReference\":\"yes\",\"Pattern\":\"L15bMC05XSokLw==\",\"MinLength\":\"1\",\"MaxLength\":\"25\"}}', '{\"Email\":\"\",\"Phone\":\"\"}', '0', '', 'true', 'Percentage', '0', NULL, '2022-07-16 20:57:33', '2022-07-16 20:57:33', NULL),
(613, 'top-up', 'UT Mobile Uganda - $5', 'UT Mobile Uganda', '', '5', 268, 236, 'active', 2, 'M Topup', 724, 'UT Mobile Uganda', 'UT Mobile Uganda', 1, 201663, 'UT Mobile Uganda - $5', NULL, '201663', '500', '500', '{\"RefNo\":{\"Title\":\"Phone Number\",\"TxReference\":\"yes\",\"Pattern\":\"L15bMC05XSokLw==\",\"MinLength\":\"1\",\"MaxLength\":\"25\"}}', '{\"Email\":\"\",\"Phone\":\"\"}', '0', '', 'true', 'Percentage', '0', NULL, '2022-07-16 20:57:33', '2022-07-16 20:57:33', NULL),
(614, 'top-up', 'UT Mobile Uganda - $10', 'UT Mobile Uganda', '', '10', 268, 236, 'active', 2, 'M Topup', 724, 'UT Mobile Uganda', 'UT Mobile Uganda', 1, 201664, 'UT Mobile Uganda - $10', NULL, '201664', '1000', '1000', '{\"RefNo\":{\"Title\":\"Phone Number\",\"TxReference\":\"yes\",\"Pattern\":\"L15bMC05XSokLw==\",\"MinLength\":\"1\",\"MaxLength\":\"25\"}}', '{\"Email\":\"\",\"Phone\":\"\"}', '0', '', 'true', 'Percentage', '0', NULL, '2022-07-16 20:57:33', '2022-07-16 20:57:33', NULL),
(615, 'top-up', 'UT Mobile Uganda - $25', 'UT Mobile Uganda', '', '25', 268, 236, 'active', 2, 'M Topup', 724, 'UT Mobile Uganda', 'UT Mobile Uganda', 1, 201665, 'UT Mobile Uganda - $25', NULL, '201665', '2500', '2500', '{\"RefNo\":{\"Title\":\"Phone Number\",\"TxReference\":\"yes\",\"Pattern\":\"L15bMC05XSokLw==\",\"MinLength\":\"1\",\"MaxLength\":\"25\"}}', '{\"Email\":\"\",\"Phone\":\"\"}', '0', '', 'true', 'Percentage', '0', NULL, '2022-07-16 20:57:33', '2022-07-16 20:57:33', NULL),
(616, 'top-up', 'Verizon Mobile 15', 'Verizon Mobile', '', '15', 269, 2, 'active', 2, 'M Topup', 121, 'Verizon Mobile', 'Verizon Mobile', 1, 200260, 'Verizon Mobile 15', NULL, '200260', '1500', '1500', '{\"RefNo\":{\"Title\":\"Phone Number\",\"TxReference\":\"yes\",\"Pattern\":\"L15bMC05XSokLw==\",\"MinLength\":\"1\",\"MaxLength\":\"25\"}}', '{\"Email\":\"\",\"Phone\":\"\"}', '0', '', 'true', 'Percentage', '0', NULL, '2022-07-16 20:57:33', '2022-07-16 20:57:33', NULL),
(617, 'top-up', 'Verizon Mobile 30', 'Verizon Mobile', '', '30', 269, 2, 'active', 2, 'M Topup', 121, 'Verizon Mobile', 'Verizon Mobile', 1, 200261, 'Verizon Mobile 30', NULL, '200261', '3000', '3000', '{\"RefNo\":{\"Title\":\"Phone Number\",\"TxReference\":\"yes\",\"Pattern\":\"L15bMC05XSokLw==\",\"MinLength\":\"1\",\"MaxLength\":\"25\"}}', '{\"Email\":\"\",\"Phone\":\"\"}', '0', '', 'true', 'Percentage', '0', NULL, '2022-07-16 20:57:33', '2022-07-16 20:57:33', NULL),
(618, 'top-up', 'Verizon Mobile 50', 'Verizon Mobile', '', '50', 269, 2, 'active', 2, 'M Topup', 121, 'Verizon Mobile', 'Verizon Mobile', 1, 200262, 'Verizon Mobile 50', NULL, '200262', '5000', '5000', '{\"RefNo\":{\"Title\":\"Phone Number\",\"TxReference\":\"yes\",\"Pattern\":\"L15bMC05XSokLw==\",\"MinLength\":\"1\",\"MaxLength\":\"25\"}}', '{\"Email\":\"\",\"Phone\":\"\"}', '0', '', 'true', 'Percentage', '0', NULL, '2022-07-16 20:57:33', '2022-07-16 20:57:33', NULL),
(619, 'top-up', 'VietnamMobile Vietnam - $3', 'VietnamMobile Vietnam', '', '3', 270, 244, 'active', 2, 'M Topup', 759, 'VietnamMobile Vietnam', 'VietnamMobile Vietnam', 1, 201685, 'VietnamMobile Vietnam - $3', NULL, '201685', '300', '300', '{\"RefNo\":{\"Title\":\"Phone Number\",\"TxReference\":\"yes\",\"Pattern\":\"L15bMC05XSokLw==\",\"MinLength\":\"1\",\"MaxLength\":\"25\"}}', '{\"Email\":\"\",\"Phone\":\"\"}', '0', '', 'true', 'Percentage', '0', NULL, '2022-07-16 20:57:33', '2022-07-16 20:57:33', NULL),
(620, 'top-up', 'VietnamMobile Vietnam - $6', 'VietnamMobile Vietnam', '', '6', 270, 244, 'active', 2, 'M Topup', 759, 'VietnamMobile Vietnam', 'VietnamMobile Vietnam', 1, 201686, 'VietnamMobile Vietnam - $6', NULL, '201686', '600', '600', '{\"RefNo\":{\"Title\":\"Phone Number\",\"TxReference\":\"yes\",\"Pattern\":\"L15bMC05XSokLw==\",\"MinLength\":\"1\",\"MaxLength\":\"25\"}}', '{\"Email\":\"\",\"Phone\":\"\"}', '0', '', 'true', 'Percentage', '0', NULL, '2022-07-16 20:57:33', '2022-07-16 20:57:33', NULL),
(621, 'top-up', 'VietnamMobile Vietnam - $12', 'VietnamMobile Vietnam', '', '12', 270, 244, 'active', 2, 'M Topup', 759, 'VietnamMobile Vietnam', 'VietnamMobile Vietnam', 1, 201687, 'VietnamMobile Vietnam - $12', NULL, '201687', '1200', '1200', '{\"RefNo\":{\"Title\":\"Phone Number\",\"TxReference\":\"yes\",\"Pattern\":\"L15bMC05XSokLw==\",\"MinLength\":\"1\",\"MaxLength\":\"25\"}}', '{\"Email\":\"\",\"Phone\":\"\"}', '0', '', 'true', 'Percentage', '0', NULL, '2022-07-16 20:57:33', '2022-07-16 20:57:33', NULL),
(622, 'top-up', 'Viettel Vietnam - $3', 'Viettel Vietnam', '', '3', 271, 244, 'active', 2, 'M Topup', 773, 'Viettel Vietnam', 'Viettel Vietnam', 1, 201688, 'Viettel Vietnam - $3', NULL, '201688', '300', '300', '{\"RefNo\":{\"Title\":\"Phone Number\",\"TxReference\":\"yes\",\"Pattern\":\"L15bMC05XSokLw==\",\"MinLength\":\"1\",\"MaxLength\":\"25\"}}', '{\"Email\":\"\",\"Phone\":\"\"}', '0', '', 'true', 'Percentage', '0', NULL, '2022-07-16 20:57:33', '2022-07-16 20:57:33', NULL),
(623, 'top-up', 'Viettel Vietnam - $6', 'Viettel Vietnam', '', '6', 271, 244, 'active', 2, 'M Topup', 773, 'Viettel Vietnam', 'Viettel Vietnam', 1, 201689, 'Viettel Vietnam - $6', NULL, '201689', '600', '600', '{\"RefNo\":{\"Title\":\"Phone Number\",\"TxReference\":\"yes\",\"Pattern\":\"L15bMC05XSokLw==\",\"MinLength\":\"1\",\"MaxLength\":\"25\"}}', '{\"Email\":\"\",\"Phone\":\"\"}', '0', '', 'true', 'Percentage', '0', NULL, '2022-07-16 20:57:33', '2022-07-16 20:57:33', NULL),
(624, 'top-up', 'Viettel Vietnam - $12', 'Viettel Vietnam', '', '12', 271, 244, 'active', 2, 'M Topup', 773, 'Viettel Vietnam', 'Viettel Vietnam', 1, 201690, 'Viettel Vietnam - $12', NULL, '201690', '1200', '1200', '{\"RefNo\":{\"Title\":\"Phone Number\",\"TxReference\":\"yes\",\"Pattern\":\"L15bMC05XSokLw==\",\"MinLength\":\"1\",\"MaxLength\":\"25\"}}', '{\"Email\":\"\",\"Phone\":\"\"}', '0', '', 'true', 'Percentage', '0', NULL, '2022-07-16 20:57:33', '2022-07-16 20:57:33', NULL),
(625, 'top-up', 'VinaPhone Vietnam - $3', 'VinaPhone Vietnam', '', '3', 272, 244, 'active', 2, 'M Topup', 763, 'VinaPhone Vietnam', 'VinaPhone Vietnam', 1, 201691, 'VinaPhone Vietnam - $3', NULL, '201691', '300', '300', '{\"RefNo\":{\"Title\":\"Phone Number\",\"TxReference\":\"yes\",\"Pattern\":\"L15bMC05XSokLw==\",\"MinLength\":\"1\",\"MaxLength\":\"25\"}}', '{\"Email\":\"\",\"Phone\":\"\"}', '0', '', 'true', 'Percentage', '0', NULL, '2022-07-16 20:57:33', '2022-07-16 20:57:33', NULL),
(626, 'top-up', 'VinaPhone Vietnam - $6', 'VinaPhone Vietnam', '', '6', 272, 244, 'active', 2, 'M Topup', 763, 'VinaPhone Vietnam', 'VinaPhone Vietnam', 1, 201692, 'VinaPhone Vietnam - $6', NULL, '201692', '600', '600', '{\"RefNo\":{\"Title\":\"Phone Number\",\"TxReference\":\"yes\",\"Pattern\":\"L15bMC05XSokLw==\",\"MinLength\":\"1\",\"MaxLength\":\"25\"}}', '{\"Email\":\"\",\"Phone\":\"\"}', '0', '', 'true', 'Percentage', '0', NULL, '2022-07-16 20:57:33', '2022-07-16 20:57:33', NULL),
(627, 'top-up', 'VinaPhone Vietnam - $12', 'VinaPhone Vietnam', '', '12', 272, 244, 'active', 2, 'M Topup', 763, 'VinaPhone Vietnam', 'VinaPhone Vietnam', 1, 201693, 'VinaPhone Vietnam - $12', NULL, '201693', '1200', '1200', '{\"RefNo\":{\"Title\":\"Phone Number\",\"TxReference\":\"yes\",\"Pattern\":\"L15bMC05XSokLw==\",\"MinLength\":\"1\",\"MaxLength\":\"25\"}}', '{\"Email\":\"\",\"Phone\":\"\"}', '0', '', 'true', 'Percentage', '0', NULL, '2022-07-16 20:57:33', '2022-07-16 20:57:33', NULL),
(628, 'top-up', 'Virgin India - $3', 'Virgin India', '', '3', 273, 1, 'active', 2, 'M Topup', 771, 'Virgin India', 'Virgin India', 1, 201318, 'Virgin India - $3', NULL, '201318', '300', '300', '{\"RefNo\":{\"Title\":\"Phone Number\",\"TxReference\":\"yes\",\"Pattern\":\"L15bMC05XSokLw==\",\"MinLength\":\"1\",\"MaxLength\":\"25\"}}', '{\"Email\":\"\",\"Phone\":\"\"}', '0', '', 'true', 'Percentage', '0', NULL, '2022-07-16 20:57:33', '2022-07-16 20:57:33', NULL),
(629, 'top-up', 'Virgin India - $6', 'Virgin India', '', '6', 273, 1, 'active', 2, 'M Topup', 771, 'Virgin India', 'Virgin India', 1, 201319, 'Virgin India - $6', NULL, '201319', '600', '600', '{\"RefNo\":{\"Title\":\"Phone Number\",\"TxReference\":\"yes\",\"Pattern\":\"L15bMC05XSokLw==\",\"MinLength\":\"1\",\"MaxLength\":\"25\"}}', '{\"Email\":\"\",\"Phone\":\"\"}', '0', '', 'true', 'Percentage', '0', NULL, '2022-07-16 20:57:33', '2022-07-16 20:57:33', NULL),
(630, 'top-up', 'Virgin India - $11', 'Virgin India', '', '11', 273, 1, 'active', 2, 'M Topup', 771, 'Virgin India', 'Virgin India', 1, 201320, 'Virgin India - $11', NULL, '201320', '1100', '1100', '{\"RefNo\":{\"Title\":\"Phone Number\",\"TxReference\":\"yes\",\"Pattern\":\"L15bMC05XSokLw==\",\"MinLength\":\"1\",\"MaxLength\":\"25\"}}', '{\"Email\":\"\",\"Phone\":\"\"}', '0', '', 'true', 'Percentage', '0', NULL, '2022-07-16 20:57:33', '2022-07-16 20:57:33', NULL),
(631, 'top-up', 'Visafone Nigeria - $5', 'Visafone Nigeria', '', '5', 274, 164, 'active', 2, 'M Topup', 831, 'Visafone Nigeria', 'Visafone Nigeria', 1, 201493, 'Visafone Nigeria - $5', NULL, '201493', '500', '500', '{\"RefNo\":{\"Title\":\"Phone Number\",\"TxReference\":\"yes\",\"Pattern\":\"L15bMC05XSokLw==\",\"MinLength\":\"1\",\"MaxLength\":\"25\"}}', '{\"Email\":\"\",\"Phone\":\"\"}', '0', '', 'true', 'Percentage', '0', NULL, '2022-07-16 20:57:33', '2022-07-16 20:57:33', NULL),
(632, 'top-up', 'Visafone Nigeria - $10', 'Visafone Nigeria', '', '10', 274, 164, 'active', 2, 'M Topup', 831, 'Visafone Nigeria', 'Visafone Nigeria', 1, 201494, 'Visafone Nigeria - $10', NULL, '201494', '1000', '1000', '{\"RefNo\":{\"Title\":\"Phone Number\",\"TxReference\":\"yes\",\"Pattern\":\"L15bMC05XSokLw==\",\"MinLength\":\"1\",\"MaxLength\":\"25\"}}', '{\"Email\":\"\",\"Phone\":\"\"}', '0', '', 'true', 'Percentage', '0', NULL, '2022-07-16 20:57:33', '2022-07-16 20:57:33', NULL),
(633, 'top-up', 'Visafone Nigeria - $20', 'Visafone Nigeria', '', '20', 274, 164, 'active', 2, 'M Topup', 831, 'Visafone Nigeria', 'Visafone Nigeria', 1, 201495, 'Visafone Nigeria - $20', NULL, '201495', '2000', '2000', '{\"RefNo\":{\"Title\":\"Phone Number\",\"TxReference\":\"yes\",\"Pattern\":\"L15bMC05XSokLw==\",\"MinLength\":\"1\",\"MaxLength\":\"25\"}}', '{\"Email\":\"\",\"Phone\":\"\"}', '0', '', 'true', 'Percentage', '0', NULL, '2022-07-16 20:57:33', '2022-07-16 20:57:33', NULL),
(634, 'top-up', 'Viva Bolivia - $6', 'Viva Bolivia', '', '6', 275, 34, 'active', 2, 'M Topup', 646, 'Viva Bolivia', 'Viva Bolivia', 1, 201146, 'Viva Bolivia - $6', NULL, '201146', '600', '600', '{\"RefNo\":{\"Title\":\"Phone Number\",\"TxReference\":\"yes\",\"Pattern\":\"L15bMC05XSokLw==\",\"MinLength\":\"1\",\"MaxLength\":\"25\"}}', '{\"Email\":\"\",\"Phone\":\"\"}', '0', '', 'true', 'Percentage', '0', NULL, '2022-07-16 20:57:33', '2022-07-16 20:57:33', NULL),
(635, 'top-up', 'Viva Bolivia - $10', 'Viva Bolivia', '', '10', 275, 34, 'active', 2, 'M Topup', 646, 'Viva Bolivia', 'Viva Bolivia', 1, 201147, 'Viva Bolivia - $10', NULL, '201147', '1000', '1000', '{\"RefNo\":{\"Title\":\"Phone Number\",\"TxReference\":\"yes\",\"Pattern\":\"L15bMC05XSokLw==\",\"MinLength\":\"1\",\"MaxLength\":\"25\"}}', '{\"Email\":\"\",\"Phone\":\"\"}', '0', '', 'true', 'Percentage', '0', NULL, '2022-07-16 20:57:33', '2022-07-16 20:57:33', NULL),
(636, 'top-up', 'Viva Bolivia - $20', 'Viva Bolivia', '', '20', 275, 34, 'active', 2, 'M Topup', 646, 'Viva Bolivia', 'Viva Bolivia', 1, 201148, 'Viva Bolivia - $20', NULL, '201148', '2000', '2000', '{\"RefNo\":{\"Title\":\"Phone Number\",\"TxReference\":\"yes\",\"Pattern\":\"L15bMC05XSokLw==\",\"MinLength\":\"1\",\"MaxLength\":\"25\"}}', '{\"Email\":\"\",\"Phone\":\"\"}', '0', '', 'true', 'Percentage', '0', NULL, '2022-07-16 20:57:33', '2022-07-16 20:57:33', NULL),
(637, 'top-up', 'Viva Dominican Republic - $5', 'Viva Dominican Republic', '', '5', 276, 72, 'active', 2, 'M Topup', 680, 'Viva Dominican Republic', 'Viva Dominican Republic', 1, 201235, 'Viva Dominican Republic - $5', NULL, '201235', '500', '500', '{\"RefNo\":{\"Title\":\"Phone Number\",\"TxReference\":\"yes\",\"Pattern\":\"L15bMC05XSokLw==\",\"MinLength\":\"1\",\"MaxLength\":\"25\"}}', '{\"Email\":\"\",\"Phone\":\"\"}', '0', '', 'true', 'Percentage', '0', NULL, '2022-07-16 20:57:33', '2022-07-16 20:57:33', NULL),
(638, 'top-up', 'Viva Dominican Republic - $10', 'Viva Dominican Republic', '', '10', 276, 72, 'active', 2, 'M Topup', 680, 'Viva Dominican Republic', 'Viva Dominican Republic', 1, 201236, 'Viva Dominican Republic - $10', NULL, '201236', '1000', '1000', '{\"RefNo\":{\"Title\":\"Phone Number\",\"TxReference\":\"yes\",\"Pattern\":\"L15bMC05XSokLw==\",\"MinLength\":\"1\",\"MaxLength\":\"25\"}}', '{\"Email\":\"\",\"Phone\":\"\"}', '0', '', 'true', 'Percentage', '0', NULL, '2022-07-16 20:57:33', '2022-07-16 20:57:33', NULL),
(639, 'top-up', 'Viva Dominican Republic - $15', 'Viva Dominican Republic', '', '15', 276, 72, 'active', 2, 'M Topup', 680, 'Viva Dominican Republic', 'Viva Dominican Republic', 1, 201237, 'Viva Dominican Republic - $15', NULL, '201237', '1500', '1500', '{\"RefNo\":{\"Title\":\"Phone Number\",\"TxReference\":\"yes\",\"Pattern\":\"L15bMC05XSokLw==\",\"MinLength\":\"1\",\"MaxLength\":\"25\"}}', '{\"Email\":\"\",\"Phone\":\"\"}', '0', '', 'true', 'Percentage', '0', NULL, '2022-07-16 20:57:33', '2022-07-16 20:57:33', NULL),
(640, 'top-up', 'Viva Dominican Republic - $20', 'Viva Dominican Republic', '', '20', 276, 72, 'active', 2, 'M Topup', 680, 'Viva Dominican Republic', 'Viva Dominican Republic', 1, 201238, 'Viva Dominican Republic - $20', NULL, '201238', '2000', '2000', '{\"RefNo\":{\"Title\":\"Phone Number\",\"TxReference\":\"yes\",\"Pattern\":\"L15bMC05XSokLw==\",\"MinLength\":\"1\",\"MaxLength\":\"25\"}}', '{\"Email\":\"\",\"Phone\":\"\"}', '0', '', 'true', 'Percentage', '0', NULL, '2022-07-16 20:57:33', '2022-07-16 20:57:33', NULL),
(641, 'top-up', 'Viva Kuwait - $10', 'Viva Kuwait', '', '10', 277, 123, 'active', 2, 'M Topup', 772, 'Viva Kuwait', 'Viva Kuwait', 1, 201405, 'Viva Kuwait - $10', NULL, '201405', '1000', '1000', '{\"RefNo\":{\"Title\":\"Phone Number\",\"TxReference\":\"yes\",\"Pattern\":\"L15bMC05XSokLw==\",\"MinLength\":\"1\",\"MaxLength\":\"25\"}}', '{\"Email\":\"\",\"Phone\":\"\"}', '0', '', 'true', 'Percentage', '0', NULL, '2022-07-16 20:57:33', '2022-07-16 20:57:33', NULL),
(642, 'top-up', 'Viva Kuwait - $20', 'Viva Kuwait', '', '20', 277, 123, 'active', 2, 'M Topup', 772, 'Viva Kuwait', 'Viva Kuwait', 1, 201406, 'Viva Kuwait - $20', NULL, '201406', '2000', '2000', '{\"RefNo\":{\"Title\":\"Phone Number\",\"TxReference\":\"yes\",\"Pattern\":\"L15bMC05XSokLw==\",\"MinLength\":\"1\",\"MaxLength\":\"25\"}}', '{\"Email\":\"\",\"Phone\":\"\"}', '0', '', 'true', 'Percentage', '0', NULL, '2022-07-16 20:57:33', '2022-07-16 20:57:33', NULL),
(643, 'top-up', 'VivaCell-MTS Armenia - $6', 'VivaCell-MTS Armenia', '', '6', 278, 20, 'active', 2, 'M Topup', 634, 'VivaCell-MTS Armenia', 'VivaCell-MTS Armenia', 1, 201116, 'VivaCell-MTS Armenia - $6', NULL, '201116', '600', '600', '{\"RefNo\":{\"Title\":\"Phone Number\",\"TxReference\":\"yes\",\"Pattern\":\"L15bMC05XSokLw==\",\"MinLength\":\"1\",\"MaxLength\":\"25\"}}', '{\"Email\":\"\",\"Phone\":\"\"}', '0', '', 'true', 'Percentage', '0', NULL, '2022-07-16 20:57:33', '2022-07-16 20:57:33', NULL),
(644, 'top-up', 'VivaCell-MTS Armenia - $12', 'VivaCell-MTS Armenia', '', '12', 278, 20, 'active', 2, 'M Topup', 634, 'VivaCell-MTS Armenia', 'VivaCell-MTS Armenia', 1, 201117, 'VivaCell-MTS Armenia - $12', NULL, '201117', '1200', '1200', '{\"RefNo\":{\"Title\":\"Phone Number\",\"TxReference\":\"yes\",\"Pattern\":\"L15bMC05XSokLw==\",\"MinLength\":\"1\",\"MaxLength\":\"25\"}}', '{\"Email\":\"\",\"Phone\":\"\"}', '0', '', 'true', 'Percentage', '0', NULL, '2022-07-16 20:57:33', '2022-07-16 20:57:33', NULL),
(645, 'top-up', 'VivaCell-MTS Armenia - $24', 'VivaCell-MTS Armenia', '', '24', 278, 20, 'active', 2, 'M Topup', 634, 'VivaCell-MTS Armenia', 'VivaCell-MTS Armenia', 1, 201118, 'VivaCell-MTS Armenia - $24', NULL, '201118', '2400', '2400', '{\"RefNo\":{\"Title\":\"Phone Number\",\"TxReference\":\"yes\",\"Pattern\":\"L15bMC05XSokLw==\",\"MinLength\":\"1\",\"MaxLength\":\"25\"}}', '{\"Email\":\"\",\"Phone\":\"\"}', '0', '', 'true', 'Percentage', '0', NULL, '2022-07-16 20:57:33', '2022-07-16 20:57:33', NULL),
(646, 'top-up', 'Vivo Brazil - $9', 'Vivo Brazil', '', '9', 279, 39, 'active', 2, 'M Topup', 651, 'Vivo Brazil', 'Vivo Brazil', 1, 201159, 'Vivo Brazil - $9', NULL, '201159', '900', '900', '{\"RefNo\":{\"Title\":\"Phone Number\",\"TxReference\":\"yes\",\"Pattern\":\"L15bMC05XSokLw==\",\"MinLength\":\"1\",\"MaxLength\":\"25\"}}', '{\"Email\":\"\",\"Phone\":\"\"}', '0', '', 'true', 'Percentage', '0', NULL, '2022-07-16 20:57:34', '2022-07-16 20:57:34', NULL),
(647, 'top-up', 'Vivo Brazil - $12', 'Vivo Brazil', '', '12', 279, 39, 'active', 2, 'M Topup', 651, 'Vivo Brazil', 'Vivo Brazil', 1, 201160, 'Vivo Brazil - $12', NULL, '201160', '1200', '1200', '{\"RefNo\":{\"Title\":\"Phone Number\",\"TxReference\":\"yes\",\"Pattern\":\"L15bMC05XSokLw==\",\"MinLength\":\"1\",\"MaxLength\":\"25\"}}', '{\"Email\":\"\",\"Phone\":\"\"}', '0', '', 'true', 'Percentage', '0', NULL, '2022-07-16 20:57:34', '2022-07-16 20:57:34', NULL),
(648, 'top-up', 'Vivo Brazil - $16', 'Vivo Brazil', '', '16', 279, 39, 'active', 2, 'M Topup', 651, 'Vivo Brazil', 'Vivo Brazil', 1, 201161, 'Vivo Brazil - $16', NULL, '201161', '1600', '1600', '{\"RefNo\":{\"Title\":\"Phone Number\",\"TxReference\":\"yes\",\"Pattern\":\"L15bMC05XSokLw==\",\"MinLength\":\"1\",\"MaxLength\":\"25\"}}', '{\"Email\":\"\",\"Phone\":\"\"}', '0', '', 'true', 'Percentage', '0', NULL, '2022-07-16 20:57:34', '2022-07-16 20:57:34', NULL),
(649, 'top-up', 'Vodacom South Africa - $7', 'Vodacom South Africa', '', '7', 280, 209, 'active', 2, 'M Topup', 807, 'Vodacom South Africa', 'Vodacom South Africa', 1, 201613, 'Vodacom South Africa - $7', NULL, '201613', '700', '700', '{\"RefNo\":{\"Title\":\"Phone Number\",\"TxReference\":\"yes\",\"Pattern\":\"L15bMC05XSokLw==\",\"MinLength\":\"1\",\"MaxLength\":\"25\"}}', '{\"Email\":\"\",\"Phone\":\"\"}', '0', '', 'true', 'Percentage', '0', NULL, '2022-07-16 20:57:34', '2022-07-16 20:57:34', NULL),
(650, 'top-up', 'Vodacom South Africa - $14', 'Vodacom South Africa', '', '14', 280, 209, 'active', 2, 'M Topup', 807, 'Vodacom South Africa', 'Vodacom South Africa', 1, 201614, 'Vodacom South Africa - $14', NULL, '201614', '1400', '1400', '{\"RefNo\":{\"Title\":\"Phone Number\",\"TxReference\":\"yes\",\"Pattern\":\"L15bMC05XSokLw==\",\"MinLength\":\"1\",\"MaxLength\":\"25\"}}', '{\"Email\":\"\",\"Phone\":\"\"}', '0', '', 'true', 'Percentage', '0', NULL, '2022-07-16 20:57:34', '2022-07-16 20:57:34', NULL),
(651, 'top-up', 'Vodacom Tanzania - $8', 'Vodacom Tanzania', '', '8', 281, 224, 'active', 2, 'M Topup', 694, 'Vodacom Tanzania', 'Vodacom Tanzania', 1, 201639, 'Vodacom Tanzania - $8', NULL, '201639', '800', '800', '{\"RefNo\":{\"Title\":\"Phone Number\",\"TxReference\":\"yes\",\"Pattern\":\"L15bMC05XSokLw==\",\"MinLength\":\"1\",\"MaxLength\":\"25\"}}', '{\"Email\":\"\",\"Phone\":\"\"}', '0', '', 'true', 'Percentage', '0', NULL, '2022-07-16 20:57:34', '2022-07-16 20:57:34', NULL),
(652, 'top-up', 'Vodacom Tanzania - $12', 'Vodacom Tanzania', '', '12', 281, 224, 'active', 2, 'M Topup', 694, 'Vodacom Tanzania', 'Vodacom Tanzania', 1, 201640, 'Vodacom Tanzania - $12', NULL, '201640', '1200', '1200', '{\"RefNo\":{\"Title\":\"Phone Number\",\"TxReference\":\"yes\",\"Pattern\":\"L15bMC05XSokLw==\",\"MinLength\":\"1\",\"MaxLength\":\"25\"}}', '{\"Email\":\"\",\"Phone\":\"\"}', '0', '', 'true', 'Percentage', '0', NULL, '2022-07-16 20:57:34', '2022-07-16 20:57:34', NULL),
(653, 'top-up', 'Vodacom Tanzania - $24', 'Vodacom Tanzania', '', '24', 281, 224, 'active', 2, 'M Topup', 694, 'Vodacom Tanzania', 'Vodacom Tanzania', 1, 201641, 'Vodacom Tanzania - $24', NULL, '201641', '2400', '2400', '{\"RefNo\":{\"Title\":\"Phone Number\",\"TxReference\":\"yes\",\"Pattern\":\"L15bMC05XSokLw==\",\"MinLength\":\"1\",\"MaxLength\":\"25\"}}', '{\"Email\":\"\",\"Phone\":\"\"}', '0', '', 'true', 'Percentage', '0', NULL, '2022-07-16 20:57:34', '2022-07-16 20:57:34', NULL),
(654, 'top-up', 'Vodafone Egypt - $5', 'Vodafone Egypt', '', '5', 282, 74, 'active', 2, 'M Topup', 695, 'Vodafone Egypt', 'Vodafone Egypt', 1, 201255, 'Vodafone Egypt - $5', NULL, '201255', '500', '500', '{\"RefNo\":{\"Title\":\"Phone Number\",\"TxReference\":\"yes\",\"Pattern\":\"L15bMC05XSokLw==\",\"MinLength\":\"1\",\"MaxLength\":\"25\"}}', '{\"Email\":\"\",\"Phone\":\"\"}', '0', '', 'true', 'Percentage', '0', NULL, '2022-07-16 20:57:34', '2022-07-16 20:57:34', NULL),
(655, 'top-up', 'Vodafone Egypt - $10', 'Vodafone Egypt', '', '10', 282, 74, 'active', 2, 'M Topup', 695, 'Vodafone Egypt', 'Vodafone Egypt', 1, 201256, 'Vodafone Egypt - $10', NULL, '201256', '1000', '1000', '{\"RefNo\":{\"Title\":\"Phone Number\",\"TxReference\":\"yes\",\"Pattern\":\"L15bMC05XSokLw==\",\"MinLength\":\"1\",\"MaxLength\":\"25\"}}', '{\"Email\":\"\",\"Phone\":\"\"}', '0', '', 'true', 'Percentage', '0', NULL, '2022-07-16 20:57:34', '2022-07-16 20:57:34', NULL),
(656, 'top-up', 'Vodafone Egypt - $20', 'Vodafone Egypt', '', '20', 282, 74, 'active', 2, 'M Topup', 695, 'Vodafone Egypt', 'Vodafone Egypt', 1, 201257, 'Vodafone Egypt - $20', NULL, '201257', '2000', '2000', '{\"RefNo\":{\"Title\":\"Phone Number\",\"TxReference\":\"yes\",\"Pattern\":\"L15bMC05XSokLw==\",\"MinLength\":\"1\",\"MaxLength\":\"25\"}}', '{\"Email\":\"\",\"Phone\":\"\"}', '0', '', 'true', 'Percentage', '0', NULL, '2022-07-16 20:57:34', '2022-07-16 20:57:34', NULL),
(657, 'top-up', 'Vodafone Egypt - $35', 'Vodafone Egypt', '', '35', 282, 74, 'active', 2, 'M Topup', 695, 'Vodafone Egypt', 'Vodafone Egypt', 1, 201258, 'Vodafone Egypt - $35', NULL, '201258', '3500', '3500', '{\"RefNo\":{\"Title\":\"Phone Number\",\"TxReference\":\"yes\",\"Pattern\":\"L15bMC05XSokLw==\",\"MinLength\":\"1\",\"MaxLength\":\"25\"}}', '{\"Email\":\"\",\"Phone\":\"\"}', '0', '', 'true', 'Percentage', '0', NULL, '2022-07-16 20:57:34', '2022-07-16 20:57:34', NULL),
(658, 'top-up', 'Vodafone Ghana - $0.6', 'Vodafone Ghana New', '', '0.6', 283, 91, 'active', 2, 'M Topup', 728, 'Vodafone Ghana New', 'Vodafone Ghana New', 1, 201294, 'Vodafone Ghana - $0.6', NULL, '201294', '60', '60', '{\"RefNo\":{\"Title\":\"Phone Number\",\"TxReference\":\"yes\",\"Pattern\":\"L15bMC05XSokLw==\",\"MinLength\":\"1\",\"MaxLength\":\"25\"}}', '{\"Email\":\"\",\"Phone\":\"\"}', '0', '', 'true', 'Percentage', '0', NULL, '2022-07-16 20:57:34', '2022-07-16 20:57:34', NULL),
(659, 'top-up', 'Vodafone Ghana - $7', 'Vodafone Ghana New', '', '7', 283, 91, 'active', 2, 'M Topup', 728, 'Vodafone Ghana New', 'Vodafone Ghana New', 1, 201295, 'Vodafone Ghana - $7', NULL, '201295', '700', '700', '{\"RefNo\":{\"Title\":\"Phone Number\",\"TxReference\":\"yes\",\"Pattern\":\"L15bMC05XSokLw==\",\"MinLength\":\"1\",\"MaxLength\":\"25\"}}', '{\"Email\":\"\",\"Phone\":\"\"}', '0', '', 'true', 'Percentage', '0', NULL, '2022-07-16 20:57:34', '2022-07-16 20:57:34', NULL),
(660, 'top-up', 'Vodafone Ghana - $10', 'Vodafone Ghana New', '', '10', 283, 91, 'active', 2, 'M Topup', 728, 'Vodafone Ghana New', 'Vodafone Ghana New', 1, 201296, 'Vodafone Ghana - $10', NULL, '201296', '1000', '1000', '{\"RefNo\":{\"Title\":\"Phone Number\",\"TxReference\":\"yes\",\"Pattern\":\"L15bMC05XSokLw==\",\"MinLength\":\"1\",\"MaxLength\":\"25\"}}', '{\"Email\":\"\",\"Phone\":\"\"}', '0', '', 'true', 'Percentage', '0', NULL, '2022-07-16 20:57:34', '2022-07-16 20:57:34', NULL),
(661, 'top-up', 'Vodafone Ghana - $20', 'Vodafone Ghana New', '', '20', 283, 91, 'active', 2, 'M Topup', 728, 'Vodafone Ghana New', 'Vodafone Ghana New', 1, 201297, 'Vodafone Ghana - $20', NULL, '201297', '2000', '2000', '{\"RefNo\":{\"Title\":\"Phone Number\",\"TxReference\":\"yes\",\"Pattern\":\"L15bMC05XSokLw==\",\"MinLength\":\"1\",\"MaxLength\":\"25\"}}', '{\"Email\":\"\",\"Phone\":\"\"}', '0', '', 'true', 'Percentage', '0', NULL, '2022-07-16 20:57:34', '2022-07-16 20:57:34', NULL),
(662, 'top-up', 'Vodafone India - $4', 'Vodafone India (New)', '', '4', 284, 1, 'active', 2, 'M Topup', 767, 'Vodafone India (New)', 'Vodafone India (New)', 1, 201315, 'Vodafone India - $4', NULL, '201315', '400', '400', '{\"RefNo\":{\"Title\":\"Phone Number\",\"TxReference\":\"yes\",\"Pattern\":\"L15bMC05XSokLw==\",\"MinLength\":\"1\",\"MaxLength\":\"25\"}}', '{\"Email\":\"\",\"Phone\":\"\"}', '0', '', 'true', 'Percentage', '0', NULL, '2022-07-16 20:57:34', '2022-07-16 20:57:34', NULL),
(663, 'top-up', 'Vodafone India - $7', 'Vodafone India (New)', '', '7', 284, 1, 'active', 2, 'M Topup', 767, 'Vodafone India (New)', 'Vodafone India (New)', 1, 201316, 'Vodafone India - $7', NULL, '201316', '700', '700', '{\"RefNo\":{\"Title\":\"Phone Number\",\"TxReference\":\"yes\",\"Pattern\":\"L15bMC05XSokLw==\",\"MinLength\":\"1\",\"MaxLength\":\"25\"}}', '{\"Email\":\"\",\"Phone\":\"\"}', '0', '', 'true', 'Percentage', '0', NULL, '2022-07-16 20:57:34', '2022-07-16 20:57:34', NULL),
(664, 'top-up', 'Vodafone India - $10', 'Vodafone India (New)', '', '10', 284, 1, 'active', 2, 'M Topup', 767, 'Vodafone India (New)', 'Vodafone India (New)', 1, 201317, 'Vodafone India - $10', NULL, '201317', '1000', '1000', '{\"RefNo\":{\"Title\":\"Phone Number\",\"TxReference\":\"yes\",\"Pattern\":\"L15bMC05XSokLw==\",\"MinLength\":\"1\",\"MaxLength\":\"25\"}}', '{\"Email\":\"\",\"Phone\":\"\"}', '0', '', 'true', 'Percentage', '0', NULL, '2022-07-16 20:57:34', '2022-07-16 20:57:34', NULL),
(665, 'top-up', 'Vodafone Romania - $7.5', 'Vodafone Romania', '', '7.5', 285, 185, 'active', 2, 'M Topup', 743, 'Vodafone Romania', 'Vodafone Romania', 1, 201565, 'Vodafone Romania - $7.5', NULL, '201565', '750', '750', '{\"RefNo\":{\"Title\":\"Phone Number\",\"TxReference\":\"yes\",\"Pattern\":\"L15bMC05XSokLw==\",\"MinLength\":\"1\",\"MaxLength\":\"25\"}}', '{\"Email\":\"\",\"Phone\":\"\"}', '0', '', 'true', 'Percentage', '0', NULL, '2022-07-16 20:57:34', '2022-07-16 20:57:34', NULL),
(666, 'top-up', 'Vodafone Romania - $15', 'Vodafone Romania', '', '15', 285, 185, 'active', 2, 'M Topup', 743, 'Vodafone Romania', 'Vodafone Romania', 1, 201566, 'Vodafone Romania - $15', NULL, '201566', '1500', '1500', '{\"RefNo\":{\"Title\":\"Phone Number\",\"TxReference\":\"yes\",\"Pattern\":\"L15bMC05XSokLw==\",\"MinLength\":\"1\",\"MaxLength\":\"25\"}}', '{\"Email\":\"\",\"Phone\":\"\"}', '0', '', 'true', 'Percentage', '0', NULL, '2022-07-16 20:57:34', '2022-07-16 20:57:34', NULL),
(667, 'top-up', 'Vodafone Romania - $23', 'Vodafone Romania', '', '23', 285, 185, 'active', 2, 'M Topup', 743, 'Vodafone Romania', 'Vodafone Romania', 1, 201567, 'Vodafone Romania - $23', NULL, '201567', '2300', '2300', '{\"RefNo\":{\"Title\":\"Phone Number\",\"TxReference\":\"yes\",\"Pattern\":\"L15bMC05XSokLw==\",\"MinLength\":\"1\",\"MaxLength\":\"25\"}}', '{\"Email\":\"\",\"Phone\":\"\"}', '0', '', 'true', 'Percentage', '0', NULL, '2022-07-16 20:57:34', '2022-07-16 20:57:34', NULL),
(668, 'top-up', 'Vodafone Turkey - $8', 'Vodafone Turkey', '', '8', 286, 232, 'active', 2, 'M Topup', 712, 'Vodafone Turkey', 'Vodafone Turkey', 1, 201652, 'Vodafone Turkey - $8', NULL, '201652', '800', '800', '{\"RefNo\":{\"Title\":\"Phone Number\",\"TxReference\":\"yes\",\"Pattern\":\"L15bMC05XSokLw==\",\"MinLength\":\"1\",\"MaxLength\":\"25\"}}', '{\"Email\":\"\",\"Phone\":\"\"}', '0', '', 'true', 'Percentage', '0', NULL, '2022-07-16 20:57:34', '2022-07-16 20:57:34', NULL),
(669, 'top-up', 'Vodafone Turkey - $15', 'Vodafone Turkey', '', '15', 286, 232, 'active', 2, 'M Topup', 712, 'Vodafone Turkey', 'Vodafone Turkey', 1, 201653, 'Vodafone Turkey - $15', NULL, '201653', '1500', '1500', '{\"RefNo\":{\"Title\":\"Phone Number\",\"TxReference\":\"yes\",\"Pattern\":\"L15bMC05XSokLw==\",\"MinLength\":\"1\",\"MaxLength\":\"25\"}}', '{\"Email\":\"\",\"Phone\":\"\"}', '0', '', 'true', 'Percentage', '0', NULL, '2022-07-16 20:57:34', '2022-07-16 20:57:34', NULL),
(670, 'top-up', 'Vodafone Turkey - $22', 'Vodafone Turkey', '', '22', 286, 232, 'active', 2, 'M Topup', 712, 'Vodafone Turkey', 'Vodafone Turkey', 1, 201654, 'Vodafone Turkey - $22', NULL, '201654', '2200', '2200', '{\"RefNo\":{\"Title\":\"Phone Number\",\"TxReference\":\"yes\",\"Pattern\":\"L15bMC05XSokLw==\",\"MinLength\":\"1\",\"MaxLength\":\"25\"}}', '{\"Email\":\"\",\"Phone\":\"\"}', '0', '', 'true', 'Percentage', '0', NULL, '2022-07-16 20:57:34', '2022-07-16 20:57:34', NULL),
(671, 'top-up', 'Warid Pakistan - $7', 'Warid Pakistan', '', '7', 287, 171, 'active', 2, 'M Topup', 835, 'Warid Pakistan', 'Warid Pakistan', 1, 201505, 'Warid Pakistan - $7', NULL, '201505', '700', '700', '{\"RefNo\":{\"Title\":\"Phone Number\",\"TxReference\":\"yes\",\"Pattern\":\"L15bMC05XSokLw==\",\"MinLength\":\"1\",\"MaxLength\":\"25\"}}', '{\"Email\":\"\",\"Phone\":\"\"}', '0', '', 'true', 'Percentage', '0', NULL, '2022-07-16 20:57:34', '2022-07-16 20:57:34', NULL),
(672, 'top-up', 'Warid Pakistan - $14', 'Warid Pakistan', '', '14', 287, 171, 'active', 2, 'M Topup', 835, 'Warid Pakistan', 'Warid Pakistan', 1, 201506, 'Warid Pakistan - $14', NULL, '201506', '1400', '1400', '{\"RefNo\":{\"Title\":\"Phone Number\",\"TxReference\":\"yes\",\"Pattern\":\"L15bMC05XSokLw==\",\"MinLength\":\"1\",\"MaxLength\":\"25\"}}', '{\"Email\":\"\",\"Phone\":\"\"}', '0', '', 'true', 'Percentage', '0', NULL, '2022-07-16 20:57:34', '2022-07-16 20:57:34', NULL),
(673, 'top-up', 'Warid Pakistan - $21', 'Warid Pakistan', '', '21', 287, 171, 'active', 2, 'M Topup', 835, 'Warid Pakistan', 'Warid Pakistan', 1, 201507, 'Warid Pakistan - $21', NULL, '201507', '2100', '2100', '{\"RefNo\":{\"Title\":\"Phone Number\",\"TxReference\":\"yes\",\"Pattern\":\"L15bMC05XSokLw==\",\"MinLength\":\"1\",\"MaxLength\":\"25\"}}', '{\"Email\":\"\",\"Phone\":\"\"}', '0', '', 'true', 'Percentage', '0', NULL, '2022-07-16 20:57:34', '2022-07-16 20:57:34', NULL),
(674, 'top-up', 'Warid Uganda - $5', 'Warid Uganda', '', '5', 288, 236, 'active', 2, 'M Topup', 730, 'Warid Uganda', 'Warid Uganda', 1, 201666, 'Warid Uganda - $5', NULL, '201666', '500', '500', '{\"RefNo\":{\"Title\":\"Phone Number\",\"TxReference\":\"yes\",\"Pattern\":\"L15bMC05XSokLw==\",\"MinLength\":\"1\",\"MaxLength\":\"25\"}}', '{\"Email\":\"\",\"Phone\":\"\"}', '0', '', 'true', 'Percentage', '0', NULL, '2022-07-16 20:57:34', '2022-07-16 20:57:34', NULL),
(675, 'top-up', 'Warid Uganda - $10', 'Warid Uganda', '', '10', 288, 236, 'active', 2, 'M Topup', 730, 'Warid Uganda', 'Warid Uganda', 1, 201667, 'Warid Uganda - $10', NULL, '201667', '1000', '1000', '{\"RefNo\":{\"Title\":\"Phone Number\",\"TxReference\":\"yes\",\"Pattern\":\"L15bMC05XSokLw==\",\"MinLength\":\"1\",\"MaxLength\":\"25\"}}', '{\"Email\":\"\",\"Phone\":\"\"}', '0', '', 'true', 'Percentage', '0', NULL, '2022-07-16 20:57:34', '2022-07-16 20:57:34', NULL),
(676, 'top-up', 'Warid Uganda - $25', 'Warid Uganda', '', '25', 288, 236, 'active', 2, 'M Topup', 730, 'Warid Uganda', 'Warid Uganda', 1, 201668, 'Warid Uganda - $25', NULL, '201668', '2500', '2500', '{\"RefNo\":{\"Title\":\"Phone Number\",\"TxReference\":\"yes\",\"Pattern\":\"L15bMC05XSokLw==\",\"MinLength\":\"1\",\"MaxLength\":\"25\"}}', '{\"Email\":\"\",\"Phone\":\"\"}', '0', '', 'true', 'Percentage', '0', NULL, '2022-07-16 20:57:34', '2022-07-16 20:57:34', NULL),
(677, 'top-up', 'Wataniya Palestine - $6', 'Wataniya Palestine', '', '6', 289, 173, 'active', 2, 'M Topup', 838, 'Wataniya Palestine', 'Wataniya Palestine', 1, 201514, 'Wataniya Palestine - $6', NULL, '201514', '600', '600', '{\"RefNo\":{\"Title\":\"Phone Number\",\"TxReference\":\"yes\",\"Pattern\":\"L15bMC05XSokLw==\",\"MinLength\":\"1\",\"MaxLength\":\"25\"}}', '{\"Email\":\"\",\"Phone\":\"\"}', '0', '', 'true', 'Percentage', '0', NULL, '2022-07-16 20:57:34', '2022-07-16 20:57:34', NULL),
(678, 'top-up', 'Wataniya Palestine - $9', 'Wataniya Palestine', '', '9', 289, 173, 'active', 2, 'M Topup', 838, 'Wataniya Palestine', 'Wataniya Palestine', 1, 201515, 'Wataniya Palestine - $9', NULL, '201515', '900', '900', '{\"RefNo\":{\"Title\":\"Phone Number\",\"TxReference\":\"yes\",\"Pattern\":\"L15bMC05XSokLw==\",\"MinLength\":\"1\",\"MaxLength\":\"25\"}}', '{\"Email\":\"\",\"Phone\":\"\"}', '0', '', 'true', 'Percentage', '0', NULL, '2022-07-16 20:57:34', '2022-07-16 20:57:34', NULL),
(679, 'top-up', 'Wataniya Palestine - $17', 'Wataniya Palestine', '', '17', 289, 173, 'active', 2, 'M Topup', 838, 'Wataniya Palestine', 'Wataniya Palestine', 1, 201516, 'Wataniya Palestine - $17', NULL, '201516', '1700', '1700', '{\"RefNo\":{\"Title\":\"Phone Number\",\"TxReference\":\"yes\",\"Pattern\":\"L15bMC05XSokLw==\",\"MinLength\":\"1\",\"MaxLength\":\"25\"}}', '{\"Email\":\"\",\"Phone\":\"\"}', '0', '', 'true', 'Percentage', '0', NULL, '2022-07-16 20:57:34', '2022-07-16 20:57:34', NULL),
(680, 'top-up', 'Watanyia Kuwait - $10', 'Watanyia Kuwait', '', '10', 290, 123, 'active', 2, 'M Topup', 777, 'Watanyia Kuwait', 'Watanyia Kuwait', 1, 201407, 'Watanyia Kuwait - $10', NULL, '201407', '1000', '1000', '{\"RefNo\":{\"Title\":\"Phone Number\",\"TxReference\":\"yes\",\"Pattern\":\"L15bMC05XSokLw==\",\"MinLength\":\"1\",\"MaxLength\":\"25\"}}', '{\"Email\":\"\",\"Phone\":\"\"}', '0', '', 'true', 'Percentage', '0', NULL, '2022-07-16 20:57:34', '2022-07-16 20:57:34', NULL),
(681, 'top-up', 'Watanyia Kuwait - $20', 'Watanyia Kuwait', '', '20', 290, 123, 'active', 2, 'M Topup', 777, 'Watanyia Kuwait', 'Watanyia Kuwait', 1, 201408, 'Watanyia Kuwait - $20', NULL, '201408', '2000', '2000', '{\"RefNo\":{\"Title\":\"Phone Number\",\"TxReference\":\"yes\",\"Pattern\":\"L15bMC05XSokLw==\",\"MinLength\":\"1\",\"MaxLength\":\"25\"}}', '{\"Email\":\"\",\"Phone\":\"\"}', '0', '', 'true', 'Percentage', '0', NULL, '2022-07-16 20:57:34', '2022-07-16 20:57:34', NULL),
(682, 'top-up', 'XL Axiata Indonesia - $7', 'XL Axiata Indonesia', '', '7', 291, 109, 'active', 2, 'M Topup', 707, 'XL Axiata Indonesia', 'XL Axiata Indonesia', 1, 201364, 'XL Axiata Indonesia - $7', NULL, '201364', '700', '700', '{\"RefNo\":{\"Title\":\"Phone Number\",\"TxReference\":\"yes\",\"Pattern\":\"L15bMC05XSokLw==\",\"MinLength\":\"1\",\"MaxLength\":\"25\"}}', '{\"Email\":\"\",\"Phone\":\"\"}', '0', '', 'true', 'Percentage', '0', NULL, '2022-07-16 20:57:34', '2022-07-16 20:57:34', NULL),
(683, 'top-up', 'XL Axiata Indonesia - $14', 'XL Axiata Indonesia', '', '14', 291, 109, 'active', 2, 'M Topup', 707, 'XL Axiata Indonesia', 'XL Axiata Indonesia', 1, 201365, 'XL Axiata Indonesia - $14', NULL, '201365', '1400', '1400', '{\"RefNo\":{\"Title\":\"Phone Number\",\"TxReference\":\"yes\",\"Pattern\":\"L15bMC05XSokLw==\",\"MinLength\":\"1\",\"MaxLength\":\"25\"}}', '{\"Email\":\"\",\"Phone\":\"\"}', '0', '', 'true', 'Percentage', '0', NULL, '2022-07-16 20:57:34', '2022-07-16 20:57:34', NULL),
(684, 'top-up', 'Yu (Essar) Kenya - $5', 'Yu (Essar) Kenya', '', '5', 292, 121, 'active', 2, 'M Topup', 768, 'Yu (Essar) Kenya', 'Yu (Essar) Kenya', 1, 201402, 'Yu (Essar) Kenya - $5', NULL, '201402', '500', '500', '{\"RefNo\":{\"Title\":\"Phone Number\",\"TxReference\":\"yes\",\"Pattern\":\"L15bMC05XSokLw==\",\"MinLength\":\"1\",\"MaxLength\":\"25\"}}', '{\"Email\":\"\",\"Phone\":\"\"}', '0', '', 'true', 'Percentage', '0', NULL, '2022-07-16 20:57:34', '2022-07-16 20:57:34', NULL),
(685, 'top-up', 'Yu (Essar) Kenya - $10', 'Yu (Essar) Kenya', '', '10', 292, 121, 'active', 2, 'M Topup', 768, 'Yu (Essar) Kenya', 'Yu (Essar) Kenya', 1, 201403, 'Yu (Essar) Kenya - $10', NULL, '201403', '1000', '1000', '{\"RefNo\":{\"Title\":\"Phone Number\",\"TxReference\":\"yes\",\"Pattern\":\"L15bMC05XSokLw==\",\"MinLength\":\"1\",\"MaxLength\":\"25\"}}', '{\"Email\":\"\",\"Phone\":\"\"}', '0', '', 'true', 'Percentage', '0', NULL, '2022-07-16 20:57:34', '2022-07-16 20:57:34', NULL),
(686, 'top-up', 'Yu (Essar) Kenya - $20', 'Yu (Essar) Kenya', '', '20', 292, 121, 'active', 2, 'M Topup', 768, 'Yu (Essar) Kenya', 'Yu (Essar) Kenya', 1, 201404, 'Yu (Essar) Kenya - $20', NULL, '201404', '2000', '2000', '{\"RefNo\":{\"Title\":\"Phone Number\",\"TxReference\":\"yes\",\"Pattern\":\"L15bMC05XSokLw==\",\"MinLength\":\"1\",\"MaxLength\":\"25\"}}', '{\"Email\":\"\",\"Phone\":\"\"}', '0', '', 'true', 'Percentage', '0', NULL, '2022-07-16 20:57:34', '2022-07-16 20:57:34', NULL),
(687, 'top-up', 'Zain Jordan - $12', 'Zain Jordan', '', '12', 293, 119, 'active', 2, 'M Topup', 738, 'Zain Jordan', 'Zain Jordan', 1, 201382, 'Zain Jordan - $12', NULL, '201382', '1200', '1200', '{\"RefNo\":{\"Title\":\"Phone Number\",\"TxReference\":\"yes\",\"Pattern\":\"L15bMC05XSokLw==\",\"MinLength\":\"1\",\"MaxLength\":\"25\"}}', '{\"Email\":\"\",\"Phone\":\"\"}', '0', '', 'true', 'Percentage', '0', NULL, '2022-07-16 20:57:34', '2022-07-16 20:57:34', NULL),
(688, 'top-up', 'Zain Jordan - $21', 'Zain Jordan', '', '21', 293, 119, 'active', 2, 'M Topup', 738, 'Zain Jordan', 'Zain Jordan', 1, 201383, 'Zain Jordan - $21', NULL, '201383', '2100', '2100', '{\"RefNo\":{\"Title\":\"Phone Number\",\"TxReference\":\"yes\",\"Pattern\":\"L15bMC05XSokLw==\",\"MinLength\":\"1\",\"MaxLength\":\"25\"}}', '{\"Email\":\"\",\"Phone\":\"\"}', '0', '', 'true', 'Percentage', '0', NULL, '2022-07-16 20:57:34', '2022-07-16 20:57:34', NULL),
(689, 'top-up', 'Zain Jordan - $28', 'Zain Jordan', '', '28', 293, 119, 'active', 2, 'M Topup', 738, 'Zain Jordan', 'Zain Jordan', 1, 201384, 'Zain Jordan - $28', NULL, '201384', '2800', '2800', '{\"RefNo\":{\"Title\":\"Phone Number\",\"TxReference\":\"yes\",\"Pattern\":\"L15bMC05XSokLw==\",\"MinLength\":\"1\",\"MaxLength\":\"25\"}}', '{\"Email\":\"\",\"Phone\":\"\"}', '0', '', 'true', 'Percentage', '0', NULL, '2022-07-16 20:57:34', '2022-07-16 20:57:34', NULL),
(690, 'top-up', 'Zain Kuwait - $5', 'Zain Kuwait New', '', '5', 294, 123, 'active', 2, 'M Topup', 780, 'Zain Kuwait New', 'Zain Kuwait New', 1, 201409, 'Zain Kuwait - $5', NULL, '201409', '500', '500', '{\"RefNo\":{\"Title\":\"Phone Number\",\"TxReference\":\"yes\",\"Pattern\":\"L15bMC05XSokLw==\",\"MinLength\":\"1\",\"MaxLength\":\"25\"}}', '{\"Email\":\"\",\"Phone\":\"\"}', '0', '', 'true', 'Percentage', '0', NULL, '2022-07-16 20:57:34', '2022-07-16 20:57:34', NULL),
(691, 'top-up', 'Zain Kuwait - $12', 'Zain Kuwait New', '', '12', 294, 123, 'active', 2, 'M Topup', 780, 'Zain Kuwait New', 'Zain Kuwait New', 1, 201410, 'Zain Kuwait - $12', NULL, '201410', '1200', '1200', '{\"RefNo\":{\"Title\":\"Phone Number\",\"TxReference\":\"yes\",\"Pattern\":\"L15bMC05XSokLw==\",\"MinLength\":\"1\",\"MaxLength\":\"25\"}}', '{\"Email\":\"\",\"Phone\":\"\"}', '0', '', 'true', 'Percentage', '0', NULL, '2022-07-16 20:57:34', '2022-07-16 20:57:34', NULL),
(692, 'top-up', 'Zain Kuwait - $20', 'Zain Kuwait New', '', '20', 294, 123, 'active', 2, 'M Topup', 780, 'Zain Kuwait New', 'Zain Kuwait New', 1, 201411, 'Zain Kuwait - $20', NULL, '201411', '2000', '2000', '{\"RefNo\":{\"Title\":\"Phone Number\",\"TxReference\":\"yes\",\"Pattern\":\"L15bMC05XSokLw==\",\"MinLength\":\"1\",\"MaxLength\":\"25\"}}', '{\"Email\":\"\",\"Phone\":\"\"}', '0', '', 'true', 'Percentage', '0', NULL, '2022-07-16 20:57:34', '2022-07-16 20:57:34', NULL),
(693, 'top-up', 'Zain Sudan - $3', 'Zain Sudan', '', '3', 295, 214, 'active', 2, 'M Topup', 678, 'Zain Sudan', 'Zain Sudan', 1, 201625, 'Zain Sudan - $3', NULL, '201625', '300', '300', '{\"RefNo\":{\"Title\":\"Phone Number\",\"TxReference\":\"yes\",\"Pattern\":\"L15bMC05XSokLw==\",\"MinLength\":\"1\",\"MaxLength\":\"25\"}}', '{\"Email\":\"\",\"Phone\":\"\"}', '0', '', 'true', 'Percentage', '0', NULL, '2022-07-16 20:57:34', '2022-07-16 20:57:34', NULL),
(694, 'top-up', 'Zain Sudan - $6', 'Zain Sudan', '', '6', 295, 214, 'active', 2, 'M Topup', 678, 'Zain Sudan', 'Zain Sudan', 1, 201626, 'Zain Sudan - $6', NULL, '201626', '600', '600', '{\"RefNo\":{\"Title\":\"Phone Number\",\"TxReference\":\"yes\",\"Pattern\":\"L15bMC05XSokLw==\",\"MinLength\":\"1\",\"MaxLength\":\"25\"}}', '{\"Email\":\"\",\"Phone\":\"\"}', '0', '', 'true', 'Percentage', '0', NULL, '2022-07-16 20:57:34', '2022-07-16 20:57:34', NULL),
(695, 'top-up', 'Zain Sudan - $15', 'Zain Sudan', '', '15', 295, 214, 'active', 2, 'M Topup', 678, 'Zain Sudan', 'Zain Sudan', 1, 201627, 'Zain Sudan - $15', NULL, '201627', '1500', '1500', '{\"RefNo\":{\"Title\":\"Phone Number\",\"TxReference\":\"yes\",\"Pattern\":\"L15bMC05XSokLw==\",\"MinLength\":\"1\",\"MaxLength\":\"25\"}}', '{\"Email\":\"\",\"Phone\":\"\"}', '0', '', 'true', 'Percentage', '0', NULL, '2022-07-16 20:57:34', '2022-07-16 20:57:34', NULL),
(696, 'top-up', 'Zamtel Zambia - $5', 'Zamtel Zambia', '', '5', 296, 248, 'active', 2, 'M Topup', 755, 'Zamtel Zambia', 'Zamtel Zambia', 1, 201704, 'Zamtel Zambia - $5', NULL, '201704', '500', '500', '{\"RefNo\":{\"Title\":\"Phone Number\",\"TxReference\":\"yes\",\"Pattern\":\"L15bMC05XSokLw==\",\"MinLength\":\"1\",\"MaxLength\":\"25\"}}', '{\"Email\":\"\",\"Phone\":\"\"}', '0', '', 'true', 'Percentage', '0', NULL, '2022-07-16 20:57:34', '2022-07-16 20:57:34', NULL);
INSERT INTO `products` (`id`, `type`, `title`, `description`, `icon`, `price`, `service_provider_id`, `country_id`, `status`, `system_service_id`, `system_service_name`, `Product_id`, `product_name`, `product_description`, `product_type`, `batch_id`, `batch_name`, `batch_description`, `product_code`, `minimum_value`, `maximum_value`, `field_info`, `notification_info`, `field_level`, `dynamic_field_info`, `allow_minor_currency`, `sur_charge_type`, `sur_charge_value`, `language_id`, `created_at`, `updated_at`, `deleted_at`) VALUES
(697, 'top-up', 'Zamtel Zambia - $12.5', 'Zamtel Zambia', '', '12.5', 296, 248, 'active', 2, 'M Topup', 755, 'Zamtel Zambia', 'Zamtel Zambia', 1, 201705, 'Zamtel Zambia - $12.5', NULL, '201705', '1250', '1250', '{\"RefNo\":{\"Title\":\"Phone Number\",\"TxReference\":\"yes\",\"Pattern\":\"L15bMC05XSokLw==\",\"MinLength\":\"1\",\"MaxLength\":\"25\"}}', '{\"Email\":\"\",\"Phone\":\"\"}', '0', '', 'true', 'Percentage', '0', NULL, '2022-07-16 20:57:34', '2022-07-16 20:57:34', NULL),
(698, 'top-up', 'Zantel Tanzania - $8', 'Zantel Tanzania', '', '8', 297, 224, 'active', 2, 'M Topup', 698, 'Zantel Tanzania', 'Zantel Tanzania', 1, 201642, 'Zantel Tanzania - $8', NULL, '201642', '800', '800', '{\"RefNo\":{\"Title\":\"Phone Number\",\"TxReference\":\"yes\",\"Pattern\":\"L15bMC05XSokLw==\",\"MinLength\":\"1\",\"MaxLength\":\"25\"}}', '{\"Email\":\"\",\"Phone\":\"\"}', '0', '', 'true', 'Percentage', '0', NULL, '2022-07-16 20:57:34', '2022-07-16 20:57:34', NULL),
(699, 'top-up', 'Zantel Tanzania - $16', 'Zantel Tanzania', '', '16', 297, 224, 'active', 2, 'M Topup', 698, 'Zantel Tanzania', 'Zantel Tanzania', 1, 201643, 'Zantel Tanzania - $16', NULL, '201643', '1600', '1600', '{\"RefNo\":{\"Title\":\"Phone Number\",\"TxReference\":\"yes\",\"Pattern\":\"L15bMC05XSokLw==\",\"MinLength\":\"1\",\"MaxLength\":\"25\"}}', '{\"Email\":\"\",\"Phone\":\"\"}', '0', '', 'true', 'Percentage', '0', NULL, '2022-07-16 20:57:34', '2022-07-16 20:57:34', NULL),
(700, 'top-up', 'ZONG Pakistan - $7', 'ZONG Pakistan', '', '7', 298, 171, 'active', 2, 'M Topup', 836, 'ZONG Pakistan', 'ZONG Pakistan', 1, 201508, 'ZONG Pakistan - $7', NULL, '201508', '700', '700', '{\"RefNo\":{\"Title\":\"Phone Number\",\"TxReference\":\"yes\",\"Pattern\":\"L15bMC05XSokLw==\",\"MinLength\":\"1\",\"MaxLength\":\"25\"}}', '{\"Email\":\"\",\"Phone\":\"\"}', '0', '', 'true', 'Percentage', '0', NULL, '2022-07-16 20:57:34', '2022-07-16 20:57:34', NULL),
(701, 'top-up', 'ZONG Pakistan - $14', 'ZONG Pakistan', '', '14', 298, 171, 'active', 2, 'M Topup', 836, 'ZONG Pakistan', 'ZONG Pakistan', 1, 201509, 'ZONG Pakistan - $14', NULL, '201509', '1400', '1400', '{\"RefNo\":{\"Title\":\"Phone Number\",\"TxReference\":\"yes\",\"Pattern\":\"L15bMC05XSokLw==\",\"MinLength\":\"1\",\"MaxLength\":\"25\"}}', '{\"Email\":\"\",\"Phone\":\"\"}', '0', '', 'true', 'Percentage', '0', NULL, '2022-07-16 20:57:34', '2022-07-16 20:57:34', NULL),
(702, 'top-up', 'ZONG Pakistan - $21', 'ZONG Pakistan', '', '21', 298, 171, 'active', 2, 'M Topup', 836, 'ZONG Pakistan', 'ZONG Pakistan', 1, 201510, 'ZONG Pakistan - $21', NULL, '201510', '2100', '2100', '{\"RefNo\":{\"Title\":\"Phone Number\",\"TxReference\":\"yes\",\"Pattern\":\"L15bMC05XSokLw==\",\"MinLength\":\"1\",\"MaxLength\":\"25\"}}', '{\"Email\":\"\",\"Phone\":\"\"}', '0', '', 'true', 'Percentage', '0', NULL, '2022-07-16 20:57:34', '2022-07-16 20:57:34', NULL);

-- --------------------------------------------------------

--
-- Table structure for table `roles`
--

CREATE TABLE `roles` (
  `id` bigint(20) UNSIGNED NOT NULL,
  `name` varchar(191) COLLATE utf8_unicode_ci NOT NULL,
  `guard_name` varchar(191) COLLATE utf8_unicode_ci NOT NULL,
  `created_at` timestamp NULL DEFAULT NULL,
  `updated_at` timestamp NULL DEFAULT NULL
) ENGINE=InnoDB DEFAULT CHARSET=utf8 COLLATE=utf8_unicode_ci;

--
-- Dumping data for table `roles`
--

INSERT INTO `roles` (`id`, `name`, `guard_name`, `created_at`, `updated_at`) VALUES
(1, 'superadmin', 'web', '2021-10-12 03:41:35', '2021-10-12 03:41:35'),
(2, 'admin', 'web', '2021-10-12 03:41:35', '2021-10-12 03:41:35'),
(3, 'cms', 'web', '2021-10-12 03:41:35', '2021-10-12 03:41:35'),
(4, 'user', 'web', '2021-10-12 03:41:35', '2021-10-12 03:41:35');

-- --------------------------------------------------------

--
-- Table structure for table `role_has_permissions`
--

CREATE TABLE `role_has_permissions` (
  `permission_id` bigint(20) UNSIGNED NOT NULL,
  `role_id` bigint(20) UNSIGNED NOT NULL
) ENGINE=InnoDB DEFAULT CHARSET=utf8 COLLATE=utf8_unicode_ci;

--
-- Dumping data for table `role_has_permissions`
--

INSERT INTO `role_has_permissions` (`permission_id`, `role_id`) VALUES
(1, 1),
(2, 1),
(3, 1),
(4, 1),
(5, 1),
(6, 1),
(7, 1),
(8, 1),
(9, 1),
(10, 1),
(11, 1),
(12, 1),
(13, 1),
(14, 1),
(15, 1),
(16, 1),
(17, 1),
(18, 1),
(19, 1),
(20, 1),
(21, 1),
(22, 1),
(23, 1),
(24, 1),
(25, 1),
(26, 1),
(26, 3),
(27, 1),
(28, 1),
(28, 3),
(29, 1),
(29, 3),
(30, 1),
(31, 1),
(31, 3),
(32, 1),
(33, 1),
(33, 3),
(34, 1),
(34, 3),
(35, 1),
(36, 1),
(37, 1),
(38, 1),
(39, 1),
(40, 1),
(41, 1),
(41, 3),
(42, 1),
(43, 1),
(43, 3),
(44, 1),
(44, 3),
(45, 1),
(46, 1),
(46, 3),
(47, 1),
(48, 1),
(48, 3),
(49, 1),
(49, 3),
(50, 1);

-- --------------------------------------------------------

--
-- Table structure for table `service_provider`
--

CREATE TABLE `service_provider` (
  `id` int(11) NOT NULL,
  `country_id` bigint(20) DEFAULT NULL,
  `title` varchar(255) DEFAULT NULL,
  `logo` text DEFAULT NULL,
  `status` varchar(255) DEFAULT NULL,
  `created_at` timestamp NULL DEFAULT NULL,
  `updated_at` timestamp NULL DEFAULT NULL,
  `deleted_at` timestamp NULL DEFAULT NULL
) ENGINE=InnoDB DEFAULT CHARSET=utf8mb4;

--
-- Dumping data for table `service_provider`
--

INSERT INTO `service_provider` (`id`, `country_id`, `title`, `logo`, `status`, `created_at`, `updated_at`, `deleted_at`) VALUES
(1, 164, 'Activ Kazakhstan', 'https://www.bursato.com/images/service-provider/ActivKazakhstan1658057303.png', 'active', '2022-07-16 20:57:29', '2022-07-17 15:28:23', NULL),
(2, 89, 'Activ Kazakhstan', 'https://www.bursato.com/images/service-provider/ActivKazakhstan1658057316.png', 'active', '2022-07-16 20:57:29', '2022-07-17 15:28:36', NULL),
(3, 250, 'Afghan Wireless', 'https://www.bursato.com/images/service-provider/AfghanWireless1658055961.png', 'active', '2022-07-16 20:57:29', '2022-07-17 15:06:01', NULL),
(4, 89, 'Afghan Wireless', 'https://www.bursato.com/images/service-provider/AfghanWireless1658404497.png', 'active', '2022-07-16 20:57:29', '2022-07-21 15:54:57', NULL),
(5, 89, 'Africell  (new)', 'https://www.bursato.com/images/service-provider/Africellnew1658057348.png', 'active', '2022-07-16 20:57:29', '2022-07-17 15:29:08', NULL),
(6, 1, 'Aircel', 'https://www.bursato.com/images/service-provider/Aircel1658054253.png', 'active', '2022-07-16 20:57:29', '2022-07-17 14:37:33', NULL),
(7, 7, 'Airtel  (new)', 'https://www.bursato.com/images/service-provider/Airtelnew1658056660.png', 'active', '2022-07-16 20:57:29', '2022-07-17 15:17:40', NULL),
(8, 91, 'Airtel  New', 'https://www.bursato.com/images/service-provider/AirtelNew1658056689.png', 'active', '2022-07-16 20:57:29', '2022-07-17 15:18:09', NULL),
(9, 1, 'Airtel', 'https://www.bursato.com/images/service-provider/Airtel1658053977.png', 'active', '2022-07-16 20:57:29', '2022-07-17 14:32:57', NULL),
(10, 121, 'Airtel', 'https://www.bursato.com/images/service-provider/Airtel1658056707.png', 'active', '2022-07-16 20:57:29', '2022-07-17 15:18:27', NULL),
(11, 164, 'Airtel', 'https://www.bursato.com/images/service-provider/Airtel1658056732.png', 'active', '2022-07-16 20:57:29', '2022-07-17 15:18:52', NULL),
(12, 213, 'Airtel (new)', 'https://www.bursato.com/images/service-provider/Airtelnew1658056793.png', 'active', '2022-07-16 20:57:29', '2022-07-17 15:19:53', NULL),
(13, 224, 'Airtel Tanzania', 'https://www.bursato.com/images/service-provider/AirtelTanzania1658056815.png', 'active', '2022-07-16 20:57:29', '2022-07-17 15:20:16', NULL),
(14, 236, 'Airtel', 'https://www.bursato.com/images/service-provider/Airtel1658056848.png', 'active', '2022-07-16 20:57:29', '2022-07-17 15:20:48', NULL),
(15, 248, 'Airtel', 'https://www.bursato.com/images/service-provider/Airtel1658056757.png', 'active', '2022-07-16 20:57:29', '2022-07-17 15:19:17', NULL),
(16, 75, 'Airtime Tigo  Retail Airtime', 'https://www.bursato.com/images/service-provider/AirtimeTigoRetailAirtime1658404846.png', 'active', '2022-07-16 20:57:29', '2022-07-21 16:00:46', NULL),
(17, 98, 'Airtime Tigo  Retail Airtime', 'https://www.bursato.com/images/service-provider/AirtimeTigoRetailAirtime1658404873.png', 'active', '2022-07-16 20:57:29', '2022-07-21 16:01:13', NULL),
(18, 50, 'Airtime Tigo  Retail Airtime', 'https://www.bursato.com/images/service-provider/AirtimeTigoRetailAirtime1658404951.png', 'active', '2022-07-16 20:57:29', '2022-07-21 16:02:31', NULL),
(19, 73, 'Alegro', 'https://www.bursato.com/images/service-provider/Alegro1658405827.png', 'active', '2022-07-16 20:57:29', '2022-07-21 16:17:07', NULL),
(20, 127, 'Alfa', 'https://www.bursato.com/images/service-provider/Alfa1658057421.png', 'active', '2022-07-16 20:57:29', '2022-07-17 15:30:21', NULL),
(21, 112, 'Asia Cell Telecom', 'https://www.bursato.com/images/service-provider/AsiaCellTelecom1658057476.png', 'active', '2022-07-16 20:57:29', '2022-07-17 15:31:16', NULL),
(22, 2, 'At & T', 'https://www.bursato.com/images/service-provider/AtT1658055238.png', 'active', '2022-07-16 20:57:29', '2022-07-17 14:53:58', NULL),
(23, 109, 'Axis', 'https://www.bursato.com/images/service-provider/Axis1658057516.png', 'active', '2022-07-16 20:57:29', '2022-07-17 15:31:56', NULL),
(24, 109, 'Bakrie Esia', 'https://www.bursato.com/images/service-provider/BakrieEsia1658057544.png', 'active', '2022-07-16 20:57:30', '2022-07-17 15:32:24', NULL),
(25, 7, 'Robi', 'https://www.bursato.com/images/service-provider/Robi1658056905.png', 'active', '2022-07-16 20:57:30', '2022-07-17 15:21:45', NULL),
(26, 7, 'Banglalink', 'https://www.bursato.com/images/service-provider/Banglalink1658056953.png', 'active', '2022-07-16 20:57:30', '2022-07-17 15:22:33', NULL),
(27, 153, 'Bayn Gsm', 'https://www.bursato.com/images/service-provider/BaynGsm1658409032.webp', 'active', '2022-07-16 20:57:30', '2022-07-21 17:10:32', NULL),
(28, 244, 'Beeline (gtel)', 'https://www.bursato.com/images/service-provider/Beelinegtel1658057574.png', 'active', '2022-07-16 20:57:30', '2022-07-17 15:32:54', NULL),
(29, 120, 'Beeline', 'https://www.bursato.com/images/service-provider/Beeline1658057594.png', 'active', '2022-07-16 20:57:30', '2022-07-17 15:33:14', NULL),
(30, 125, 'Beeline Laos', 'https://www.bursato.com/images/service-provider/BeelineLaos1658057613.png', 'active', '2022-07-16 20:57:30', '2022-07-17 15:33:33', NULL),
(31, 186, 'Beeline Russia', 'https://www.bursato.com/images/service-provider/BeelineRussia1658057634.png', 'active', '2022-07-16 20:57:30', '2022-07-17 15:33:54', NULL),
(32, 33, 'Telecom', 'https://www.bursato.com/images/service-provider/Telecom1658397385.png', 'active', '2022-07-16 20:57:30', '2022-07-21 13:56:25', NULL),
(33, 230, 'Bmobile (lime)', 'https://www.bursato.com/images/service-provider/Bmobilelime1658057665.png', 'active', '2022-07-16 20:57:30', '2022-07-17 15:34:25', NULL),
(34, 1, 'Bsnl', 'https://www.bursato.com/images/service-provider/Bsnl1658054340.png', 'active', '2022-07-16 20:57:30', '2022-07-17 14:39:00', NULL),
(35, 48, 'Camgsm', 'https://www.bursato.com/images/service-provider/Camgsm1658466281.png', 'active', '2022-07-16 20:57:30', '2022-07-22 09:04:41', NULL),
(36, 209, 'Cellc', 'https://www.bursato.com/images/service-provider/Cellc1658466702.jpg', 'active', '2022-07-16 20:57:30', '2022-07-22 09:11:42', NULL),
(37, 100, 'Cellcom  Conakry', 'https://www.bursato.com/images/service-provider/CellcomConakry1658404713.png', 'active', '2022-07-16 20:57:30', '2022-07-21 15:58:33', NULL),
(38, 129, 'Cellcom', 'https://www.bursato.com/images/service-provider/Cellcom1658057693.png', 'active', '2022-07-16 20:57:30', '2022-07-17 15:34:53', NULL),
(39, 102, 'Cellink (gt&t)', 'https://www.bursato.com/images/service-provider/Cellinkgtt1658466837.png', 'active', '2022-07-16 20:57:30', '2022-07-22 09:13:57', NULL),
(40, 179, 'Centernet Wrodzinie', 'https://www.bursato.com/images/service-provider/CenternetWrodzinie1658468646.jpg', 'active', '2022-07-16 20:57:30', '2022-07-22 09:44:06', NULL),
(41, 56, 'Mobile', 'https://www.bursato.com/images/service-provider/Mobile1658409235.png', 'active', '2022-07-16 20:57:30', '2022-07-21 17:13:55', NULL),
(42, 56, 'Telecom', 'https://www.bursato.com/images/service-provider/Telecom1658397409.png', 'active', '2022-07-16 20:57:30', '2022-07-21 13:56:49', NULL),
(43, 56, 'Unicom', 'https://www.bursato.com/images/service-provider/Unicom1658409331.png', 'active', '2022-07-16 20:57:30', '2022-07-21 17:15:31', NULL),
(44, 7, 'Citycell', 'https://www.bursato.com/images/service-provider/Citycell1658405641.png', 'active', '2022-07-16 20:57:30', '2022-07-21 16:14:01', NULL),
(45, 72, 'Claro', 'https://www.bursato.com/images/service-provider/Claro1658401521.png', 'active', '2022-07-16 20:57:30', '2022-07-21 15:05:21', NULL),
(46, 75, 'Claro', 'https://www.bursato.com/images/service-provider/Claro1658401533.png', 'active', '2022-07-16 20:57:30', '2022-07-21 15:05:33', NULL),
(47, 98, 'Claro', 'https://www.bursato.com/images/service-provider/Claro1658401552.png', 'active', '2022-07-16 20:57:30', '2022-07-21 15:05:52', NULL),
(48, 105, 'Claro', 'https://www.bursato.com/images/service-provider/Claro1658401564.png', 'active', '2022-07-16 20:57:30', '2022-07-21 15:06:04', NULL),
(49, 117, 'Claro', 'https://www.bursato.com/images/service-provider/Claro1658401576.png', 'active', '2022-07-16 20:57:30', '2022-07-21 15:06:16', NULL),
(50, 162, 'Claro', 'https://www.bursato.com/images/service-provider/Claro1658401208.png', 'active', '2022-07-16 20:57:30', '2022-07-21 15:00:08', NULL),
(51, 177, 'Claro', 'https://www.bursato.com/images/service-provider/Claro1658401192.png', 'active', '2022-07-16 20:57:30', '2022-07-21 14:59:52', NULL),
(52, 19, 'Claro', 'https://www.bursato.com/images/service-provider/Claro1658401592.png', 'active', '2022-07-16 20:57:30', '2022-07-21 15:06:32', NULL),
(53, 39, 'Claro', 'https://www.bursato.com/images/service-provider/Claro1658401603.png', 'active', '2022-07-16 20:57:30', '2022-07-21 15:06:43', NULL),
(54, 55, 'Claro', 'https://www.bursato.com/images/service-provider/Claro1658401615.png', 'active', '2022-07-16 20:57:30', '2022-07-21 15:06:55', NULL),
(55, 73, 'Claro  (new)', 'https://www.bursato.com/images/service-provider/Claronew1658401627.png', 'active', '2022-07-16 20:57:30', '2022-07-21 15:07:07', NULL),
(56, 181, 'Claro', 'https://www.bursato.com/images/service-provider/Claro1658401639.png', 'active', '2022-07-16 20:57:30', '2022-07-21 15:07:19', NULL),
(57, 59, 'Comcel', 'https://www.bursato.com/images/service-provider/Comcel1658466984.jpg', 'active', '2022-07-16 20:57:30', '2022-07-22 09:16:24', NULL),
(58, 5, 'Cel  (new)', 'https://www.bursato.com/images/service-provider/Celnew1658470043.jpg', 'active', '2022-07-16 20:57:30', '2022-07-22 10:07:23', NULL),
(59, 179, 'Cyfrowy Polsat', 'https://www.bursato.com/images/service-provider/CyfrowyPolsat1658468869.jpg', 'active', '2022-07-16 20:57:30', '2022-07-22 09:47:49', NULL),
(60, 179, 'Diallo', 'https://www.bursato.com/images/service-provider/Diallo1658468682.jpg', 'active', '2022-07-16 20:57:30', '2022-07-22 09:44:42', NULL),
(61, 213, 'Dialog', 'https://www.bursato.com/images/service-provider/Dialog1658467206.jpg', 'active', '2022-07-16 20:57:30', '2022-07-22 09:20:06', NULL),
(62, 96, 'Digicel', 'https://www.bursato.com/images/service-provider/Digicel1658395316.png', 'active', '2022-07-16 20:57:30', '2022-07-21 13:21:56', NULL),
(63, 16, 'Digicel', 'https://www.bursato.com/images/service-provider/Digicel1658395334.png', 'active', '2022-07-16 20:57:30', '2022-07-21 13:22:14', NULL),
(64, 18, 'Digicel', 'https://www.bursato.com/images/service-provider/Digicel1658395355.png', 'active', '2022-07-16 20:57:30', '2022-07-21 13:22:35', NULL),
(65, 250, 'Digicel Aruba', 'https://www.bursato.com/images/service-provider/DigicelAruba1658055994.png', 'active', '2022-07-16 20:57:30', '2022-07-17 15:06:35', NULL),
(66, 27, 'Digicel', 'https://www.bursato.com/images/service-provider/Digicel1658395401.png', 'active', '2022-07-16 20:57:30', '2022-07-21 13:23:21', NULL),
(67, 32, 'Digicel', 'https://www.bursato.com/images/service-provider/Digicel1658395417.png', 'active', '2022-07-16 20:57:30', '2022-07-21 13:23:37', NULL),
(68, 42, 'Digicel British Virgin Islands', 'https://www.bursato.com/images/service-provider/DigicelBritishVirginIslands1658395875.png', 'active', '2022-07-16 20:57:30', '2022-07-21 13:31:15', NULL),
(69, 52, 'Digicel', 'https://www.bursato.com/images/service-provider/Digicel1658395434.png', 'active', '2022-07-16 20:57:30', '2022-07-21 13:23:54', NULL),
(70, 66, 'Digicel Curacao', 'https://www.bursato.com/images/service-provider/DigicelCuracao1658395893.png', 'active', '2022-07-16 20:57:30', '2022-07-21 13:31:33', NULL),
(71, 71, 'Digicel', 'https://www.bursato.com/images/service-provider/Digicel1658395454.png', 'active', '2022-07-16 20:57:30', '2022-07-21 13:24:14', NULL),
(72, 75, 'Digicel', 'https://www.bursato.com/images/service-provider/Digicel1658395470.png', 'active', '2022-07-16 20:57:30', '2022-07-21 13:24:30', NULL),
(73, 82, 'Digicel', 'https://www.bursato.com/images/service-provider/Digicel1658395500.png', 'active', '2022-07-16 20:57:30', '2022-07-21 13:25:00', NULL),
(74, 85, 'Digicel', 'https://www.bursato.com/images/service-provider/Digicel1658395523.png', 'active', '2022-07-16 20:57:30', '2022-07-21 13:25:23', NULL),
(75, 95, 'Digicel', 'https://www.bursato.com/images/service-provider/Digicel1658395544.png', 'active', '2022-07-16 20:57:30', '2022-07-21 13:25:44', NULL),
(76, 102, 'Digicel', 'https://www.bursato.com/images/service-provider/Digicel1658395565.png', 'active', '2022-07-16 20:57:30', '2022-07-21 13:26:05', NULL),
(77, 6, 'Digicel', 'https://www.bursato.com/images/service-provider/Digicel1658395598.png', 'active', '2022-07-16 20:57:30', '2022-07-21 13:26:38', NULL),
(78, 105, 'Digicel', 'https://www.bursato.com/images/service-provider/Digicel1658395634.png', 'active', '2022-07-16 20:57:30', '2022-07-21 13:27:14', NULL),
(79, 117, 'Digicel', 'https://www.bursato.com/images/service-provider/Digicel1658395661.png', 'active', '2022-07-16 20:57:30', '2022-07-21 13:27:41', NULL),
(80, 143, 'Digicel', 'https://www.bursato.com/images/service-provider/Digicel1658395689.png', 'active', '2022-07-16 20:57:30', '2022-07-21 13:28:09', NULL),
(81, 157, 'Digicel', 'https://www.bursato.com/images/service-provider/Digicel1658395705.png', 'active', '2022-07-16 20:57:30', '2022-07-21 13:28:25', NULL),
(82, 174, 'Digicel', 'https://www.bursato.com/images/service-provider/Digicel1658395739.png', 'active', '2022-07-16 20:57:30', '2022-07-21 13:28:59', NULL),
(83, 175, 'Digicel', 'https://www.bursato.com/images/service-provider/Digicel1658395778.png', 'active', '2022-07-16 20:57:30', '2022-07-21 13:29:38', NULL),
(84, 195, 'Digicel', 'https://www.bursato.com/images/service-provider/Digicel1658395796.png', 'active', '2022-07-16 20:57:30', '2022-07-21 13:29:56', NULL),
(85, 190, 'Digicel St. Kitts And Nevis', 'https://www.bursato.com/images/service-provider/DigicelSt.KittsAndNevis1658395967.png', 'active', '2022-07-16 20:57:30', '2022-07-21 13:32:47', NULL),
(86, 191, 'Digicel St. Lucia', 'https://www.bursato.com/images/service-provider/DigicelSt.Lucia1658396006.png', 'active', '2022-07-16 20:57:30', '2022-07-21 13:33:26', NULL),
(87, 194, 'Digicel St. Vincent And The Grenadines', 'https://www.bursato.com/images/service-provider/DigicelSt.VincentAndTheGrenadines1658396031.png', 'active', '2022-07-16 20:57:30', '2022-07-21 13:33:51', NULL),
(88, 216, 'Digicel', 'https://www.bursato.com/images/service-provider/Digicel1658395913.png', 'active', '2022-07-16 20:57:30', '2022-07-21 13:31:53', NULL),
(89, 229, 'Digicel', 'https://www.bursato.com/images/service-provider/Digicel1658395988.png', 'active', '2022-07-16 20:57:30', '2022-07-21 13:33:08', NULL),
(90, 230, 'Digicel Trinadad & Tobago', 'https://www.bursato.com/images/service-provider/DigicelTrinadadTobago1658396055.png', 'active', '2022-07-16 20:57:30', '2022-07-21 13:34:15', NULL),
(91, 234, 'Digicel Turks And Caicos', 'https://www.bursato.com/images/service-provider/DigicelTurksAndCaicos1658396074.png', 'active', '2022-07-16 20:57:30', '2022-07-21 13:34:34', NULL),
(92, 242, 'Digicel', 'https://www.bursato.com/images/service-provider/Digicel1658395380.png', 'active', '2022-07-16 20:57:30', '2022-07-21 13:23:00', NULL),
(93, 47, 'Econet', 'https://www.bursato.com/images/service-provider/Econet1658405918.png', 'active', '2022-07-16 20:57:30', '2022-07-21 16:18:38', NULL),
(94, 249, 'Econet  (new)', 'https://www.bursato.com/images/service-provider/Econetnew1658405938.png', 'active', '2022-07-16 20:57:30', '2022-07-21 16:18:58', NULL),
(95, 34, 'Entel Bolivia', 'https://www.bursato.com/images/service-provider/EntelBolivia1658405994.png', 'active', '2022-07-16 20:57:30', '2022-07-21 16:19:54', NULL),
(96, 55, 'Entel', 'https://www.bursato.com/images/service-provider/Entel1658406007.png', 'active', '2022-07-16 20:57:30', '2022-07-21 16:20:07', NULL),
(97, 250, 'Etisalat', 'https://www.bursato.com/images/service-provider/Etisalat1658056035.png', 'active', '2022-07-16 20:57:30', '2022-07-17 15:07:15', NULL),
(98, 74, 'Etisalat', 'https://www.bursato.com/images/service-provider/Etisalat1658056062.png', 'active', '2022-07-16 20:57:30', '2022-07-17 15:07:42', NULL),
(99, 164, 'Etisalat', 'https://www.bursato.com/images/service-provider/Etisalat1658056164.png', 'active', '2022-07-16 20:57:30', '2022-07-17 15:09:24', NULL),
(100, 213, 'Etisalat', 'https://www.bursato.com/images/service-provider/Etisalat1658056187.png', 'active', '2022-07-16 20:57:30', '2022-07-17 15:09:47', NULL),
(101, 244, 'Evn Telecom', 'https://www.bursato.com/images/service-provider/EvnTelecom1658397338.png', 'active', '2022-07-16 20:57:30', '2022-07-21 13:55:38', NULL),
(102, 91, 'Expresso', 'https://www.bursato.com/images/service-provider/Expresso1658467731.png', 'active', '2022-07-16 20:57:30', '2022-07-22 09:28:51', NULL),
(103, 91, 'Glo', 'https://www.bursato.com/images/service-provider/Glo1658467559.png', 'active', '2022-07-16 20:57:31', '2022-07-22 09:25:59', NULL),
(104, 164, 'Glo  New', 'https://www.bursato.com/images/service-provider/GloNew1658467585.png', 'active', '2022-07-16 20:57:31', '2022-07-22 09:26:25', NULL),
(105, 8, 'Globe', 'https://www.bursato.com/images/service-provider/Globe1658467638.png', 'active', '2022-07-16 20:57:31', '2022-07-22 09:27:18', NULL),
(106, 7, 'Grameenphone', 'https://www.bursato.com/images/service-provider/Grameenphone1658405705.png', 'active', '2022-07-16 20:57:31', '2022-07-21 16:15:06', NULL),
(107, 2, 'Gy_dc_topup', 'https://www.bursato.com/images/service-provider/Gydctopup1658055331.png', 'active', '2022-07-16 20:57:31', '2022-07-17 14:55:31', NULL),
(108, 105, 'Hondutel  New', 'https://www.bursato.com/images/service-provider/HondutelNew1658470129.png', 'active', '2022-07-16 20:57:31', '2022-07-22 10:08:49', NULL),
(109, 213, 'Hutchison', 'https://www.bursato.com/images/service-provider/Hutchison1658467473.png', 'active', '2022-07-16 20:57:31', '2022-07-22 09:24:33', NULL),
(110, 109, 'Hutchison Three', 'https://www.bursato.com/images/service-provider/HutchisonThree1658467502.png', 'active', '2022-07-16 20:57:31', '2022-07-22 09:25:02', NULL),
(111, 1, 'Idea', 'https://www.bursato.com/images/service-provider/Idea1658054415.png', 'active', '2022-07-16 20:57:31', '2022-07-17 14:40:15', NULL),
(112, 109, 'Indosat Im3', 'https://www.bursato.com/images/service-provider/IndosatIm31658406127.png', 'active', '2022-07-16 20:57:31', '2022-07-21 16:22:07', NULL),
(113, 109, 'Indosat Mentari', 'https://www.bursato.com/images/service-provider/IndosatMentari1658406099.png', 'active', '2022-07-16 20:57:31', '2022-07-21 16:21:39', NULL),
(114, 109, 'Indosat Starone', 'https://www.bursato.com/images/service-provider/IndosatStarone1658406141.png', 'active', '2022-07-16 20:57:31', '2022-07-21 16:22:21', NULL),
(115, 75, 'Intelfon/red', 'https://www.bursato.com/images/service-provider/Intelfonred1658471008.png', 'active', '2022-07-16 20:57:31', '2022-07-22 10:23:28', NULL),
(116, 153, 'Inwi', 'https://www.bursato.com/images/service-provider/Inwi1658471089.png', 'active', '2022-07-16 20:57:31', '2022-07-22 10:24:49', NULL),
(117, 9, 'Iusacell  New', 'https://www.bursato.com/images/service-provider/IusacellNew1658471165.png', 'active', '2022-07-16 20:57:31', '2022-07-22 10:26:05', NULL),
(118, 173, 'Jawwal Palestine', 'https://www.bursato.com/images/service-provider/JawwalPalestine1658471490.png', 'active', '2022-07-16 20:57:31', '2022-07-22 10:31:30', NULL),
(119, 2, 'Jm_cw_topup', 'https://www.bursato.com/images/service-provider/Jmcwtopup1658471601.png', 'active', '2022-07-16 20:57:31', '2022-07-22 10:33:21', NULL),
(120, 16, 'Lime', 'https://www.bursato.com/images/service-provider/Lime1658465858.jpg', 'active', '2022-07-16 20:57:31', '2022-07-22 08:57:38', NULL),
(121, 18, 'Lime', 'https://www.bursato.com/images/service-provider/Lime1658465891.jpg', 'active', '2022-07-16 20:57:31', '2022-07-22 08:58:11', NULL),
(122, 27, 'Lime', 'https://www.bursato.com/images/service-provider/Lime1658465906.jpg', 'active', '2022-07-16 20:57:31', '2022-07-22 08:58:26', NULL),
(123, 42, 'Lime British Virgin Islands', 'https://www.bursato.com/images/service-provider/LimeBritishVirginIslands1658465928.jpg', 'active', '2022-07-16 20:57:31', '2022-07-22 08:58:48', NULL),
(124, 52, 'Lime', 'https://www.bursato.com/images/service-provider/Lime1658465960.jpg', 'active', '2022-07-16 20:57:31', '2022-07-22 08:59:20', NULL),
(125, 71, 'Lime', 'https://www.bursato.com/images/service-provider/Lime1658465979.jpg', 'active', '2022-07-16 20:57:31', '2022-07-22 08:59:39', NULL),
(126, 95, 'Lime', 'https://www.bursato.com/images/service-provider/Lime1658466000.jpg', 'active', '2022-07-16 20:57:31', '2022-07-22 09:00:00', NULL),
(127, 117, 'Lime', 'https://www.bursato.com/images/service-provider/Lime1658466048.jpg', 'active', '2022-07-16 20:57:31', '2022-07-22 09:00:48', NULL),
(128, 152, 'Lime', 'https://www.bursato.com/images/service-provider/Lime1658466094.jpg', 'active', '2022-07-16 20:57:31', '2022-07-22 09:01:34', NULL),
(129, 194, 'Lime St Vincent And Grenadines', 'https://www.bursato.com/images/service-provider/LimeStVincentAndGrenadines1658466066.jpg', 'active', '2022-07-16 20:57:31', '2022-07-22 09:01:06', NULL),
(130, 190, 'Lime St. Kitts And Nevis', 'https://www.bursato.com/images/service-provider/LimeSt.KittsAndNevis1658466115.jpg', 'active', '2022-07-16 20:57:31', '2022-07-22 09:01:55', NULL),
(131, 191, 'Lime St. Lucia', 'https://www.bursato.com/images/service-provider/LimeSt.Lucia1658466138.jpg', 'active', '2022-07-16 20:57:31', '2022-07-22 09:02:18', NULL),
(132, 234, 'Lime Turks And Caicos', 'https://www.bursato.com/images/service-provider/LimeTurksAndCaicos1658466164.jpg', 'active', '2022-07-16 20:57:31', '2022-07-22 09:02:44', NULL),
(133, 129, 'Lonestar Cell (mtn)', 'https://www.bursato.com/images/service-provider/LonestarCellmtn1658479388.png', 'active', '2022-07-16 20:57:31', '2022-07-22 12:43:08', NULL),
(134, 2, 'Lyca Addon Plans', 'https://www.bursato.com/images/service-provider/LycaAddonPlans1658472280.png', 'active', '2022-07-16 20:57:31', '2022-07-22 10:44:40', NULL),
(135, 2, 'Lyca Mobile Fix Plan', 'https://www.bursato.com/images/service-provider/LycaMobileFixPlan1658472319.png', 'active', '2022-07-16 20:57:31', '2022-07-22 10:45:19', NULL),
(136, 203, 'M1', 'https://www.bursato.com/images/service-provider/M11658470887.png', 'active', '2022-07-16 20:57:31', '2022-07-22 10:21:27', NULL),
(137, 153, 'Maroc Telecom', 'https://www.bursato.com/images/service-provider/MarocTelecom1658397370.png', 'active', '2022-07-16 20:57:31', '2022-07-21 13:56:10', NULL),
(138, 250, 'Maxroam Ireland', 'https://www.bursato.com/images/service-provider/MaxroamIreland1658056250.png', 'active', '2022-07-16 20:57:31', '2022-07-17 15:10:50', NULL),
(139, 153, 'Meditel', 'https://www.bursato.com/images/service-provider/Meditel1658472593.png', 'active', '2022-07-16 20:57:31', '2022-07-22 10:49:53', NULL),
(140, 186, 'Megafon Russia', 'https://www.bursato.com/images/service-provider/MegafonRussia1658472676.png', 'active', '2022-07-16 20:57:31', '2022-07-22 10:51:16', NULL),
(141, 48, 'Metfone', 'https://www.bursato.com/images/service-provider/Metfone1658466357.jpg', 'active', '2022-07-16 20:57:31', '2022-07-22 09:05:57', NULL),
(142, 48, 'Mfone', 'https://www.bursato.com/images/service-provider/Mfone1658466384.jpg', 'active', '2022-07-16 20:57:31', '2022-07-22 09:06:24', NULL),
(143, 244, 'Mobifone', 'https://www.bursato.com/images/service-provider/Mobifone1658472810.png', 'active', '2022-07-16 20:57:31', '2022-07-22 10:53:30', NULL),
(144, 171, 'Mobilink (jazz)', 'https://www.bursato.com/images/service-provider/Mobilinkjazz1658473482.png', 'active', '2022-07-16 20:57:31', '2022-07-22 11:04:42', NULL),
(145, 74, 'Mobinil', 'https://www.bursato.com/images/service-provider/Mobinil1658474996.png', 'active', '2022-07-16 20:57:31', '2022-07-22 11:29:56', NULL),
(146, 213, 'Mobitel', 'https://www.bursato.com/images/service-provider/Mobitel1658467338.png', 'active', '2022-07-16 20:57:31', '2022-07-22 09:22:18', NULL),
(147, 31, 'Moov', 'https://www.bursato.com/images/service-provider/Moov1658474756.png', 'active', '2022-07-16 20:57:31', '2022-07-22 11:25:56', NULL),
(148, 72, 'Moun', 'https://www.bursato.com/images/service-provider/no_img.png', 'active', '2022-07-16 20:57:31', '2022-07-16 20:57:31', NULL),
(149, 75, 'Movistar (telefonica)', 'https://www.bursato.com/images/service-provider/Movistartelefonica1658406821.jpg', 'active', '2022-07-16 20:57:31', '2022-07-21 16:33:41', NULL),
(150, 98, 'Movistar (telefonica)', 'https://www.bursato.com/images/service-provider/Movistartelefonica1658406839.jpg', 'active', '2022-07-16 20:57:31', '2022-07-21 16:33:59', NULL),
(151, 19, 'Movistar', 'https://www.bursato.com/images/service-provider/Movistar1658406852.jpg', 'active', '2022-07-16 20:57:32', '2022-07-21 16:34:12', NULL),
(152, 55, 'Movistar', 'https://www.bursato.com/images/service-provider/Movistar1658406864.jpg', 'active', '2022-07-16 20:57:32', '2022-07-21 16:34:24', NULL),
(153, 59, 'Movistar', 'https://www.bursato.com/images/service-provider/Movistar1658406891.jpg', 'active', '2022-07-16 20:57:32', '2022-07-21 16:34:51', NULL),
(154, 73, 'Movistar', 'https://www.bursato.com/images/service-provider/Movistar1658406924.jpg', 'active', '2022-07-16 20:57:32', '2022-07-21 16:35:24', NULL),
(155, 9, 'Movistar', 'https://www.bursato.com/images/service-provider/Movistar1658406940.jpg', 'active', '2022-07-16 20:57:32', '2022-07-21 16:35:40', NULL),
(156, 162, 'Movistar', 'https://www.bursato.com/images/service-provider/Movistar1658406965.jpg', 'active', '2022-07-16 20:57:32', '2022-07-21 16:36:05', NULL),
(157, 174, 'Movistar', 'https://www.bursato.com/images/service-provider/Movistar1658406978.jpg', 'active', '2022-07-16 20:57:32', '2022-07-21 16:36:18', NULL),
(158, 177, 'Movistar', 'https://www.bursato.com/images/service-provider/Movistar1658406993.jpg', 'active', '2022-07-16 20:57:32', '2022-07-21 16:36:33', NULL),
(159, 240, 'Movistar', 'https://www.bursato.com/images/service-provider/Movistar1658406808.jpg', 'active', '2022-07-16 20:57:32', '2022-07-21 16:33:28', NULL),
(160, 250, 'Mtn', 'https://www.bursato.com/images/service-provider/Mtn1658479270.png', 'active', '2022-07-16 20:57:32', '2022-07-22 12:41:10', NULL),
(161, 31, 'Mtn', 'https://www.bursato.com/images/service-provider/Mtn1658479321.png', 'active', '2022-07-16 20:57:32', '2022-07-22 12:42:01', NULL),
(162, 49, 'Mtn', 'https://www.bursato.com/images/service-provider/Mtn1658479339.png', 'active', '2022-07-16 20:57:32', '2022-07-22 12:42:19', NULL),
(163, 91, 'Mtn', 'https://www.bursato.com/images/service-provider/Mtn1658479371.png', 'active', '2022-07-16 20:57:32', '2022-07-22 12:42:51', NULL),
(164, 100, 'Mtn  Conakry', 'https://www.bursato.com/images/service-provider/MtnConakry1658479405.png', 'active', '2022-07-16 20:57:32', '2022-07-22 12:43:25', NULL),
(165, 164, 'Mtn', 'https://www.bursato.com/images/service-provider/Mtn1658479424.png', 'active', '2022-07-16 20:57:32', '2022-07-22 12:43:44', NULL),
(166, 62, 'Mtn Republic Of Congo', 'https://www.bursato.com/images/service-provider/MtnRepublicOfCongo1658479440.png', 'active', '2022-07-16 20:57:32', '2022-07-22 12:44:00', NULL),
(167, 187, 'Mtn', 'https://www.bursato.com/images/service-provider/Mtn1658479456.png', 'active', '2022-07-16 20:57:32', '2022-07-22 12:44:16', NULL),
(168, 209, 'Mtn', 'https://www.bursato.com/images/service-provider/Mtn1658479471.png', 'active', '2022-07-16 20:57:32', '2022-07-22 12:44:31', NULL),
(169, 214, 'Mtn', 'https://www.bursato.com/images/service-provider/Mtn1658479487.png', 'active', '2022-07-16 20:57:32', '2022-07-22 12:44:47', NULL),
(170, 236, 'Mtn', 'https://www.bursato.com/images/service-provider/Mtn1658479502.png', 'active', '2022-07-16 20:57:32', '2022-07-22 12:45:02', NULL),
(171, 247, 'Mtn  (new)', 'https://www.bursato.com/images/service-provider/Mtnnew1658479528.png', 'active', '2022-07-16 20:57:32', '2022-07-22 12:45:28', NULL),
(172, 248, 'Mtn', 'https://www.bursato.com/images/service-provider/Mtn1658479549.png', 'active', '2022-07-16 20:57:32', '2022-07-22 12:45:49', NULL),
(173, 1, 'Mts  New', 'https://www.bursato.com/images/service-provider/MtsNew1658054491.png', 'active', '2022-07-16 20:57:32', '2022-07-17 14:41:31', NULL),
(174, 186, 'Mts Russia', 'https://www.bursato.com/images/service-provider/MtsRussia1658396140.png', 'active', '2022-07-16 20:57:32', '2022-07-21 13:35:40', NULL),
(175, 6, 'Natcom', 'https://www.bursato.com/images/service-provider/Natcom1658474829.jpg', 'active', '2022-07-16 20:57:32', '2022-07-22 11:27:09', NULL),
(176, 208, 'Nationlink  Mogadishu', 'https://www.bursato.com/images/service-provider/NationlinkMogadishu1658474036.png', 'active', '2022-07-16 20:57:32', '2022-07-22 11:13:56', NULL),
(177, 208, 'Nationlink  Puntland', 'https://www.bursato.com/images/service-provider/NationlinkPuntland1658474057.png', 'active', '2022-07-16 20:57:32', '2022-07-22 11:14:17', NULL),
(178, 158, 'Ncell', 'https://www.bursato.com/images/service-provider/Ncell1658474381.png', 'active', '2022-07-16 20:57:32', '2022-07-22 11:19:41', NULL),
(179, 120, 'Neo', 'https://www.bursato.com/images/service-provider/Neo1658474260.png', 'active', '2022-07-16 20:57:32', '2022-07-22 11:17:40', NULL),
(180, 158, 'Telecom Gsm', 'https://www.bursato.com/images/service-provider/TelecomGsm1658397698.png', 'active', '2022-07-16 20:57:32', '2022-07-21 14:01:38', NULL),
(181, 249, 'Netone', 'https://www.bursato.com/images/service-provider/Netone1658474450.png', 'active', '2022-07-16 20:57:32', '2022-07-22 11:20:50', NULL),
(182, 9, 'Nextel  New', 'https://www.bursato.com/images/service-provider/NextelNew1658471278.gif', 'active', '2022-07-16 20:57:32', '2022-07-22 10:27:58', NULL),
(183, 39, 'Oi', 'https://www.bursato.com/images/service-provider/Oi1658472041.png', 'active', '2022-07-16 20:57:32', '2022-07-22 10:40:41', NULL),
(184, 46, 'Onatel', 'https://www.bursato.com/images/service-provider/Onatel1658472144.png', 'active', '2022-07-16 20:57:32', '2022-07-22 10:42:24', NULL),
(185, 20, 'Orange', 'https://www.bursato.com/images/service-provider/Orange1658397925.png', 'active', '2022-07-16 20:57:32', '2022-07-21 14:05:25', NULL),
(186, 49, 'Orange', 'https://www.bursato.com/images/service-provider/Orange1658397938.png', 'active', '2022-07-16 20:57:32', '2022-07-21 14:05:38', NULL),
(187, 72, 'Orange', 'https://www.bursato.com/images/service-provider/Orange1658397950.png', 'active', '2022-07-16 20:57:32', '2022-07-21 14:05:50', NULL),
(188, 100, 'Orange  Conakry', 'https://www.bursato.com/images/service-provider/OrangeConakry1658397984.png', 'active', '2022-07-16 20:57:32', '2022-07-21 14:06:24', NULL),
(189, 121, 'Orange', 'https://www.bursato.com/images/service-provider/Orange1658397997.png', 'active', '2022-07-16 20:57:32', '2022-07-21 14:06:37', NULL),
(190, 136, 'Orange', 'https://www.bursato.com/images/service-provider/Orange1658398007.png', 'active', '2022-07-16 20:57:32', '2022-07-21 14:06:47', NULL),
(191, 140, 'Orange  New', 'https://www.bursato.com/images/service-provider/OrangeNew1658398018.png', 'active', '2022-07-16 20:57:32', '2022-07-21 14:06:58', NULL),
(192, 163, 'Orange', 'https://www.bursato.com/images/service-provider/Orange1658397885.png', 'active', '2022-07-16 20:57:32', '2022-07-21 14:04:45', NULL),
(193, 179, 'Orange', 'https://www.bursato.com/images/service-provider/Orange1658398034.png', 'active', '2022-07-16 20:57:32', '2022-07-21 14:07:14', NULL),
(194, 185, 'Orange', 'https://www.bursato.com/images/service-provider/Orange1658398047.png', 'active', '2022-07-16 20:57:32', '2022-07-21 14:07:27', NULL),
(195, 199, 'Orange (new)', 'https://www.bursato.com/images/service-provider/Orangenew1658398063.png', 'active', '2022-07-16 20:57:32', '2022-07-21 14:07:43', NULL),
(196, 231, 'Orange', 'https://www.bursato.com/images/service-provider/Orange1658398078.png', 'active', '2022-07-16 20:57:32', '2022-07-21 14:07:58', NULL),
(197, 236, 'Orange', 'https://www.bursato.com/images/service-provider/Orange1658398092.png', 'active', '2022-07-16 20:57:32', '2022-07-21 14:08:12', NULL),
(198, 179, 'Play', 'https://www.bursato.com/images/service-provider/Play1658468817.jpg', 'active', '2022-07-16 20:57:32', '2022-07-22 09:46:57', NULL),
(199, 179, 'Polkomtel Plus', 'https://www.bursato.com/images/service-provider/PolkomtelPlus1658468893.jpg', 'active', '2022-07-16 20:57:32', '2022-07-22 09:48:13', NULL),
(200, 48, 'Qb (cadcomms)', 'https://www.bursato.com/images/service-provider/Qbcadcomms1658466472.png', 'active', '2022-07-16 20:57:32', '2022-07-22 09:07:52', NULL),
(201, 89, 'Qcell  (new)', 'https://www.bursato.com/images/service-provider/Qcellnew1658466608.png', 'active', '2022-07-16 20:57:32', '2022-07-22 09:10:08', NULL),
(202, 1, 'Reliance', 'https://www.bursato.com/images/service-provider/Reliance1658054526.png', 'active', '2022-07-16 20:57:32', '2022-07-17 14:42:06', NULL),
(203, 250, 'Roshan', 'https://www.bursato.com/images/service-provider/Roshan1658056595.png', 'active', '2022-07-16 20:57:32', '2022-07-17 15:16:35', NULL),
(204, 247, 'Sabafon', 'https://www.bursato.com/images/service-provider/Sabafon1658469120.jpg', 'active', '2022-07-16 20:57:32', '2022-07-22 09:52:00', NULL),
(205, 121, 'Safaricom', 'https://www.bursato.com/images/service-provider/Safaricom1658469197.png', 'active', '2022-07-16 20:57:32', '2022-07-22 09:53:17', NULL),
(206, 179, 'Sami Swoi', 'https://www.bursato.com/images/service-provider/SamiSwoi1658468945.png', 'active', '2022-07-16 20:57:32', '2022-07-22 09:49:05', NULL),
(207, 244, 'Sfone', 'https://www.bursato.com/images/service-provider/Sfone1658469543.png', 'active', '2022-07-16 20:57:32', '2022-07-22 09:59:03', NULL),
(208, 2, 'Simple Mobile $10 Paygo Ild Addon', 'https://www.bursato.com/images/service-provider/SimpleMobile10PaygoIldAddon1658471738.png', 'active', '2022-07-16 20:57:32', '2022-07-22 10:35:38', NULL),
(209, 2, 'Simplemobile 25.00 Tnt 15day', 'https://www.bursato.com/images/service-provider/Simplemobile25.00Tnt15day1658471799.png', 'active', '2022-07-16 20:57:32', '2022-07-22 10:36:39', NULL),
(210, 2, 'Simplemobile 40.00 Unl Tnt 3g Data', 'https://www.bursato.com/images/service-provider/Simplemobile40.00UnlTnt3gData1658471815.png', 'active', '2022-07-16 20:57:32', '2022-07-22 10:36:55', NULL),
(211, 2, 'Simplemobile 50 Unl Tnt 4g Data', 'https://www.bursato.com/images/service-provider/Simplemobile50UnlTnt4gData1658471829.png', 'active', '2022-07-16 20:57:32', '2022-07-22 10:37:09', NULL),
(212, 2, 'Simplemobile 50.00 Unl 3g Data Ild', 'https://www.bursato.com/images/service-provider/Simplemobile50.00Unl3gDataIld1658471857.png', 'active', '2022-07-16 20:57:32', '2022-07-22 10:37:37', NULL),
(213, 2, 'Simplemobile 55.00 Unl Tnt 4g Data/ild', 'https://www.bursato.com/images/service-provider/Simplemobile55.00UnlTnt4gDataild1658471873.png', 'active', '2022-07-16 20:57:32', '2022-07-22 10:37:53', NULL),
(214, 2, 'Simplemobile 60 Blackberry Unl 4g Data Ild', 'https://www.bursato.com/images/service-provider/Simplemobile60BlackberryUnl4gDataIld1658471886.png', 'active', '2022-07-16 20:57:33', '2022-07-22 10:38:06', NULL),
(215, 203, 'Singtel', 'https://www.bursato.com/images/service-provider/Singtel1658470734.png', 'active', '2022-07-16 20:57:33', '2022-07-22 10:18:54', NULL),
(216, 8, 'Smart', 'https://www.bursato.com/images/service-provider/Smart1658470517.png', 'active', '2022-07-16 20:57:33', '2022-07-22 10:15:17', NULL),
(217, 109, 'Smartfren', 'https://www.bursato.com/images/service-provider/Smartfren1658470427.png', 'active', '2022-07-16 20:57:33', '2022-07-22 10:13:47', NULL),
(218, 208, 'Somtel Somaliland', 'https://www.bursato.com/images/service-provider/SomtelSomaliland1658473905.jpg', 'active', '2022-07-16 20:57:33', '2022-07-22 11:11:45', NULL),
(219, 203, 'Starhub', 'https://www.bursato.com/images/service-provider/Starhub1658470831.png', 'active', '2022-07-16 20:57:33', '2022-07-22 10:20:31', NULL),
(220, 8, 'Sun Cellular', 'https://www.bursato.com/images/service-provider/SunCellular1658398244.png', 'active', '2022-07-16 20:57:33', '2022-07-21 14:10:44', NULL),
(221, 2, 'Sv_dc_topup', 'https://www.bursato.com/images/service-provider/Svdctopup1658472518.png', 'active', '2022-07-16 20:57:33', '2022-07-22 10:48:38', NULL),
(222, 2, 'Tmobile (new)', 'https://www.bursato.com/images/service-provider/Tmobilenew1658055564.png', 'active', '2022-07-16 20:57:33', '2022-07-17 14:59:24', NULL),
(223, 179, 'Tmobile', 'https://www.bursato.com/images/service-provider/Tmobile1658398450.png', 'active', '2022-07-16 20:57:33', '2022-07-21 14:14:10', NULL),
(224, 89, 'Talk N Text Philippines', 'https://www.bursato.com/images/service-provider/TalkNTextPhilippines1658054609.png', 'active', '2022-07-16 20:57:33', '2022-07-17 14:43:29', NULL),
(225, 1, 'Talk N Text Philippines', 'https://www.bursato.com/images/service-provider/TalkNTextPhilippines1658054573.png', 'active', '2022-07-16 20:57:33', '2022-07-17 14:42:53', NULL),
(226, 8, 'Talk N Text Philippines', 'https://www.bursato.com/images/service-provider/TalkNTextPhilippines1658054650.png', 'active', '2022-07-16 20:57:33', '2022-07-17 14:44:10', NULL),
(227, 1, 'Tata Docomo  New', 'https://www.bursato.com/images/service-provider/TataDocomoNew1658054677.png', 'active', '2022-07-16 20:57:33', '2022-07-17 14:44:37', NULL),
(228, 1, 'Tata Indicom', 'https://www.bursato.com/images/service-provider/TataIndicom1658054699.png', 'active', '2022-07-16 20:57:33', '2022-07-17 14:44:59', NULL),
(229, 2, 'Telcel', 'https://www.bursato.com/images/service-provider/Telcel1658398771.jpg', 'active', '2022-07-16 20:57:33', '2022-07-21 14:19:31', NULL),
(230, 2, 'Telcel Mexico', 'https://www.bursato.com/images/service-provider/TelcelMexico1658398803.jpg', 'active', '2022-07-16 20:57:33', '2022-07-21 14:20:03', NULL),
(231, 9, 'Telcel  Mx', 'https://www.bursato.com/images/service-provider/TelcelMx1658398822.jpg', 'active', '2022-07-16 20:57:33', '2022-07-21 14:20:22', NULL),
(232, 132, 'Tele2', 'https://www.bursato.com/images/service-provider/Tele21658467118.png', 'active', '2022-07-16 20:57:33', '2022-07-22 09:18:38', NULL),
(233, 186, 'Tele2 Russia', 'https://www.bursato.com/images/service-provider/Tele2Russia1658467132.png', 'active', '2022-07-16 20:57:33', '2022-07-22 09:18:52', NULL),
(234, 249, 'Telecel', 'https://www.bursato.com/images/service-provider/Telecel1658400794.jpg', 'active', '2022-07-16 20:57:33', '2022-07-21 14:53:14', NULL),
(235, 171, 'Telenor', 'https://www.bursato.com/images/service-provider/Telenor1658398699.jpg', 'active', '2022-07-16 20:57:33', '2022-07-21 14:18:19', NULL),
(236, 200, 'Telenor', 'https://www.bursato.com/images/service-provider/Telenor1658398663.jpg', 'active', '2022-07-16 20:57:33', '2022-07-21 14:17:43', NULL),
(237, 7, 'Teletalk', 'https://www.bursato.com/images/service-provider/Teletalk1658405583.png', 'active', '2022-07-16 20:57:33', '2022-07-21 16:13:03', NULL),
(238, 109, 'Telkom Flexi', 'https://www.bursato.com/images/service-provider/TelkomFlexi1658405476.png', 'active', '2022-07-16 20:57:33', '2022-07-21 16:11:16', NULL),
(239, 109, 'Telkomsel Kartu As', 'https://www.bursato.com/images/service-provider/TelkomselKartuAs1658405321.png', 'active', '2022-07-16 20:57:33', '2022-07-21 16:08:41', NULL),
(240, 109, 'Telkomsel Simpati', 'https://www.bursato.com/images/service-provider/TelkomselSimpati1658405363.png', 'active', '2022-07-16 20:57:33', '2022-07-21 16:09:23', NULL),
(241, 75, 'Test Api', 'https://www.bursato.com/images/service-provider/no_img.png', 'active', '2022-07-16 20:57:33', '2022-07-16 20:57:33', NULL),
(242, 34, 'Tigo Bolivia (new)', 'https://www.bursato.com/images/service-provider/TigoBolivianew1658404938.png', 'active', '2022-07-16 20:57:33', '2022-07-21 16:02:18', NULL),
(243, 59, 'Tigo  (new)', 'https://www.bursato.com/images/service-provider/Tigonew1658404984.png', 'active', '2022-07-16 20:57:33', '2022-07-21 16:03:04', NULL),
(244, 75, 'Tigo  (new)', 'https://www.bursato.com/images/service-provider/Tigonew1658405012.png', 'active', '2022-07-16 20:57:33', '2022-07-21 16:03:32', NULL),
(245, 91, 'Tigo  New', 'https://www.bursato.com/images/service-provider/TigoNew1658405139.png', 'active', '2022-07-16 20:57:33', '2022-07-21 16:05:39', NULL),
(246, 98, 'Tigo', 'https://www.bursato.com/images/service-provider/Tigo1658405035.png', 'active', '2022-07-16 20:57:33', '2022-07-21 16:03:55', NULL),
(247, 105, 'Tigo  New', 'https://www.bursato.com/images/service-provider/TigoNew1658405169.png', 'active', '2022-07-16 20:57:33', '2022-07-21 16:06:09', NULL),
(248, 125, 'Tigo Laos', 'https://www.bursato.com/images/service-provider/TigoLaos1658405188.png', 'active', '2022-07-16 20:57:33', '2022-07-21 16:06:28', NULL),
(249, 176, 'Tigo', 'https://www.bursato.com/images/service-provider/Tigo1658405205.png', 'active', '2022-07-16 20:57:33', '2022-07-21 16:06:45', NULL),
(250, 187, 'Tigo', 'https://www.bursato.com/images/service-provider/Tigo1658405220.png', 'active', '2022-07-16 20:57:33', '2022-07-21 16:07:00', NULL),
(251, 199, 'Tigo (new)', 'https://www.bursato.com/images/service-provider/Tigonew1658405235.png', 'active', '2022-07-16 20:57:33', '2022-07-21 16:07:15', NULL),
(252, 213, 'Tigo', 'https://www.bursato.com/images/service-provider/Tigo1658405249.png', 'active', '2022-07-16 20:57:33', '2022-07-21 16:07:29', NULL),
(253, 224, 'Tigo Tanzania', 'https://www.bursato.com/images/service-provider/TigoTanzania1658404999.png', 'active', '2022-07-16 20:57:33', '2022-07-21 16:03:19', NULL),
(254, 39, 'Tim', 'https://www.bursato.com/images/service-provider/Tim1658471956.png', 'active', '2022-07-16 20:57:33', '2022-07-22 10:39:16', NULL),
(255, 8, 'Touch Mobile', 'https://www.bursato.com/images/service-provider/TouchMobile1658474551.png', 'active', '2022-07-16 20:57:33', '2022-07-22 11:22:31', NULL),
(256, 9, 'Transfer To Test New', 'https://www.bursato.com/images/service-provider/no_img.png', 'active', '2022-07-16 20:57:33', '2022-07-16 20:57:33', NULL),
(257, 72, 'Tricomm', 'https://www.bursato.com/images/service-provider/Tricomm1658474616.png', 'active', '2022-07-16 20:57:33', '2022-07-22 11:23:36', NULL),
(258, 231, 'Na', 'https://www.bursato.com/images/service-provider/no_img.png', 'active', '2022-07-16 20:57:33', '2022-07-16 20:57:33', NULL),
(259, 231, 'Tunisie Telecom', 'https://www.bursato.com/images/service-provider/TunisieTelecom1658397754.png', 'active', '2022-07-16 20:57:33', '2022-07-21 14:02:34', NULL),
(260, 47, 'Ucom', 'https://www.bursato.com/images/service-provider/Ucom1658469832.png', 'active', '2022-07-16 20:57:33', '2022-07-22 10:03:52', NULL),
(261, 59, 'Uff Mobile', 'https://www.bursato.com/images/service-provider/UffMobile1658469898.png', 'active', '2022-07-16 20:57:33', '2022-07-22 10:04:58', NULL),
(262, 171, 'Ufone', 'https://www.bursato.com/images/service-provider/Ufone1658473543.jpg', 'active', '2022-07-16 20:57:33', '2022-07-22 11:05:43', NULL),
(263, 2, 'Ultra Mobile', 'https://www.bursato.com/images/service-provider/UltraMobile1658472423.png', 'active', '2022-07-16 20:57:33', '2022-07-22 10:47:03', NULL),
(264, 2, 'Ultra Mobile Paygo', 'https://www.bursato.com/images/service-provider/UltraMobilePaygo1658472441.png', 'active', '2022-07-16 20:57:33', '2022-07-22 10:47:21', NULL),
(265, 119, 'Umniah', 'https://www.bursato.com/images/service-provider/Umniah1658473646.jpg', 'active', '2022-07-16 20:57:33', '2022-07-22 11:07:26', NULL),
(266, 9, 'Unefon', 'https://www.bursato.com/images/service-provider/Unefon1658471347.jpg', 'active', '2022-07-16 20:57:33', '2022-07-22 10:29:07', NULL),
(267, 1, 'Uninor', 'https://www.bursato.com/images/service-provider/Uninor1658054736.png', 'active', '2022-07-16 20:57:33', '2022-07-17 14:45:36', NULL),
(268, 236, 'Ut Mobile', 'https://www.bursato.com/images/service-provider/UtMobile1658468135.png', 'active', '2022-07-16 20:57:33', '2022-07-22 09:35:35', NULL),
(269, 2, 'Verizon Mobile', 'https://www.bursato.com/images/service-provider/VerizonMobile1658055371.png', 'active', '2022-07-16 20:57:33', '2022-07-17 14:56:11', NULL),
(270, 244, 'Mobile', 'https://www.bursato.com/images/service-provider/Mobile1658473285.png', 'active', '2022-07-16 20:57:33', '2022-07-22 11:01:25', NULL),
(271, 244, 'Viettel', 'https://www.bursato.com/images/service-provider/Viettel1658473352.png', 'active', '2022-07-16 20:57:33', '2022-07-22 11:02:32', NULL),
(272, 244, 'Vinaphone', 'https://www.bursato.com/images/service-provider/Vinaphone1658473092.png', 'active', '2022-07-16 20:57:33', '2022-07-22 10:58:12', NULL),
(273, 1, 'Virgin', 'https://www.bursato.com/images/service-provider/Virgin1658054768.png', 'active', '2022-07-16 20:57:33', '2022-07-17 14:46:08', NULL),
(274, 164, 'Visafone', 'https://www.bursato.com/images/service-provider/Visafone1658467834.png', 'active', '2022-07-16 20:57:33', '2022-07-22 09:30:34', NULL),
(275, 34, 'Viva Bolivia', 'https://www.bursato.com/images/service-provider/VivaBolivia1658407704.jpg', 'active', '2022-07-16 20:57:33', '2022-07-21 16:48:24', NULL),
(276, 72, 'Viva', 'https://www.bursato.com/images/service-provider/Viva1658407688.jpg', 'active', '2022-07-16 20:57:33', '2022-07-21 16:48:08', NULL),
(277, 123, 'Viva', 'https://www.bursato.com/images/service-provider/Viva1658407731.jpg', 'active', '2022-07-16 20:57:33', '2022-07-21 16:48:51', NULL),
(278, 20, 'Vivacellmts', 'https://www.bursato.com/images/service-provider/Vivacellmts1658407759.jpg', 'active', '2022-07-16 20:57:33', '2022-07-21 16:49:19', NULL),
(279, 39, 'Vivo', 'https://www.bursato.com/images/service-provider/Vivo1658408730.jpg', 'active', '2022-07-16 20:57:33', '2022-07-21 17:05:30', NULL),
(280, 209, 'Vodacom', 'https://www.bursato.com/images/service-provider/Vodacom1658407610.jpg', 'active', '2022-07-16 20:57:34', '2022-07-21 16:46:50', NULL),
(281, 224, 'Vodacom Tanzania', 'https://www.bursato.com/images/service-provider/VodacomTanzania1658407627.jpg', 'active', '2022-07-16 20:57:34', '2022-07-21 16:47:07', NULL),
(282, 74, 'Vodafone', 'https://www.bursato.com/images/service-provider/Vodafone1658054932.png', 'active', '2022-07-16 20:57:34', '2022-07-17 14:48:52', NULL),
(283, 91, 'Vodafone  New', 'https://www.bursato.com/images/service-provider/VodafoneNew1658054854.png', 'active', '2022-07-16 20:57:34', '2022-07-17 14:47:34', NULL),
(284, 1, 'Vodafone  (new)', 'https://www.bursato.com/images/service-provider/Vodafonenew1658054819.png', 'active', '2022-07-16 20:57:34', '2022-07-17 14:46:59', NULL),
(285, 185, 'Vodafone', 'https://www.bursato.com/images/service-provider/Vodafone1658054888.png', 'active', '2022-07-16 20:57:34', '2022-07-17 14:48:08', NULL),
(286, 232, 'Vodafone', 'https://www.bursato.com/images/service-provider/Vodafone1658404371.png', 'active', '2022-07-16 20:57:34', '2022-07-21 15:52:51', NULL),
(287, 171, 'Warid', 'https://www.bursato.com/images/service-provider/Warid1658404460.png', 'active', '2022-07-16 20:57:34', '2022-07-21 15:54:20', NULL),
(288, 236, 'Warid', 'https://www.bursato.com/images/service-provider/Warid1658404474.png', 'active', '2022-07-16 20:57:34', '2022-07-21 15:54:34', NULL),
(289, 173, 'Wataniya Palestine', 'https://www.bursato.com/images/service-provider/WataniyaPalestine1658408806.jpg', 'active', '2022-07-16 20:57:34', '2022-07-21 17:06:46', NULL),
(290, 123, 'Watanyia', 'https://www.bursato.com/images/service-provider/Watanyia1658408893.jpg', 'active', '2022-07-16 20:57:34', '2022-07-21 17:08:13', NULL),
(291, 109, 'Xl Axiata', 'https://www.bursato.com/images/service-provider/XlAxiata1658470323.png', 'active', '2022-07-16 20:57:34', '2022-07-22 10:12:03', NULL),
(292, 121, 'Yu (essar)', 'https://www.bursato.com/images/service-provider/Yuessar1658470242.png', 'active', '2022-07-16 20:57:34', '2022-07-22 10:10:42', NULL),
(293, 119, 'Zain', 'https://www.bursato.com/images/service-provider/Zain1658404339.jpg', 'active', '2022-07-16 20:57:34', '2022-07-21 15:52:19', NULL),
(294, 123, 'Zain  New', 'https://www.bursato.com/images/service-provider/ZainNew1658404326.jpg', 'active', '2022-07-16 20:57:34', '2022-07-21 15:52:06', NULL),
(295, 214, 'Zain', 'https://www.bursato.com/images/service-provider/Zain1658404315.jpg', 'active', '2022-07-16 20:57:34', '2022-07-21 15:51:55', NULL),
(296, 248, 'Zamtel', 'https://www.bursato.com/images/service-provider/Zamtel1658404248.png', 'active', '2022-07-16 20:57:34', '2022-07-21 15:50:48', NULL),
(297, 224, 'Zantel Tanzania', 'https://www.bursato.com/images/service-provider/ZantelTanzania1658404163.png', 'active', '2022-07-16 20:57:34', '2022-07-21 15:49:23', NULL),
(298, 171, 'Zong', 'https://www.bursato.com/images/service-provider/Zong1658394763.jpg', 'active', '2022-07-16 20:57:34', '2022-07-21 13:12:43', NULL);

-- --------------------------------------------------------

--
-- Table structure for table `settings`
--

CREATE TABLE `settings` (
  `id` int(10) UNSIGNED NOT NULL,
  `code` varchar(191) COLLATE utf8_unicode_ci NOT NULL,
  `type` enum('BOOLEAN','NUMBER','DATE','TEXT','SELECT','FILE','TEXTAREA') COLLATE utf8_unicode_ci NOT NULL,
  `label` varchar(191) COLLATE utf8_unicode_ci NOT NULL,
  `value` longtext COLLATE utf8_unicode_ci DEFAULT NULL,
  `hidden` tinyint(1) NOT NULL,
  `created_at` timestamp NULL DEFAULT NULL,
  `updated_at` timestamp NULL DEFAULT NULL
) ENGINE=InnoDB DEFAULT CHARSET=utf8 COLLATE=utf8_unicode_ci;

--
-- Dumping data for table `settings`
--

INSERT INTO `settings` (`id`, `code`, `type`, `label`, `value`, `hidden`, `created_at`, `updated_at`) VALUES
(1, 'first', 'FILE', 'first', 'login.png', 0, '2021-10-05 07:34:15', '2022-07-16 12:56:55'),
(2, 'favicon_logo', 'FILE', 'Favicon Logo', 'favicon_logo.png', 0, '2021-10-05 07:34:15', '2021-10-24 05:12:43'),
(3, 'application_title', 'TEXT', 'Application Title', 'google-pay.png', 0, '2021-10-05 07:34:15', '2022-07-14 17:25:38'),
(4, 'copyright1', 'TEXT', 'Copy Right1', 'kb-article.jpg', 0, '2021-10-05 07:34:15', '2022-01-30 08:12:54');

-- --------------------------------------------------------

--
-- Table structure for table `sliders`
--

CREATE TABLE `sliders` (
  `id` int(11) NOT NULL,
  `type` varchar(255) DEFAULT NULL,
  `status` enum('active','inactive') DEFAULT NULL,
  `created_at` timestamp NULL DEFAULT NULL,
  `updated_at` timestamp NULL DEFAULT NULL,
  `deleted_at` timestamp NULL DEFAULT NULL
) ENGINE=InnoDB DEFAULT CHARSET=utf8mb4;

--
-- Dumping data for table `sliders`
--

INSERT INTO `sliders` (`id`, `type`, `status`, `created_at`, `updated_at`, `deleted_at`) VALUES
(16, 'top', 'active', '2022-01-31 11:47:19', '2022-01-31 14:36:28', '2022-01-31 14:36:28'),
(17, 'left', 'active', '2022-01-31 14:25:34', '2022-01-31 14:36:44', '2022-01-31 14:36:44'),
(18, 'top', 'active', '2022-01-31 14:37:10', '2022-02-07 07:01:21', NULL),
(19, 'top', 'active', '2022-01-31 15:05:21', '2022-01-31 15:05:21', NULL),
(20, 'left', 'active', '2022-02-01 09:04:36', '2022-02-01 09:54:19', NULL),
(21, 'top', 'active', '2022-02-17 11:20:27', '2022-02-17 11:20:27', NULL);

-- --------------------------------------------------------

--
-- Table structure for table `sliders_image`
--

CREATE TABLE `sliders_image` (
  `id` int(11) NOT NULL,
  `sliders_id` int(11) DEFAULT NULL,
  `image` varchar(255) DEFAULT NULL,
  `title` varchar(255) DEFAULT NULL,
  `text_position` varchar(255) DEFAULT NULL,
  `description` text DEFAULT NULL,
  `created_at` timestamp NULL DEFAULT NULL,
  `updated_at` timestamp NULL DEFAULT NULL,
  `deleted_at` timestamp NULL DEFAULT NULL
) ENGINE=InnoDB DEFAULT CHARSET=utf8mb4;

-- --------------------------------------------------------

--
-- Table structure for table `states`
--

CREATE TABLE `states` (
  `id` int(11) NOT NULL,
  `name` varchar(255) DEFAULT NULL,
  `abbreviation` varchar(100) DEFAULT NULL,
  `country_id` int(11) DEFAULT NULL,
  `status` varchar(255) DEFAULT NULL,
  `created_at` timestamp NULL DEFAULT NULL,
  `updated_at` timestamp NULL DEFAULT NULL,
  `deleted_at` timestamp NULL DEFAULT NULL
) ENGINE=InnoDB DEFAULT CHARSET=utf8mb4;

--
-- Dumping data for table `states`
--

INSERT INTO `states` (`id`, `name`, `abbreviation`, `country_id`, `status`, `created_at`, `updated_at`, `deleted_at`) VALUES
(1, 'Alabama', 'AL', 2, 'active', '2022-04-09 10:50:18', '2022-04-21 01:21:02', NULL),
(2, 'Alaska', 'AK', 2, 'active', '2022-04-09 10:50:18', '2022-04-09 10:50:18', NULL),
(3, 'Arizona', 'AZ', 2, 'active', '2022-04-09 10:50:18', '2022-04-09 10:50:18', NULL),
(4, 'Arkansas', 'AR', 2, 'active', '2022-04-09 10:50:18', '2022-04-09 10:50:18', NULL),
(5, 'California', 'CA', 2, 'active', '2022-04-09 10:50:18', '2022-04-09 10:50:18', NULL),
(6, 'Colorado', 'CO', 2, 'active', '2022-04-09 10:50:18', '2022-04-09 10:50:18', NULL),
(7, 'Connecticut', 'CT', 2, 'active', '2022-04-09 10:50:18', '2022-04-09 10:50:18', NULL),
(8, 'Delaware', 'DE', 2, 'active', '2022-04-09 10:50:18', '2022-04-09 10:50:18', NULL),
(9, 'District of Columbia', 'DC', 2, 'active', '2022-04-09 10:50:18', '2022-04-09 10:50:18', NULL),
(10, 'Florida', 'FL', 2, 'active', '2022-04-09 10:50:18', '2022-04-09 10:50:18', NULL),
(11, 'Georgia', 'GA', 2, 'active', '2022-04-09 10:50:18', '2022-04-09 10:50:18', NULL),
(12, 'Hawaii', 'HI', 2, 'active', '2022-04-09 10:50:18', '2022-04-09 10:50:18', NULL),
(13, 'Idaho', 'ID', 2, 'active', '2022-04-09 10:50:18', '2022-04-09 10:50:18', NULL),
(14, 'Illinois', 'IL', 2, 'active', '2022-04-09 10:50:18', '2022-04-09 10:50:18', NULL),
(15, 'Indiana', 'IN', 2, 'active', '2022-04-09 10:50:18', '2022-04-09 10:50:18', NULL),
(16, 'Iowa', 'IA', 2, 'active', '2022-04-09 10:50:18', '2022-04-09 10:50:18', NULL),
(17, 'Kansas', 'KS', 2, 'active', '2022-04-09 10:50:18', '2022-04-09 10:50:18', NULL),
(18, 'Kentucky', 'KY', 2, 'active', '2022-04-09 10:50:18', '2022-04-09 10:50:18', NULL),
(19, 'Louisiana', 'LA', 2, 'active', '2022-04-09 10:50:18', '2022-04-09 10:50:18', NULL),
(20, 'Maine', 'ME', 2, 'active', '2022-04-09 10:50:18', '2022-04-09 10:50:18', NULL),
(21, 'Montana', 'MT', 2, 'active', '2022-04-09 10:50:18', '2022-04-09 10:50:18', NULL),
(22, 'Nebraska', 'NE', 2, 'active', '2022-04-09 10:50:18', '2022-04-09 10:50:18', NULL),
(23, 'Nevada', 'NV', 2, 'active', '2022-04-09 10:50:18', '2022-04-09 10:50:18', NULL),
(24, 'New Hampshire', 'NH', 2, 'active', '2022-04-09 10:50:18', '2022-04-09 10:50:18', NULL),
(25, 'New Jersey', 'NJ', 2, 'active', '2022-04-09 10:50:18', '2022-04-09 10:50:18', NULL),
(26, 'New Mexico', 'NM', 2, 'active', '2022-04-09 10:50:18', '2022-04-09 10:50:18', NULL),
(27, 'New York', 'NY', 2, 'active', '2022-04-09 10:50:18', '2022-04-09 10:50:18', NULL),
(28, 'North Carolina', 'NC', 2, 'active', '2022-04-09 10:50:18', '2022-04-09 10:50:18', NULL),
(29, 'North Dakota', 'ND', 2, 'active', '2022-04-09 10:50:18', '2022-04-09 10:50:18', NULL),
(30, 'Ohio', 'OH', 2, 'active', '2022-04-09 10:50:18', '2022-04-09 10:50:18', NULL),
(31, 'Oklahoma', 'OK', 2, 'active', '2022-04-09 10:50:18', '2022-04-09 10:50:18', NULL),
(32, 'Oregon', 'OR', 2, 'active', '2022-04-09 10:50:18', '2022-04-09 10:50:18', NULL),
(33, 'Maryland', 'MD', 2, 'active', '2022-04-09 10:50:18', '2022-04-09 10:50:18', NULL),
(34, 'Massachusetts', 'MA', 2, 'active', '2022-04-09 10:50:18', '2022-04-09 10:50:18', NULL),
(35, 'Michigan', 'MI', 2, 'active', '2022-04-09 10:50:18', '2022-04-09 10:50:18', NULL),
(36, 'Minnesota', 'MN', 2, 'active', '2022-04-09 10:50:18', '2022-04-09 10:50:18', NULL),
(37, 'Mississippi', 'MS', 2, 'active', '2022-04-09 10:50:18', '2022-04-09 10:50:18', NULL),
(38, 'Missouri', 'MO', 2, 'active', '2022-04-09 10:50:18', '2022-04-09 10:50:18', NULL),
(39, 'Pennsylvania', 'PA', 2, 'active', '2022-04-09 10:50:18', '2022-04-09 10:50:18', NULL),
(40, 'Rhode Island', 'RI', 2, 'active', '2022-04-09 10:50:18', '2022-04-09 10:50:18', NULL),
(41, 'South Carolina', 'SC', 2, 'active', '2022-04-09 10:50:18', '2022-04-09 10:50:18', NULL),
(42, 'South Dakota', 'SD', 2, 'active', '2022-04-09 10:50:18', '2022-04-09 10:50:18', NULL),
(43, 'Tennessee', 'TN', 2, 'active', '2022-04-09 10:50:18', '2022-04-09 10:50:18', NULL),
(44, 'Texas', 'TX', 2, 'active', '2022-04-09 10:50:18', '2022-04-09 10:50:18', NULL),
(45, 'Utah', 'UT', 2, 'active', '2022-04-09 10:50:18', '2022-04-09 10:50:18', NULL),
(46, 'Vermont', 'VT', 2, 'active', '2022-04-09 10:50:18', '2022-04-09 10:50:18', NULL),
(47, 'Virginia', 'VA', 2, 'active', '2022-04-09 10:50:18', '2022-04-09 10:50:18', NULL),
(48, 'Washington', 'WA', 2, 'active', '2022-04-09 10:50:18', '2022-04-09 10:50:18', NULL),
(49, 'West Virginia', 'WV', 2, 'active', '2022-04-09 10:50:18', '2022-04-09 10:50:18', NULL),
(50, 'Wisconsin', 'WI', 2, 'active', '2022-04-09 10:50:18', '2022-04-09 10:50:18', NULL),
(51, 'Wyoming', 'WY', 2, 'active', '2022-04-09 10:50:18', '2022-04-09 10:50:18', NULL),
(52, 'test 1', NULL, 2, 'active', '2022-04-21 01:28:34', '2022-04-21 03:12:00', '2022-04-21 03:12:00'),
(53, 'Baroda', NULL, 1, 'active', '2022-04-21 03:12:42', '2022-04-21 03:13:42', '2022-04-21 03:13:42'),
(54, 'testcase1', NULL, 1, 'active', '2022-07-06 14:44:06', '2022-07-06 14:44:25', '2022-07-06 14:44:25'),
(55, 'Botad', NULL, 1, 'active', '2022-07-14 16:00:55', '2022-07-14 16:03:36', '2022-07-14 16:03:36'),
(56, 'Botad', NULL, 1, 'active', '2022-07-14 16:02:45', '2022-07-14 16:02:54', '2022-07-14 16:02:54'),
(57, 'Botad11', NULL, 1, 'active', '2022-07-14 16:02:45', '2022-07-14 16:03:28', '2022-07-14 16:03:28'),
(58, 'Gujrat', NULL, 253, 'active', '2022-07-16 09:31:54', '2022-07-16 10:09:31', '2022-07-16 10:09:31'),
(59, 'test22', NULL, 6, 'active', '2022-07-16 12:04:03', '2022-07-16 12:04:28', '2022-07-16 12:04:28');

-- --------------------------------------------------------

--
-- Table structure for table `subscriber`
--

CREATE TABLE `subscriber` (
  `id` int(11) NOT NULL,
  `email` varchar(255) DEFAULT NULL,
  `created_at` timestamp NULL DEFAULT NULL,
  `updated_at` timestamp NULL DEFAULT NULL,
  `deleted_at` timestamp NULL DEFAULT NULL,
  `otp` varchar(255) DEFAULT NULL
) ENGINE=InnoDB DEFAULT CHARSET=utf8mb4;

-- --------------------------------------------------------

--
-- Table structure for table `topup_order`
--

CREATE TABLE `topup_order` (
  `id` int(11) NOT NULL,
  `type` varchar(255) DEFAULT NULL,
  `isd_code` varchar(255) DEFAULT NULL,
  `phone_no` varchar(255) DEFAULT NULL,
  `operator_type` varchar(255) DEFAULT NULL,
  `amount_type` varchar(255) DEFAULT NULL,
  `amount` varchar(255) DEFAULT NULL,
  `mobifin_transaction` varchar(50) DEFAULT NULL,
  `mobifin_reuqest_id` varchar(50) DEFAULT NULL,
  `product_amount` varchar(255) DEFAULT NULL,
  `country_id` bigint(20) DEFAULT NULL,
  `user_id` bigint(20) DEFAULT NULL,
  `status` varchar(255) DEFAULT NULL,
  `credit_card_id` bigint(20) UNSIGNED DEFAULT NULL,
  `address_id` bigint(20) UNSIGNED DEFAULT NULL,
  `plan_id` bigint(20) UNSIGNED DEFAULT NULL,
  `payment_response` text DEFAULT NULL,
  `transaction_id` varchar(200) DEFAULT NULL,
  `coupon_id` int(11) DEFAULT NULL,
  `coupon_amount` float(10,2) DEFAULT NULL,
  `number_of_usage` int(10) DEFAULT NULL,
  `payment_status` varchar(255) CHARACTER SET utf8 DEFAULT NULL,
  `payment_date` varchar(255) CHARACTER SET utf8 DEFAULT NULL,
  `mobifin_status` varchar(50) DEFAULT NULL,
  `mobifin_response` text CHARACTER SET utf8 DEFAULT NULL,
  `refund_response` longtext CHARACTER SET utf8 DEFAULT NULL,
  `refund_transaction_id` varchar(255) CHARACTER SET utf8 DEFAULT NULL,
  `refund_status` varchar(255) CHARACTER SET utf8 DEFAULT NULL,
  `client_reference_code` varchar(255) CHARACTER SET utf8 DEFAULT NULL,
  `created_at` timestamp NULL DEFAULT NULL,
  `updated_at` timestamp NULL DEFAULT NULL,
  `deleted_at` timestamp NULL DEFAULT NULL
) ENGINE=InnoDB DEFAULT CHARSET=utf8mb4;

--
-- Dumping data for table `topup_order`
--

INSERT INTO `topup_order` (`id`, `type`, `isd_code`, `phone_no`, `operator_type`, `amount_type`, `amount`, `mobifin_transaction`, `mobifin_reuqest_id`, `product_amount`, `country_id`, `user_id`, `status`, `credit_card_id`, `address_id`, `plan_id`, `payment_response`, `transaction_id`, `coupon_id`, `coupon_amount`, `number_of_usage`, `payment_status`, `payment_date`, `mobifin_status`, `mobifin_response`, `refund_response`, `refund_transaction_id`, `refund_status`, `client_reference_code`, `created_at`, `updated_at`, `deleted_at`) VALUES
(1, 'top-up', NULL, '1234567890', 'NatCom', NULL, '100', '10', NULL, NULL, 6, 4, 'active', 1, NULL, NULL, NULL, NULL, NULL, NULL, NULL, NULL, NULL, NULL, NULL, NULL, NULL, NULL, NULL, '2022-07-16 11:27:44', '2022-07-16 11:29:00', NULL),
(2, 'top-up', NULL, '7894561230', 'airtel', NULL, '10', NULL, NULL, NULL, 1, 9, 'active', 1, 1, 31, '[{},201,{\"0\":\"HTTP\\/1.1 201 Created\",\"Cache-Control\":\"no-cache, no-store, must-revalidate\",\"Pragma\":\"no-cache\",\"Expires\":\"-1\",\"Strict-Transport-Security\":\"max-age=31536000\",\"Content-Type\":\"application\\/hal+json\",\"Content-Length\":\"834\",\"x-response-time\":\"149ms\",\"X-OPNET-Transaction-Trace\":\"076e79b4-a8f7-46bb-85f3-a426f826e309\",\"Connection\":\"keep-alive\",\"v-c-correlation-id\":\"8cff9ca4-74f5-4e98-a3e1-bd68b3fdac56\"}]', '6579622212236950404953', NULL, NULL, 0, 'failed', '2022-07-16', 'Fail', '{\"response\":{\"ResponseCode\":\"1\",\"ResponseDescription\":\"Fail\"},\"error\":\"\",\"request_info\":{\"url\":\"http:\\/\\/cnr-tws.panamaxil.com\\/productrest\\/productrest\",\"content_type\":\"text\\/html; charset=UTF-8\",\"http_code\":200,\"header_size\":445,\"request_size\":593,\"filetime\":-1,\"ssl_verify_result\":0,\"redirect_count\":0,\"total_time\":28.036079,\"namelookup_time\":0.004453,\"connect_time\":0.004803,\"pretransfer_time\":0.004881,\"size_upload\":439,\"size_download\":99,\"speed_download\":3,\"speed_upload\":15,\"download_content_length\":99,\"upload_content_length\":439,\"starttransfer_time\":28.03603,\"redirect_time\":0,\"redirect_url\":\"\",\"primary_ip\":\"10.30.150.40\",\"certinfo\":[],\"primary_port\":80,\"local_ip\":\"10.30.150.39\",\"local_port\":48562}}', '{\n    \"_links\": {\n        \"self\": {\n            \"href\": \"\\/pts\\/v2\\/refunds\\/6579622501156086904951\",\n            \"method\": \"GET\"\n        },\n        \"void\": {\n            \"href\": \"\\/pts\\/v2\\/refunds\\/6579622501156086904951\\/voids\",\n            \"method\": \"POST\"\n        }\n    },\n    \"id\": \"6579622501156086904951\",\n    \"submitTimeUtc\": \"2022-07-16T09:04:10Z\",\n    \"status\": \"PENDING\",\n    \"reconciliationId\": \"6100439321\",\n    \"clientReferenceInformation\": {\n        \"code\": \"TC50171_3\"\n    },\n    \"refundAmountDetails\": {\n        \"refundAmount\": \"10.00\",\n        \"currency\": \"USD\"\n    },\n    \"processorInformation\": {\n        \"approvalCode\": \"123456\",\n        \"merchantNumber\": \"00006875546\",\n        \"responseCode\": \"A\"\n    },\n    \"orderInformation\": {}\n}', '6579622501156086904951', 'PENDING', NULL, '2022-07-16 13:03:17', '2022-07-16 13:03:45', NULL),
(3, 'top-up', NULL, '7894561230', 'airtel', NULL, '10', NULL, NULL, NULL, 1, 9, 'active', 1, 2, 31, '[{},201,{\"0\":\"HTTP\\/1.1 201 Created\",\"Cache-Control\":\"no-cache, no-store, must-revalidate\",\"Pragma\":\"no-cache\",\"Expires\":\"-1\",\"Strict-Transport-Security\":\"max-age=31536000\",\"Content-Type\":\"application\\/hal+json\",\"Content-Length\":\"834\",\"x-response-time\":\"180ms\",\"X-OPNET-Transaction-Trace\":\"61bf546e-87ec-4e85-b204-0e5bac298831\",\"Connection\":\"keep-alive\",\"v-c-correlation-id\":\"24388d0b-b5f3-42ec-8ba5-e4c230fcb063\"}]', '6579623507406089904951', NULL, NULL, 0, 'failed', '2022-07-16', 'Fail', '{\"response\":{\"ResponseCode\":\"1\",\"ResponseDescription\":\"Fail\"},\"error\":\"\",\"request_info\":{\"url\":\"http:\\/\\/cnr-tws.panamaxil.com\\/productrest\\/productrest\",\"content_type\":\"text\\/html; charset=UTF-8\",\"http_code\":200,\"header_size\":445,\"request_size\":593,\"filetime\":-1,\"ssl_verify_result\":0,\"redirect_count\":0,\"total_time\":12.036555,\"namelookup_time\":0.004235,\"connect_time\":0.004681,\"pretransfer_time\":0.004757,\"size_upload\":439,\"size_download\":99,\"speed_download\":8,\"speed_upload\":36,\"download_content_length\":99,\"upload_content_length\":439,\"starttransfer_time\":12.036481,\"redirect_time\":0,\"redirect_url\":\"\",\"primary_ip\":\"10.30.150.40\",\"certinfo\":[],\"primary_port\":80,\"local_ip\":\"10.30.150.39\",\"local_port\":48608}}', '{\n    \"_links\": {\n        \"self\": {\n            \"href\": \"\\/pts\\/v2\\/refunds\\/6579623636896957504953\",\n            \"method\": \"GET\"\n        },\n        \"void\": {\n            \"href\": \"\\/pts\\/v2\\/refunds\\/6579623636896957504953\\/voids\",\n            \"method\": \"POST\"\n        }\n    },\n    \"id\": \"6579623636896957504953\",\n    \"submitTimeUtc\": \"2022-07-16T09:06:03Z\",\n    \"status\": \"PENDING\",\n    \"reconciliationId\": \"6100439313\",\n    \"clientReferenceInformation\": {\n        \"code\": \"TC50171_3\"\n    },\n    \"refundAmountDetails\": {\n        \"refundAmount\": \"10.00\",\n        \"currency\": \"USD\"\n    },\n    \"processorInformation\": {\n        \"approvalCode\": \"123456\",\n        \"merchantNumber\": \"00006875546\",\n        \"responseCode\": \"A\"\n    },\n    \"orderInformation\": {}\n}', '6579623636896957504953', 'PENDING', NULL, '2022-07-16 13:05:26', '2022-07-16 13:05:39', NULL),
(4, 'top-up', NULL, '7894561230', 'airtel', NULL, '10', NULL, NULL, NULL, 1, 9, 'active', 1, 3, 31, '[{},201,{\"0\":\"HTTP\\/1.1 201 Created\",\"Cache-Control\":\"no-cache, no-store, must-revalidate\",\"Pragma\":\"no-cache\",\"Expires\":\"-1\",\"Strict-Transport-Security\":\"max-age=31536000\",\"Content-Type\":\"application\\/hal+json\",\"Content-Length\":\"834\",\"x-response-time\":\"153ms\",\"Connection\":\"keep-alive\",\"v-c-correlation-id\":\"5d693f29-6903-49b1-8ed9-3a0757828f04\"}]', '6579624645466959004953', NULL, NULL, 0, 'failed', '2022-07-16', 'Fail', '{\"response\":{\"ResponseCode\":\"1\",\"ResponseDescription\":\"Fail\"},\"error\":\"\",\"request_info\":{\"url\":\"http:\\/\\/cnr-tws.panamaxil.com\\/productrest\\/productrest\",\"content_type\":\"text\\/html; charset=UTF-8\",\"http_code\":200,\"header_size\":445,\"request_size\":593,\"filetime\":-1,\"ssl_verify_result\":0,\"redirect_count\":0,\"total_time\":12.039489,\"namelookup_time\":0.004281,\"connect_time\":0.004689,\"pretransfer_time\":0.00476,\"size_upload\":439,\"size_download\":99,\"speed_download\":8,\"speed_upload\":36,\"download_content_length\":99,\"upload_content_length\":439,\"starttransfer_time\":12.039438,\"redirect_time\":0,\"redirect_url\":\"\",\"primary_ip\":\"10.30.150.40\",\"certinfo\":[],\"primary_port\":80,\"local_ip\":\"10.30.150.39\",\"local_port\":48646}}', '{\n    \"_links\": {\n        \"self\": {\n            \"href\": \"\\/pts\\/v2\\/refunds\\/6579624774546095404951\",\n            \"method\": \"GET\"\n        },\n        \"void\": {\n            \"href\": \"\\/pts\\/v2\\/refunds\\/6579624774546095404951\\/voids\",\n            \"method\": \"POST\"\n        }\n    },\n    \"id\": \"6579624774546095404951\",\n    \"submitTimeUtc\": \"2022-07-16T09:07:57Z\",\n    \"status\": \"PENDING\",\n    \"reconciliationId\": \"6100439322\",\n    \"clientReferenceInformation\": {\n        \"code\": \"TC50171_3\"\n    },\n    \"refundAmountDetails\": {\n        \"refundAmount\": \"10.00\",\n        \"currency\": \"USD\"\n    },\n    \"processorInformation\": {\n        \"approvalCode\": \"123456\",\n        \"merchantNumber\": \"00006875546\",\n        \"responseCode\": \"A\"\n    },\n    \"orderInformation\": {}\n}', '6579624774546095404951', 'PENDING', NULL, '2022-07-16 13:07:20', '2022-07-16 13:07:33', NULL),
(5, 'top-up', '+91', '6178045665', 'Aircel', NULL, '10', NULL, NULL, NULL, 1, 14, 'active', 1, 4, 22, '[{},201,{\"0\":\"HTTP\\/1.1 201 Created\",\"Cache-Control\":\"no-cache, no-store, must-revalidate\",\"Pragma\":\"no-cache\",\"Expires\":\"-1\",\"Strict-Transport-Security\":\"max-age=31536000\",\"Content-Type\":\"application\\/hal+json\",\"Content-Length\":\"834\",\"x-response-time\":\"210ms\",\"X-OPNET-Transaction-Trace\":\"a76ff640-bf72-4547-9b73-4aac9c33c80d\",\"Connection\":\"keep-alive\",\"v-c-correlation-id\":\"465c45c2-efe8-417f-8ef5-34d15b31201a\"}]', '6579892291986029204953', NULL, NULL, 0, 'failed', '2022-07-16', 'Fail', '{\"response\":{\"ResponseCode\":\"1\",\"ResponseDescription\":\"Fail\"},\"error\":\"\",\"request_info\":{\"url\":\"http:\\/\\/cnr-tws.panamaxil.com\\/productrest\\/productrest\",\"content_type\":\"text\\/html; charset=UTF-8\",\"http_code\":200,\"header_size\":445,\"request_size\":575,\"filetime\":-1,\"ssl_verify_result\":0,\"redirect_count\":0,\"total_time\":11.809956,\"namelookup_time\":0.004221,\"connect_time\":0.004526,\"pretransfer_time\":0.00459,\"size_upload\":421,\"size_download\":99,\"speed_download\":8,\"speed_upload\":35,\"download_content_length\":99,\"upload_content_length\":421,\"starttransfer_time\":11.809903,\"redirect_time\":0,\"redirect_url\":\"\",\"primary_ip\":\"10.30.150.40\",\"certinfo\":[],\"primary_port\":80,\"local_ip\":\"10.30.150.39\",\"local_port\":49750}}', '{\n    \"_links\": {\n        \"self\": {\n            \"href\": \"\\/pts\\/v2\\/refunds\\/6579892419656175104951\",\n            \"method\": \"GET\"\n        },\n        \"void\": {\n            \"href\": \"\\/pts\\/v2\\/refunds\\/6579892419656175104951\\/voids\",\n            \"method\": \"POST\"\n        }\n    },\n    \"id\": \"6579892419656175104951\",\n    \"submitTimeUtc\": \"2022-07-16T16:34:02Z\",\n    \"status\": \"PENDING\",\n    \"reconciliationId\": \"6100439561\",\n    \"clientReferenceInformation\": {\n        \"code\": \"TC50171_3\"\n    },\n    \"refundAmountDetails\": {\n        \"refundAmount\": \"10.00\",\n        \"currency\": \"USD\"\n    },\n    \"processorInformation\": {\n        \"approvalCode\": \"123456\",\n        \"merchantNumber\": \"00006875546\",\n        \"responseCode\": \"A\"\n    },\n    \"orderInformation\": {}\n}', '6579892419656175104951', 'PENDING', NULL, '2022-07-16 20:33:25', '2022-07-16 20:33:37', NULL),
(6, 'top-up', NULL, '9999999999', 'Aircel', NULL, '10', NULL, NULL, NULL, 1, 11, 'active', 1, 5, 19, '[{},201,{\"0\":\"HTTP\\/1.1 201 Created\",\"Cache-Control\":\"no-cache, no-store, must-revalidate\",\"Pragma\":\"no-cache\",\"Expires\":\"-1\",\"Strict-Transport-Security\":\"max-age=31536000\",\"Content-Type\":\"application\\/hal+json\",\"Content-Length\":\"834\",\"x-response-time\":\"147ms\",\"Connection\":\"keep-alive\",\"v-c-correlation-id\":\"15d14a36-46b2-44b7-b6c9-e855f6ce8020\"}]', '6580018523286721404951', NULL, NULL, 0, 'failed', '2022-07-16', 'Fail', '{\"response\":{\"ResponseCode\":\"1\",\"ResponseDescription\":\"Fail\"},\"error\":\"\",\"request_info\":{\"url\":\"http:\\/\\/cnr-tws.panamaxil.com\\/productrest\\/productrest\",\"content_type\":\"text\\/html; charset=UTF-8\",\"http_code\":200,\"header_size\":445,\"request_size\":593,\"filetime\":-1,\"ssl_verify_result\":0,\"redirect_count\":0,\"total_time\":21.804992,\"namelookup_time\":0.004235,\"connect_time\":0.004615,\"pretransfer_time\":0.004853,\"size_upload\":439,\"size_download\":99,\"speed_download\":4,\"speed_upload\":20,\"download_content_length\":99,\"upload_content_length\":439,\"starttransfer_time\":21.80494,\"redirect_time\":0,\"redirect_url\":\"\",\"primary_ip\":\"10.30.150.40\",\"certinfo\":[],\"primary_port\":80,\"local_ip\":\"10.30.150.39\",\"local_port\":50124}}', '{\n    \"_links\": {\n        \"self\": {\n            \"href\": \"\\/pts\\/v2\\/refunds\\/6580018750326575504953\",\n            \"method\": \"GET\"\n        },\n        \"void\": {\n            \"href\": \"\\/pts\\/v2\\/refunds\\/6580018750326575504953\\/voids\",\n            \"method\": \"POST\"\n        }\n    },\n    \"id\": \"6580018750326575504953\",\n    \"submitTimeUtc\": \"2022-07-16T20:04:35Z\",\n    \"status\": \"PENDING\",\n    \"reconciliationId\": \"6100439634\",\n    \"clientReferenceInformation\": {\n        \"code\": \"TC50171_3\"\n    },\n    \"refundAmountDetails\": {\n        \"refundAmount\": \"10.00\",\n        \"currency\": \"USD\"\n    },\n    \"processorInformation\": {\n        \"approvalCode\": \"123456\",\n        \"merchantNumber\": \"00006875546\",\n        \"responseCode\": \"A\"\n    },\n    \"orderInformation\": {}\n}', '6580018750326575504953', 'PENDING', NULL, '2022-07-17 00:03:48', '2022-07-17 00:04:10', NULL),
(7, 'top-up', '+91', '9999999999', 'Airtel', NULL, '10', NULL, NULL, NULL, 1, 14, 'active', 1, 6, 28, '[{},201,{\"0\":\"HTTP\\/1.1 201 Created\",\"Cache-Control\":\"no-cache, no-store, must-revalidate\",\"Pragma\":\"no-cache\",\"Expires\":\"-1\",\"Strict-Transport-Security\":\"max-age=31536000\",\"Content-Type\":\"application\\/hal+json\",\"Content-Length\":\"834\",\"x-response-time\":\"188ms\",\"X-OPNET-Transaction-Trace\":\"aa20e3b7-dd3f-4929-9f76-7d2656099360\",\"Connection\":\"keep-alive\",\"v-c-correlation-id\":\"f20f3db7-9979-4223-b6f9-8c183e9b049f\"}]', '6580173288336402104951', NULL, NULL, 0, 'success', '2022-07-17', NULL, NULL, NULL, NULL, NULL, NULL, '2022-07-17 04:21:44', '2022-07-17 04:21:44', NULL),
(8, 'top-up', '+91', '9999999999', 'Airtel', NULL, '10', NULL, '1658017441', NULL, 1, 14, 'active', 1, 7, 28, '[{},201,{\"0\":\"HTTP\\/1.1 201 Created\",\"Cache-Control\":\"no-cache, no-store, must-revalidate\",\"Pragma\":\"no-cache\",\"Expires\":\"-1\",\"Strict-Transport-Security\":\"max-age=31536000\",\"Content-Type\":\"application\\/hal+json\",\"Content-Length\":\"834\",\"x-response-time\":\"140ms\",\"Connection\":\"keep-alive\",\"v-c-correlation-id\":\"b9353b7a-cadf-4622-8bab-dae65ac95002\"}]', '6580174637696249304953', NULL, NULL, 0, 'failed', '2022-07-17', 'Fail', '{\"response\":{\"ResponseCode\":\"1\",\"ResponseDescription\":\"Fail\"},\"error\":\"\",\"request_info\":{\"url\":\"http:\\/\\/cnr-tws.panamaxil.com\\/productrest\\/productrest\",\"content_type\":\"text\\/html; charset=UTF-8\",\"http_code\":200,\"header_size\":445,\"request_size\":575,\"filetime\":-1,\"ssl_verify_result\":0,\"redirect_count\":0,\"total_time\":11.791517,\"namelookup_time\":0.004269,\"connect_time\":0.004694,\"pretransfer_time\":0.004768,\"size_upload\":421,\"size_download\":99,\"speed_download\":8,\"speed_upload\":35,\"download_content_length\":99,\"upload_content_length\":421,\"starttransfer_time\":11.791468,\"redirect_time\":0,\"redirect_url\":\"\",\"primary_ip\":\"10.30.150.40\",\"certinfo\":[],\"primary_port\":80,\"local_ip\":\"10.30.150.39\",\"local_port\":50420},\"RequestUniqueID\":1658017441}', '{\n    \"_links\": {\n        \"self\": {\n            \"href\": \"\\/pts\\/v2\\/refunds\\/6580174774106249604953\",\n            \"method\": \"GET\"\n        },\n        \"void\": {\n            \"href\": \"\\/pts\\/v2\\/refunds\\/6580174774106249604953\\/voids\",\n            \"method\": \"POST\"\n        }\n    },\n    \"id\": \"6580174774106249604953\",\n    \"submitTimeUtc\": \"2022-07-17T00:24:37Z\",\n    \"status\": \"PENDING\",\n    \"reconciliationId\": \"6100439792\",\n    \"clientReferenceInformation\": {\n        \"code\": \"TC50171_3\"\n    },\n    \"refundAmountDetails\": {\n        \"refundAmount\": \"10.00\",\n        \"currency\": \"USD\"\n    },\n    \"processorInformation\": {\n        \"approvalCode\": \"123456\",\n        \"merchantNumber\": \"00006875546\",\n        \"responseCode\": \"A\"\n    },\n    \"orderInformation\": {}\n}', '6580174774106249604953', 'PENDING', NULL, '2022-07-17 04:24:00', '2022-07-17 04:24:13', NULL),
(9, 'top-up', '+91', '8888888888', 'Airtel', NULL, '10', NULL, '1658021101', NULL, 1, 14, 'active', 1, 8, 28, '[{},201,{\"0\":\"HTTP\\/1.1 201 Created\",\"Cache-Control\":\"no-cache, no-store, must-revalidate\",\"Pragma\":\"no-cache\",\"Expires\":\"-1\",\"Strict-Transport-Security\":\"max-age=31536000\",\"Content-Type\":\"application\\/hal+json\",\"Content-Length\":\"834\",\"x-response-time\":\"195ms\",\"Connection\":\"keep-alive\",\"v-c-correlation-id\":\"887f81bd-8b32-4d25-b302-f2f14d9057f3\"}]', '6580211252346588704951', NULL, NULL, 0, 'failed', '2022-07-17', 'Fail', '{\"response\":{\"ResponseCode\":\"1\",\"ResponseDescription\":\"Fail\"},\"error\":\"\",\"request_info\":{\"url\":\"http:\\/\\/cnr-tws.panamaxil.com\\/productrest\\/productrest\",\"content_type\":\"text\\/html; charset=UTF-8\",\"http_code\":200,\"header_size\":445,\"request_size\":575,\"filetime\":-1,\"ssl_verify_result\":0,\"redirect_count\":0,\"total_time\":11.759166,\"namelookup_time\":0.00426,\"connect_time\":0.004606,\"pretransfer_time\":0.00468,\"size_upload\":421,\"size_download\":99,\"speed_download\":8,\"speed_upload\":35,\"download_content_length\":99,\"upload_content_length\":421,\"starttransfer_time\":11.759117,\"redirect_time\":0,\"redirect_url\":\"\",\"primary_ip\":\"10.30.150.40\",\"certinfo\":[],\"primary_port\":80,\"local_ip\":\"10.30.150.39\",\"local_port\":50622},\"RequestUniqueID\":1658021101}', '{\n    \"_links\": {\n        \"self\": {\n            \"href\": \"\\/pts\\/v2\\/refunds\\/6580211379206419204953\",\n            \"method\": \"GET\"\n        },\n        \"void\": {\n            \"href\": \"\\/pts\\/v2\\/refunds\\/6580211379206419204953\\/voids\",\n            \"method\": \"POST\"\n        }\n    },\n    \"id\": \"6580211379206419204953\",\n    \"submitTimeUtc\": \"2022-07-17T01:25:38Z\",\n    \"status\": \"PENDING\",\n    \"reconciliationId\": \"6100439851\",\n    \"clientReferenceInformation\": {\n        \"code\": \"TC50171_3\"\n    },\n    \"refundAmountDetails\": {\n        \"refundAmount\": \"10.00\",\n        \"currency\": \"USD\"\n    },\n    \"processorInformation\": {\n        \"approvalCode\": \"123456\",\n        \"merchantNumber\": \"00006875546\",\n        \"responseCode\": \"A\"\n    },\n    \"orderInformation\": {}\n}', '6580211379206419204953', 'PENDING', NULL, '2022-07-17 05:25:01', '2022-07-17 05:25:13', NULL),
(10, 'top-up', NULL, '9999999999', 'Airtel', NULL, '10', NULL, '1658035634', NULL, 1, 15, 'active', 1, 9, 28, '[{},201,{\"0\":\"HTTP\\/1.1 201 Created\",\"Cache-Control\":\"no-cache, no-store, must-revalidate\",\"Pragma\":\"no-cache\",\"Expires\":\"-1\",\"Strict-Transport-Security\":\"max-age=31536000\",\"Content-Type\":\"application\\/hal+json\",\"Content-Length\":\"834\",\"x-response-time\":\"180ms\",\"X-OPNET-Transaction-Trace\":\"3531bf6b-7057-46a4-955b-4c9652427fa1\",\"Connection\":\"keep-alive\",\"v-c-correlation-id\":\"b180057b-0f97-4d42-9908-175de144b88a\"}]', '6580356580026891404951', NULL, NULL, 0, 'failed', '2022-07-17', 'Fail', '{\"response\":{\"ResponseCode\":\"1\",\"ResponseDescription\":\"Fail\"},\"error\":\"\",\"request_info\":{\"url\":\"http:\\/\\/cnr-tws.panamaxil.com\\/productrest\\/productrest\",\"content_type\":\"text\\/html; charset=UTF-8\",\"http_code\":200,\"header_size\":445,\"request_size\":557,\"filetime\":-1,\"ssl_verify_result\":0,\"redirect_count\":0,\"total_time\":11.816413,\"namelookup_time\":0.004262,\"connect_time\":0.00466,\"pretransfer_time\":0.004731,\"size_upload\":403,\"size_download\":99,\"speed_download\":8,\"speed_upload\":34,\"download_content_length\":99,\"upload_content_length\":403,\"starttransfer_time\":11.816362,\"redirect_time\":0,\"redirect_url\":\"\",\"primary_ip\":\"10.30.150.40\",\"certinfo\":[],\"primary_port\":80,\"local_ip\":\"10.30.150.39\",\"local_port\":51438},\"RequestUniqueID\":1658035634}', '{\n    \"_links\": {\n        \"self\": {\n            \"href\": \"\\/pts\\/v2\\/refunds\\/6580356707596733204953\",\n            \"method\": \"GET\"\n        },\n        \"void\": {\n            \"href\": \"\\/pts\\/v2\\/refunds\\/6580356707596733204953\\/voids\",\n            \"method\": \"POST\"\n        }\n    },\n    \"id\": \"6580356707596733204953\",\n    \"submitTimeUtc\": \"2022-07-17T05:27:50Z\",\n    \"status\": \"PENDING\",\n    \"reconciliationId\": \"6100439852\",\n    \"clientReferenceInformation\": {\n        \"code\": \"TC50171_3\"\n    },\n    \"refundAmountDetails\": {\n        \"refundAmount\": \"10.00\",\n        \"currency\": \"USD\"\n    },\n    \"processorInformation\": {\n        \"approvalCode\": \"123456\",\n        \"merchantNumber\": \"00006875546\",\n        \"responseCode\": \"A\"\n    },\n    \"orderInformation\": {}\n}', '6580356707596733204953', 'PENDING', NULL, '2022-07-17 09:27:13', '2022-07-17 09:27:26', NULL),
(11, 'top-up', NULL, '9999999999', 'Airtel', NULL, '10', NULL, '1658035695', NULL, 1, 15, 'active', 1, 10, 28, '[{},201,{\"0\":\"HTTP\\/1.1 201 Created\",\"Cache-Control\":\"no-cache, no-store, must-revalidate\",\"Pragma\":\"no-cache\",\"Expires\":\"-1\",\"Strict-Transport-Security\":\"max-age=31536000\",\"Content-Type\":\"application\\/hal+json\",\"Content-Length\":\"834\",\"x-response-time\":\"131ms\",\"Connection\":\"keep-alive\",\"v-c-correlation-id\":\"586f3850-4bbd-4e82-a164-8978fa7d4d10\"}]', '6580357194466735704953', NULL, NULL, 0, 'failed', '2022-07-17', 'Fail', '{\"response\":{\"ResponseCode\":\"1\",\"ResponseDescription\":\"Fail\"},\"error\":\"\",\"request_info\":{\"url\":\"http:\\/\\/cnr-tws.panamaxil.com\\/productrest\\/productrest\",\"content_type\":\"text\\/html; charset=UTF-8\",\"http_code\":200,\"header_size\":445,\"request_size\":557,\"filetime\":-1,\"ssl_verify_result\":0,\"redirect_count\":0,\"total_time\":11.72697,\"namelookup_time\":0.004299,\"connect_time\":0.004601,\"pretransfer_time\":0.004685,\"size_upload\":403,\"size_download\":99,\"speed_download\":8,\"speed_upload\":34,\"download_content_length\":99,\"upload_content_length\":403,\"starttransfer_time\":11.726879,\"redirect_time\":0,\"redirect_url\":\"\",\"primary_ip\":\"10.30.150.40\",\"certinfo\":[],\"primary_port\":80,\"local_ip\":\"10.30.150.39\",\"local_port\":51456},\"RequestUniqueID\":1658035695}', '{\n    \"_links\": {\n        \"self\": {\n            \"href\": \"\\/pts\\/v2\\/refunds\\/6580357320356893804951\",\n            \"method\": \"GET\"\n        },\n        \"void\": {\n            \"href\": \"\\/pts\\/v2\\/refunds\\/6580357320356893804951\\/voids\",\n            \"method\": \"POST\"\n        }\n    },\n    \"id\": \"6580357320356893804951\",\n    \"submitTimeUtc\": \"2022-07-17T05:28:52Z\",\n    \"status\": \"PENDING\",\n    \"reconciliationId\": \"6100439843\",\n    \"clientReferenceInformation\": {\n        \"code\": \"TC50171_3\"\n    },\n    \"refundAmountDetails\": {\n        \"refundAmount\": \"10.00\",\n        \"currency\": \"USD\"\n    },\n    \"processorInformation\": {\n        \"approvalCode\": \"123456\",\n        \"merchantNumber\": \"00006875546\",\n        \"responseCode\": \"A\"\n    },\n    \"orderInformation\": {}\n}', '6580357320356893804951', 'PENDING', NULL, '2022-07-17 09:28:15', '2022-07-17 09:28:27', NULL),
(12, 'choose_amount', NULL, '4567891230', 'At & T', NULL, '15', NULL, NULL, NULL, 2, 17, 'active', 1, 11, 55, '[{},201,{\"0\":\"HTTP\\/1.1 201 Created\",\"Cache-Control\":\"no-cache, no-store, must-revalidate\",\"Pragma\":\"no-cache\",\"Expires\":\"-1\",\"Strict-Transport-Security\":\"max-age=31536000\",\"Content-Type\":\"application\\/hal+json\",\"Content-Length\":\"834\",\"x-response-time\":\"149ms\",\"X-OPNET-Transaction-Trace\":\"9ea4a967-caa1-4901-b74e-49ffdb1436b6\",\"Connection\":\"keep-alive\",\"v-c-correlation-id\":\"2c8f3977-afa1-41bc-bab4-54b8dbac9ed4\"}]', '6581226850486530004953', NULL, NULL, 0, 'failed', '2022-07-18', 'Fail', '{\"response\":{\"ResponseCode\":\"1\",\"ResponseDescription\":\"Fail\"},\"error\":\"\",\"request_info\":{\"url\":\"http:\\/\\/cnr-tws.panamaxil.com\\/productrest\\/productrest\",\"content_type\":\"text\\/html; charset=UTF-8\",\"http_code\":200,\"header_size\":445,\"request_size\":593,\"filetime\":-1,\"ssl_verify_result\":0,\"redirect_count\":0,\"total_time\":17.805721,\"namelookup_time\":0.004245,\"connect_time\":0.004682,\"pretransfer_time\":0.004805,\"size_upload\":439,\"size_download\":99,\"speed_download\":5,\"speed_upload\":24,\"download_content_length\":99,\"upload_content_length\":439,\"starttransfer_time\":17.805674,\"redirect_time\":0,\"redirect_url\":\"\",\"primary_ip\":\"10.30.150.40\",\"certinfo\":[],\"primary_port\":80,\"local_ip\":\"10.30.150.39\",\"local_port\":54628},\"RequestUniqueID\":1658122661}', '{\n    \"_links\": {\n        \"self\": {\n            \"href\": \"\\/pts\\/v2\\/refunds\\/6581227037506542704953\",\n            \"method\": \"GET\"\n        },\n        \"void\": {\n            \"href\": \"\\/pts\\/v2\\/refunds\\/6581227037506542704953\\/voids\",\n            \"method\": \"POST\"\n        }\n    },\n    \"id\": \"6581227037506542704953\",\n    \"submitTimeUtc\": \"2022-07-18T05:38:25Z\",\n    \"status\": \"PENDING\",\n    \"reconciliationId\": \"6100439859\",\n    \"clientReferenceInformation\": {\n        \"code\": \"TC50171_3\"\n    },\n    \"refundAmountDetails\": {\n        \"refundAmount\": \"15.00\",\n        \"currency\": \"USD\"\n    },\n    \"processorInformation\": {\n        \"approvalCode\": \"123456\",\n        \"merchantNumber\": \"00006875546\",\n        \"responseCode\": \"A\"\n    },\n    \"orderInformation\": {}\n}', '6581227037506542704953', 'PENDING', NULL, '2022-07-18 09:37:40', '2022-07-18 09:38:00', NULL),
(13, 'choose_amount', NULL, '4567891230', 'At & T', NULL, '20', NULL, NULL, NULL, 2, 17, 'active', 2, 12, 55, '[{},201,{\"0\":\"HTTP\\/1.1 201 Created\",\"Cache-Control\":\"no-cache, no-store, must-revalidate\",\"Pragma\":\"no-cache\",\"Expires\":\"-1\",\"Strict-Transport-Security\":\"max-age=31536000\",\"Content-Type\":\"application\\/hal+json\",\"Content-Length\":\"834\",\"x-response-time\":\"173ms\",\"X-OPNET-Transaction-Trace\":\"f07a877a-5324-4e09-a7e7-997b898e1d0d\",\"Connection\":\"keep-alive\",\"v-c-correlation-id\":\"2836ca5b-4d43-4886-bead-ad9685780621\"}]', '6581231948426737404953', NULL, NULL, 0, 'failed', '2022-07-18', 'Fail', '{\"response\":{\"ResponseCode\":\"1\",\"ResponseDescription\":\"Fail\"},\"error\":\"\",\"request_info\":{\"url\":\"http:\\/\\/cnr-tws.panamaxil.com\\/productrest\\/productrest\",\"content_type\":\"text\\/html; charset=UTF-8\",\"http_code\":200,\"header_size\":445,\"request_size\":593,\"filetime\":-1,\"ssl_verify_result\":0,\"redirect_count\":0,\"total_time\":11.806822,\"namelookup_time\":0.004304,\"connect_time\":0.004676,\"pretransfer_time\":0.004748,\"size_upload\":439,\"size_download\":99,\"speed_download\":8,\"speed_upload\":37,\"download_content_length\":99,\"upload_content_length\":439,\"starttransfer_time\":11.806773,\"redirect_time\":0,\"redirect_url\":\"\",\"primary_ip\":\"10.30.150.40\",\"certinfo\":[],\"primary_port\":80,\"local_ip\":\"10.30.150.39\",\"local_port\":54760},\"RequestUniqueID\":1658123171}', '{\n    \"_links\": {\n        \"self\": {\n            \"href\": \"\\/pts\\/v2\\/refunds\\/6581232074956493804951\",\n            \"method\": \"GET\"\n        },\n        \"void\": {\n            \"href\": \"\\/pts\\/v2\\/refunds\\/6581232074956493804951\\/voids\",\n            \"method\": \"POST\"\n        }\n    },\n    \"id\": \"6581232074956493804951\",\n    \"submitTimeUtc\": \"2022-07-18T05:46:47Z\",\n    \"status\": \"PENDING\",\n    \"reconciliationId\": \"6100439860\",\n    \"clientReferenceInformation\": {\n        \"code\": \"TC50171_3\"\n    },\n    \"refundAmountDetails\": {\n        \"refundAmount\": \"20.00\",\n        \"currency\": \"USD\"\n    },\n    \"processorInformation\": {\n        \"merchantNumber\": \"00006875546\"\n    },\n    \"orderInformation\": {}\n}', '6581232074956493804951', 'PENDING', NULL, '2022-07-18 09:46:10', '2022-07-18 09:46:23', NULL),
(14, 'top-up', NULL, '9999999999', 'Airtel', NULL, '10', NULL, NULL, NULL, 1, 11, 'active', 1, 13, 28, '[{},201,{\"0\":\"HTTP\\/1.1 201 Created\",\"Cache-Control\":\"no-cache, no-store, must-revalidate\",\"Pragma\":\"no-cache\",\"Expires\":\"-1\",\"Strict-Transport-Security\":\"max-age=31536000\",\"Content-Type\":\"application\\/hal+json\",\"Content-Length\":\"834\",\"x-response-time\":\"154ms\",\"X-OPNET-Transaction-Trace\":\"a63db74c-ba2c-4087-b901-0a36a07d62d9\",\"Connection\":\"keep-alive\",\"v-c-correlation-id\":\"d1eb6b6d-b746-484e-a7dc-42e77b2606b7\"}]', '6581330630986771504951', NULL, NULL, 0, 'failed', '2022-07-18', 'Fail', '{\"response\":{\"ResponseCode\":\"1\",\"ResponseDescription\":\"Fail\"},\"error\":\"\",\"request_info\":{\"url\":\"http:\\/\\/cnr-tws.panamaxil.com\\/productrest\\/productrest\",\"content_type\":\"text\\/html; charset=UTF-8\",\"http_code\":200,\"header_size\":445,\"request_size\":593,\"filetime\":-1,\"ssl_verify_result\":0,\"redirect_count\":0,\"total_time\":11.768312,\"namelookup_time\":0.004236,\"connect_time\":0.004598,\"pretransfer_time\":0.004683,\"size_upload\":439,\"size_download\":99,\"speed_download\":8,\"speed_upload\":37,\"download_content_length\":99,\"upload_content_length\":439,\"starttransfer_time\":11.768261,\"redirect_time\":0,\"redirect_url\":\"\",\"primary_ip\":\"10.30.150.40\",\"certinfo\":[],\"primary_port\":80,\"local_ip\":\"10.30.150.39\",\"local_port\":56074},\"RequestUniqueID\":1658133039}', '{\n    \"_links\": {\n        \"self\": {\n            \"href\": \"\\/pts\\/v2\\/refunds\\/6581330757246033604953\",\n            \"method\": \"GET\"\n        },\n        \"void\": {\n            \"href\": \"\\/pts\\/v2\\/refunds\\/6581330757246033604953\\/voids\",\n            \"method\": \"POST\"\n        }\n    },\n    \"id\": \"6581330757246033604953\",\n    \"submitTimeUtc\": \"2022-07-18T08:31:15Z\",\n    \"status\": \"PENDING\",\n    \"reconciliationId\": \"6100439919\",\n    \"clientReferenceInformation\": {\n        \"code\": \"TC50171_3\"\n    },\n    \"refundAmountDetails\": {\n        \"refundAmount\": \"10.00\",\n        \"currency\": \"USD\"\n    },\n    \"processorInformation\": {\n        \"approvalCode\": \"123456\",\n        \"merchantNumber\": \"00006875546\",\n        \"responseCode\": \"A\"\n    },\n    \"orderInformation\": {}\n}', '6581330757246033604953', 'PENDING', NULL, '2022-07-18 12:30:38', '2022-07-18 12:30:51', NULL),
(15, 'top-up', NULL, '5555555555', 'Aircel', NULL, '10', NULL, NULL, NULL, 1, 14, 'active', 1, 14, 19, '[{},201,{\"0\":\"HTTP\\/1.1 201 Created\",\"Cache-Control\":\"no-cache, no-store, must-revalidate\",\"Pragma\":\"no-cache\",\"Expires\":\"-1\",\"Strict-Transport-Security\":\"max-age=31536000\",\"Content-Type\":\"application\\/hal+json\",\"Content-Length\":\"834\",\"x-response-time\":\"135ms\",\"X-OPNET-Transaction-Trace\":\"be2cbd64-6c9a-4ad4-9cd8-7f8d5b35fc02\",\"Connection\":\"keep-alive\",\"v-c-correlation-id\":\"672ee185-e1b2-41ee-aeb9-b5462c15804f\"}]', '6581464973666230804951', NULL, NULL, 0, 'failed', '2022-07-18', 'Fail', '{\"response\":{\"ResponseCode\":\"1\",\"ResponseDescription\":\"Fail\"},\"error\":\"\",\"request_info\":{\"url\":\"http:\\/\\/cnr-tws.panamaxil.com\\/productrest\\/productrest\",\"content_type\":\"text\\/html; charset=UTF-8\",\"http_code\":200,\"header_size\":445,\"request_size\":575,\"filetime\":-1,\"ssl_verify_result\":0,\"redirect_count\":0,\"total_time\":11.978219,\"namelookup_time\":0.004229,\"connect_time\":0.004666,\"pretransfer_time\":0.004743,\"size_upload\":421,\"size_download\":99,\"speed_download\":8,\"speed_upload\":35,\"download_content_length\":99,\"upload_content_length\":421,\"starttransfer_time\":11.978171,\"redirect_time\":0,\"redirect_url\":\"\",\"primary_ip\":\"10.30.150.40\",\"certinfo\":[],\"primary_port\":80,\"local_ip\":\"10.30.150.39\",\"local_port\":56798},\"RequestUniqueID\":1658146473}', '{\n    \"_links\": {\n        \"self\": {\n            \"href\": \"\\/pts\\/v2\\/refunds\\/6581465101806483604953\",\n            \"method\": \"GET\"\n        },\n        \"void\": {\n            \"href\": \"\\/pts\\/v2\\/refunds\\/6581465101806483604953\\/voids\",\n            \"method\": \"POST\"\n        }\n    },\n    \"id\": \"6581465101806483604953\",\n    \"submitTimeUtc\": \"2022-07-18T12:15:10Z\",\n    \"status\": \"PENDING\",\n    \"reconciliationId\": \"6100439905\",\n    \"clientReferenceInformation\": {\n        \"code\": \"TC50171_3\"\n    },\n    \"refundAmountDetails\": {\n        \"refundAmount\": \"10.00\",\n        \"currency\": \"USD\"\n    },\n    \"processorInformation\": {\n        \"approvalCode\": \"123456\",\n        \"merchantNumber\": \"00006875546\",\n        \"responseCode\": \"A\"\n    },\n    \"orderInformation\": {}\n}', '6581465101806483604953', 'PENDING', NULL, '2022-07-18 16:14:33', '2022-07-18 16:14:45', NULL),
(16, 'top-up', NULL, '7894561230', 'Aircel', NULL, '10', NULL, NULL, NULL, 1, 17, 'active', 3, 15, 19, '[{},201,{\"0\":\"HTTP\\/1.1 201 Created\",\"Cache-Control\":\"no-cache, no-store, must-revalidate\",\"Pragma\":\"no-cache\",\"Expires\":\"-1\",\"Strict-Transport-Security\":\"max-age=31536000\",\"Content-Type\":\"application\\/hal+json\",\"Content-Length\":\"834\",\"x-response-time\":\"169ms\",\"X-OPNET-Transaction-Trace\":\"8d0ab736-324f-46b7-b1ad-37eed61bcf56\",\"Connection\":\"keep-alive\",\"v-c-correlation-id\":\"dc784421-0923-42b0-b180-6e48b0366af7\"}]', '6581495910966826904953', NULL, NULL, 0, 'failed', '2022-07-18', 'Fail', '{\"response\":{\"ResponseCode\":\"1\",\"ResponseDescription\":\"Fail\"},\"error\":\"\",\"request_info\":{\"url\":\"http:\\/\\/cnr-tws.panamaxil.com\\/productrest\\/productrest\",\"content_type\":\"text\\/html; charset=UTF-8\",\"http_code\":200,\"header_size\":445,\"request_size\":593,\"filetime\":-1,\"ssl_verify_result\":0,\"redirect_count\":0,\"total_time\":11.753728,\"namelookup_time\":0.004267,\"connect_time\":0.00469,\"pretransfer_time\":0.004759,\"size_upload\":439,\"size_download\":99,\"speed_download\":8,\"speed_upload\":37,\"download_content_length\":99,\"upload_content_length\":439,\"starttransfer_time\":11.753677,\"redirect_time\":0,\"redirect_url\":\"\",\"primary_ip\":\"10.30.150.40\",\"certinfo\":[],\"primary_port\":80,\"local_ip\":\"10.30.150.39\",\"local_port\":57218},\"RequestUniqueID\":1658149567}', '{\n    \"_links\": {\n        \"self\": {\n            \"href\": \"\\/pts\\/v2\\/refunds\\/6581496037166827604953\",\n            \"method\": \"GET\"\n        },\n        \"void\": {\n            \"href\": \"\\/pts\\/v2\\/refunds\\/6581496037166827604953\\/voids\",\n            \"method\": \"POST\"\n        }\n    },\n    \"id\": \"6581496037166827604953\",\n    \"submitTimeUtc\": \"2022-07-18T13:06:44Z\",\n    \"status\": \"PENDING\",\n    \"reconciliationId\": \"6100439924\",\n    \"clientReferenceInformation\": {\n        \"code\": \"TC50171_3\"\n    },\n    \"refundAmountDetails\": {\n        \"refundAmount\": \"10.00\",\n        \"currency\": \"USD\"\n    },\n    \"processorInformation\": {\n        \"approvalCode\": \"123456\",\n        \"merchantNumber\": \"00006875546\",\n        \"responseCode\": \"A\"\n    },\n    \"orderInformation\": {}\n}', '6581496037166827604953', 'PENDING', NULL, '2022-07-18 17:06:06', '2022-07-18 17:06:19', NULL),
(17, 'top-up', NULL, '9999999999', 'Idea', NULL, '10', NULL, NULL, NULL, 1, 11, 'active', 4, 16, 241, '[{},201,{\"0\":\"HTTP\\/1.1 201 Created\",\"Cache-Control\":\"no-cache, no-store, must-revalidate\",\"Pragma\":\"no-cache\",\"Expires\":\"-1\",\"Strict-Transport-Security\":\"max-age=31536000\",\"Content-Type\":\"application\\/hal+json\",\"Content-Length\":\"834\",\"x-response-time\":\"150ms\",\"X-OPNET-Transaction-Trace\":\"168e86ff-95e4-4a0b-a485-e1fd5a1ca2d8\",\"Connection\":\"keep-alive\",\"v-c-correlation-id\":\"1c7f229a-1557-4d48-a450-a557ee8ff7e1\"}]', '6581542596256013004951', NULL, NULL, 0, 'failed', '2022-07-18', 'Fail', '{\"response\":{\"ResponseCode\":\"1\",\"ResponseDescription\":\"Fail\"},\"error\":\"\",\"request_info\":{\"url\":\"http:\\/\\/cnr-tws.panamaxil.com\\/productrest\\/productrest\",\"content_type\":\"text\\/html; charset=UTF-8\",\"http_code\":200,\"header_size\":445,\"request_size\":593,\"filetime\":-1,\"ssl_verify_result\":0,\"redirect_count\":0,\"total_time\":12.784944,\"namelookup_time\":0.004234,\"connect_time\":0.004633,\"pretransfer_time\":0.004718,\"size_upload\":439,\"size_download\":99,\"speed_download\":7,\"speed_upload\":34,\"download_content_length\":99,\"upload_content_length\":439,\"starttransfer_time\":12.784899,\"redirect_time\":0,\"redirect_url\":\"\",\"primary_ip\":\"10.30.150.40\",\"certinfo\":[],\"primary_port\":80,\"local_ip\":\"10.30.150.39\",\"local_port\":57570},\"RequestUniqueID\":1658154238}', '{\n    \"_links\": {\n        \"self\": {\n            \"href\": \"\\/pts\\/v2\\/refunds\\/6581542758326014304951\",\n            \"method\": \"GET\"\n        },\n        \"void\": {\n            \"href\": \"\\/pts\\/v2\\/refunds\\/6581542758326014304951\\/voids\",\n            \"method\": \"POST\"\n        }\n    },\n    \"id\": \"6581542758326014304951\",\n    \"submitTimeUtc\": \"2022-07-18T14:24:36Z\",\n    \"status\": \"PENDING\",\n    \"reconciliationId\": \"6100439926\",\n    \"clientReferenceInformation\": {\n        \"code\": \"TC50171_3\"\n    },\n    \"refundAmountDetails\": {\n        \"refundAmount\": \"10.00\",\n        \"currency\": \"USD\"\n    },\n    \"processorInformation\": {\n        \"approvalCode\": \"123456\",\n        \"merchantNumber\": \"00006875546\",\n        \"responseCode\": \"A\"\n    },\n    \"orderInformation\": {}\n}', '6581542758326014304951', 'PENDING', NULL, '2022-07-18 18:23:57', '2022-07-18 18:24:11', NULL),
(18, 'top-up', NULL, '9999999999', 'Bsnl', NULL, '11', NULL, NULL, NULL, 1, 11, 'active', 4, 17, 80, '[{},201,{\"0\":\"HTTP\\/1.1 201 Created\",\"Cache-Control\":\"no-cache, no-store, must-revalidate\",\"Pragma\":\"no-cache\",\"Expires\":\"-1\",\"Strict-Transport-Security\":\"max-age=31536000\",\"Content-Type\":\"application\\/hal+json\",\"Content-Length\":\"834\",\"x-response-time\":\"201ms\",\"X-OPNET-Transaction-Trace\":\"6abb6c80-29f3-4943-ba45-dfc734656b66\",\"Connection\":\"keep-alive\",\"v-c-correlation-id\":\"101f3209-d11d-4b53-909b-36ec3a691860\"}]', '6581575717196499804951', NULL, NULL, 0, 'failed', '2022-07-18', 'Fail', '{\"response\":{\"ResponseCode\":\"1\",\"ResponseDescription\":\"Fail\"},\"error\":\"\",\"request_info\":{\"url\":\"http:\\/\\/cnr-tws.panamaxil.com\\/productrest\\/productrest\",\"content_type\":\"text\\/html; charset=UTF-8\",\"http_code\":200,\"header_size\":445,\"request_size\":593,\"filetime\":-1,\"ssl_verify_result\":0,\"redirect_count\":0,\"total_time\":11.958255,\"namelookup_time\":0.004258,\"connect_time\":0.004612,\"pretransfer_time\":0.004733,\"size_upload\":439,\"size_download\":99,\"speed_download\":8,\"speed_upload\":36,\"download_content_length\":99,\"upload_content_length\":439,\"starttransfer_time\":11.958208,\"redirect_time\":0,\"redirect_url\":\"\",\"primary_ip\":\"10.30.150.40\",\"certinfo\":[],\"primary_port\":80,\"local_ip\":\"10.30.150.39\",\"local_port\":57744},\"RequestUniqueID\":1658157547}', '{\n    \"_links\": {\n        \"self\": {\n            \"href\": \"\\/pts\\/v2\\/refunds\\/6581575845866755804953\",\n            \"method\": \"GET\"\n        },\n        \"void\": {\n            \"href\": \"\\/pts\\/v2\\/refunds\\/6581575845866755804953\\/voids\",\n            \"method\": \"POST\"\n        }\n    },\n    \"id\": \"6581575845866755804953\",\n    \"submitTimeUtc\": \"2022-07-18T15:19:44Z\",\n    \"status\": \"PENDING\",\n    \"reconciliationId\": \"6100439952\",\n    \"clientReferenceInformation\": {\n        \"code\": \"TC50171_3\"\n    },\n    \"refundAmountDetails\": {\n        \"refundAmount\": \"11.00\",\n        \"currency\": \"USD\"\n    },\n    \"processorInformation\": {\n        \"approvalCode\": \"123456\",\n        \"merchantNumber\": \"00006875546\",\n        \"responseCode\": \"A\"\n    },\n    \"orderInformation\": {}\n}', '6581575845866755804953', 'PENDING', NULL, '2022-07-18 19:19:07', '2022-07-18 19:19:20', NULL),
(19, 'top-up', NULL, '9999999999', 'Airtel', NULL, '10', NULL, NULL, NULL, 1, 11, 'active', 4, 18, 28, '[{},201,{\"0\":\"HTTP\\/1.1 201 Created\",\"Cache-Control\":\"no-cache, no-store, must-revalidate\",\"Pragma\":\"no-cache\",\"Expires\":\"-1\",\"Strict-Transport-Security\":\"max-age=31536000\",\"Content-Type\":\"application\\/hal+json\",\"Content-Length\":\"834\",\"x-response-time\":\"346ms\",\"X-OPNET-Transaction-Trace\":\"09394e3c-d2ae-4280-91c3-f8afbcd0c762\",\"Connection\":\"keep-alive\",\"v-c-correlation-id\":\"fcf077da-6617-4cd4-a3a4-000e8f94bcf9\"}]', '6582374668586563004951', NULL, NULL, 0, 'failed', '2022-07-19', 'Fail', '{\"response\":{\"ResponseCode\":\"1\",\"ResponseDescription\":\"Fail\"},\"error\":\"\",\"request_info\":{\"url\":\"http:\\/\\/cnr-tws.panamaxil.com\\/productrest\\/productrest\",\"content_type\":\"text\\/html; charset=UTF-8\",\"http_code\":200,\"header_size\":445,\"request_size\":593,\"filetime\":-1,\"ssl_verify_result\":0,\"redirect_count\":0,\"total_time\":18.115063,\"namelookup_time\":0.004331,\"connect_time\":0.004702,\"pretransfer_time\":0.004768,\"size_upload\":439,\"size_download\":99,\"speed_download\":5,\"speed_upload\":24,\"download_content_length\":99,\"upload_content_length\":439,\"starttransfer_time\":18.115013,\"redirect_time\":0,\"redirect_url\":\"\",\"primary_ip\":\"10.30.150.40\",\"certinfo\":[],\"primary_port\":80,\"local_ip\":\"10.30.150.39\",\"local_port\":59768},\"RequestUniqueID\":1658237443}', '{\n    \"_links\": {\n        \"self\": {\n            \"href\": \"\\/pts\\/v2\\/refunds\\/6582374861146579804951\",\n            \"method\": \"GET\"\n        },\n        \"void\": {\n            \"href\": \"\\/pts\\/v2\\/refunds\\/6582374861146579804951\\/voids\",\n            \"method\": \"POST\"\n        }\n    },\n    \"id\": \"6582374861146579804951\",\n    \"submitTimeUtc\": \"2022-07-19T13:31:26Z\",\n    \"status\": \"PENDING\",\n    \"reconciliationId\": \"6100440077\",\n    \"clientReferenceInformation\": {\n        \"code\": \"TC50171_3\"\n    },\n    \"refundAmountDetails\": {\n        \"refundAmount\": \"10.00\",\n        \"currency\": \"USD\"\n    },\n    \"processorInformation\": {\n        \"approvalCode\": \"123456\",\n        \"merchantNumber\": \"00006875546\",\n        \"responseCode\": \"A\"\n    },\n    \"orderInformation\": {}\n}', '6582374861146579804951', 'PENDING', NULL, '2022-07-19 17:30:42', '2022-07-19 17:31:01', NULL),
(20, 'top-up', NULL, '1111111111', 'Bsnl', NULL, '11', NULL, NULL, NULL, 1, 16, 'active', 1, 19, 80, '[{},201,{\"0\":\"HTTP\\/1.1 201 Created\",\"Cache-Control\":\"no-cache, no-store, must-revalidate\",\"Pragma\":\"no-cache\",\"Expires\":\"-1\",\"Strict-Transport-Security\":\"max-age=31536000\",\"Content-Type\":\"application\\/hal+json\",\"Content-Length\":\"834\",\"x-response-time\":\"243ms\",\"Connection\":\"keep-alive\",\"v-c-correlation-id\":\"396f47bf-d8af-4c0f-a7a8-6d945ca7ac06\"}]', '6583152971506311504951', NULL, NULL, 0, 'failed', '2022-07-20', 'Fail', '{\"response\":{\"ResponseCode\":\"1\",\"ResponseDescription\":\"Fail\"},\"error\":\"\",\"request_info\":{\"url\":\"http:\\/\\/cnr-tws.panamaxil.com\\/productrest\\/productrest\",\"content_type\":\"text\\/html; charset=UTF-8\",\"http_code\":200,\"header_size\":445,\"request_size\":575,\"filetime\":-1,\"ssl_verify_result\":0,\"redirect_count\":0,\"total_time\":11.751775,\"namelookup_time\":0.004276,\"connect_time\":0.0046,\"pretransfer_time\":0.004667,\"size_upload\":421,\"size_download\":99,\"speed_download\":8,\"speed_upload\":35,\"download_content_length\":99,\"upload_content_length\":421,\"starttransfer_time\":11.751725,\"redirect_time\":0,\"redirect_url\":\"\",\"primary_ip\":\"10.30.150.40\",\"certinfo\":[],\"primary_port\":80,\"local_ip\":\"10.30.150.39\",\"local_port\":60396},\"RequestUniqueID\":1658315273}', '{\n    \"_links\": {\n        \"self\": {\n            \"href\": \"\\/pts\\/v2\\/refunds\\/6583153098496313304951\",\n            \"method\": \"GET\"\n        },\n        \"void\": {\n            \"href\": \"\\/pts\\/v2\\/refunds\\/6583153098496313304951\\/voids\",\n            \"method\": \"POST\"\n        }\n    },\n    \"id\": \"6583153098496313304951\",\n    \"submitTimeUtc\": \"2022-07-20T11:08:30Z\",\n    \"status\": \"PENDING\",\n    \"reconciliationId\": \"6100440414\",\n    \"clientReferenceInformation\": {\n        \"code\": \"TC50171_3\"\n    },\n    \"refundAmountDetails\": {\n        \"refundAmount\": \"11.00\",\n        \"currency\": \"USD\"\n    },\n    \"processorInformation\": {\n        \"approvalCode\": \"123456\",\n        \"merchantNumber\": \"00006875546\",\n        \"responseCode\": \"A\"\n    },\n    \"orderInformation\": {}\n}', '6583153098496313304951', 'PENDING', NULL, '2022-07-20 15:07:52', '2022-07-20 15:08:05', NULL),
(21, 'top-up', '+91', '9999999999', 'Bsnl', NULL, '11', NULL, NULL, NULL, 1, 16, 'active', 1, 20, 80, '[{},201,{\"0\":\"HTTP\\/1.1 201 Created\",\"Cache-Control\":\"no-cache, no-store, must-revalidate\",\"Pragma\":\"no-cache\",\"Expires\":\"-1\",\"Strict-Transport-Security\":\"max-age=31536000\",\"Content-Type\":\"application\\/hal+json\",\"Content-Length\":\"834\",\"x-response-time\":\"145ms\",\"X-OPNET-Transaction-Trace\":\"6c388a4a-d65a-4694-ad0f-da1541a683b5\",\"Connection\":\"keep-alive\",\"v-c-correlation-id\":\"83c4dd72-8c54-44ae-93ad-db8d06659036\"}]', '6583155224626577104953', NULL, NULL, 0, 'failed', '2022-07-20', 'Fail', '{\"response\":{\"ResponseCode\":\"1\",\"ResponseDescription\":\"Fail\"},\"error\":\"\",\"request_info\":{\"url\":\"http:\\/\\/cnr-tws.panamaxil.com\\/productrest\\/productrest\",\"content_type\":\"text\\/html; charset=UTF-8\",\"http_code\":200,\"header_size\":445,\"request_size\":575,\"filetime\":-1,\"ssl_verify_result\":0,\"redirect_count\":0,\"total_time\":11.76674,\"namelookup_time\":0.004259,\"connect_time\":0.00464,\"pretransfer_time\":0.004713,\"size_upload\":421,\"size_download\":99,\"speed_download\":8,\"speed_upload\":35,\"download_content_length\":99,\"upload_content_length\":421,\"starttransfer_time\":11.766696,\"redirect_time\":0,\"redirect_url\":\"\",\"primary_ip\":\"10.30.150.40\",\"certinfo\":[],\"primary_port\":80,\"local_ip\":\"10.30.150.39\",\"local_port\":60488},\"RequestUniqueID\":1658315498}', '{\n    \"_links\": {\n        \"self\": {\n            \"href\": \"\\/pts\\/v2\\/refunds\\/6583155351166586204953\",\n            \"method\": \"GET\"\n        },\n        \"void\": {\n            \"href\": \"\\/pts\\/v2\\/refunds\\/6583155351166586204953\\/voids\",\n            \"method\": \"POST\"\n        }\n    },\n    \"id\": \"6583155351166586204953\",\n    \"submitTimeUtc\": \"2022-07-20T11:12:15Z\",\n    \"status\": \"PENDING\",\n    \"reconciliationId\": \"6100440309\",\n    \"clientReferenceInformation\": {\n        \"code\": \"TC50171_3\"\n    },\n    \"refundAmountDetails\": {\n        \"refundAmount\": \"11.00\",\n        \"currency\": \"USD\"\n    },\n    \"processorInformation\": {\n        \"approvalCode\": \"123456\",\n        \"merchantNumber\": \"00006875546\",\n        \"responseCode\": \"A\"\n    },\n    \"orderInformation\": {}\n}', '6583155351166586204953', 'PENDING', NULL, '2022-07-20 15:11:38', '2022-07-20 15:11:50', NULL),
(22, 'top-up', '+91', '9999999999', 'Bsnl', NULL, '5', NULL, NULL, NULL, 1, 16, 'active', 1, 21, 79, '[{},201,{\"0\":\"HTTP\\/1.1 201 Created\",\"Cache-Control\":\"no-cache, no-store, must-revalidate\",\"Pragma\":\"no-cache\",\"Expires\":\"-1\",\"Strict-Transport-Security\":\"max-age=31536000\",\"Content-Type\":\"application\\/hal+json\",\"Content-Length\":\"832\",\"x-response-time\":\"188ms\",\"X-OPNET-Transaction-Trace\":\"f49cc71d-767a-41af-bad3-ac1c3e09288f\",\"Connection\":\"keep-alive\",\"v-c-correlation-id\":\"909d1ebf-4380-4d50-ab6a-a6beb9d67870\"}]', '6583157258386644004953', NULL, NULL, 0, 'failed', '2022-07-20', 'Fail', '{\"response\":{\"ResponseCode\":\"1\",\"ResponseDescription\":\"Fail\"},\"error\":\"\",\"request_info\":{\"url\":\"http:\\/\\/cnr-tws.panamaxil.com\\/productrest\\/productrest\",\"content_type\":\"text\\/html; charset=UTF-8\",\"http_code\":200,\"header_size\":445,\"request_size\":575,\"filetime\":-1,\"ssl_verify_result\":0,\"redirect_count\":0,\"total_time\":21.768938,\"namelookup_time\":0.004276,\"connect_time\":0.004676,\"pretransfer_time\":0.004744,\"size_upload\":421,\"size_download\":99,\"speed_download\":4,\"speed_upload\":19,\"download_content_length\":99,\"upload_content_length\":421,\"starttransfer_time\":21.768887,\"redirect_time\":0,\"redirect_url\":\"\",\"primary_ip\":\"10.30.150.40\",\"certinfo\":[],\"primary_port\":80,\"local_ip\":\"10.30.150.39\",\"local_port\":60572},\"RequestUniqueID\":1658315701}', '{\n    \"_links\": {\n        \"self\": {\n            \"href\": \"\\/pts\\/v2\\/refunds\\/6583157485166645004953\",\n            \"method\": \"GET\"\n        },\n        \"void\": {\n            \"href\": \"\\/pts\\/v2\\/refunds\\/6583157485166645004953\\/voids\",\n            \"method\": \"POST\"\n        }\n    },\n    \"id\": \"6583157485166645004953\",\n    \"submitTimeUtc\": \"2022-07-20T11:15:48Z\",\n    \"status\": \"PENDING\",\n    \"reconciliationId\": \"6100440310\",\n    \"clientReferenceInformation\": {\n        \"code\": \"TC50171_3\"\n    },\n    \"refundAmountDetails\": {\n        \"refundAmount\": \"5.00\",\n        \"currency\": \"USD\"\n    },\n    \"processorInformation\": {\n        \"approvalCode\": \"123456\",\n        \"merchantNumber\": \"00006875546\",\n        \"responseCode\": \"A\"\n    },\n    \"orderInformation\": {}\n}', '6583157485166645004953', 'PENDING', NULL, '2022-07-20 15:15:01', '2022-07-20 15:15:24', NULL);
INSERT INTO `topup_order` (`id`, `type`, `isd_code`, `phone_no`, `operator_type`, `amount_type`, `amount`, `mobifin_transaction`, `mobifin_reuqest_id`, `product_amount`, `country_id`, `user_id`, `status`, `credit_card_id`, `address_id`, `plan_id`, `payment_response`, `transaction_id`, `coupon_id`, `coupon_amount`, `number_of_usage`, `payment_status`, `payment_date`, `mobifin_status`, `mobifin_response`, `refund_response`, `refund_transaction_id`, `refund_status`, `client_reference_code`, `created_at`, `updated_at`, `deleted_at`) VALUES
(23, 'top-up', NULL, '8888888888', 'Bsnl', NULL, '11', NULL, NULL, NULL, 1, 16, 'active', 1, 22, 80, '[{},201,{\"0\":\"HTTP\\/1.1 201 Created\",\"Cache-Control\":\"no-cache, no-store, must-revalidate\",\"Pragma\":\"no-cache\",\"Expires\":\"-1\",\"Strict-Transport-Security\":\"max-age=31536000\",\"Content-Type\":\"application\\/hal+json\",\"Content-Length\":\"834\",\"x-response-time\":\"158ms\",\"X-OPNET-Transaction-Trace\":\"5d8c1dcd-17ae-4aa0-b777-618a59043274\",\"Connection\":\"keep-alive\",\"v-c-correlation-id\":\"532df8ae-251a-4653-92b0-35db0faa6cca\"}]', '6583160713546436904951', NULL, NULL, 0, 'failed', '2022-07-20', 'Fail', '{\"response\":{\"ResponseCode\":\"1\",\"ResponseDescription\":\"Fail\"},\"error\":\"\",\"request_info\":{\"url\":\"http:\\/\\/cnr-tws.panamaxil.com\\/productrest\\/productrest\",\"content_type\":\"text\\/html; charset=UTF-8\",\"http_code\":200,\"header_size\":445,\"request_size\":575,\"filetime\":-1,\"ssl_verify_result\":0,\"redirect_count\":0,\"total_time\":11.732824,\"namelookup_time\":0.004315,\"connect_time\":0.004702,\"pretransfer_time\":0.004765,\"size_upload\":421,\"size_download\":99,\"speed_download\":8,\"speed_upload\":35,\"download_content_length\":99,\"upload_content_length\":421,\"starttransfer_time\":11.732777,\"redirect_time\":0,\"redirect_url\":\"\",\"primary_ip\":\"10.30.150.40\",\"certinfo\":[],\"primary_port\":80,\"local_ip\":\"10.30.150.39\",\"local_port\":60758},\"RequestUniqueID\":1658316047}', '{\n    \"_links\": {\n        \"self\": {\n            \"href\": \"\\/pts\\/v2\\/refunds\\/6583160839796674804953\",\n            \"method\": \"GET\"\n        },\n        \"void\": {\n            \"href\": \"\\/pts\\/v2\\/refunds\\/6583160839796674804953\\/voids\",\n            \"method\": \"POST\"\n        }\n    },\n    \"id\": \"6583160839796674804953\",\n    \"submitTimeUtc\": \"2022-07-20T11:21:24Z\",\n    \"status\": \"PENDING\",\n    \"reconciliationId\": \"6100440415\",\n    \"clientReferenceInformation\": {\n        \"code\": \"TC50171_3\"\n    },\n    \"refundAmountDetails\": {\n        \"refundAmount\": \"11.00\",\n        \"currency\": \"USD\"\n    },\n    \"processorInformation\": {\n        \"approvalCode\": \"123456\",\n        \"merchantNumber\": \"00006875546\",\n        \"responseCode\": \"A\"\n    },\n    \"orderInformation\": {}\n}', '6583160839796674804953', 'PENDING', NULL, '2022-07-20 15:20:46', '2022-07-20 15:20:59', NULL),
(24, 'top-up', '+93', '8888888888', 'Afghan Wireless', NULL, '24', NULL, NULL, NULL, 250, 16, 'active', 1, 23, 11, '[{},201,{\"0\":\"HTTP\\/1.1 201 Created\",\"Cache-Control\":\"no-cache, no-store, must-revalidate\",\"Pragma\":\"no-cache\",\"Expires\":\"-1\",\"Strict-Transport-Security\":\"max-age=31536000\",\"Content-Type\":\"application\\/hal+json\",\"Content-Length\":\"834\",\"x-response-time\":\"207ms\",\"Connection\":\"keep-alive\",\"v-c-correlation-id\":\"a74f0adf-ba8b-45b2-98b8-dff85f402d88\",\"X-OPNET-Transaction-Trace\":\"12401493-3d96-4f7e-9ddd-1b4661fe1fa3\"}]', '6583165179926721504953', NULL, NULL, 0, 'failed', '2022-07-20', 'Fail', '{\"response\":{\"ResponseCode\":\"1\",\"ResponseDescription\":\"Fail\"},\"error\":\"\",\"request_info\":{\"url\":\"http:\\/\\/cnr-tws.panamaxil.com\\/productrest\\/productrest\",\"content_type\":\"text\\/html; charset=UTF-8\",\"http_code\":200,\"header_size\":445,\"request_size\":575,\"filetime\":-1,\"ssl_verify_result\":0,\"redirect_count\":0,\"total_time\":11.733359,\"namelookup_time\":0.004222,\"connect_time\":0.004647,\"pretransfer_time\":0.004716,\"size_upload\":421,\"size_download\":99,\"speed_download\":8,\"speed_upload\":35,\"download_content_length\":99,\"upload_content_length\":421,\"starttransfer_time\":11.733308,\"redirect_time\":0,\"redirect_url\":\"\",\"primary_ip\":\"10.30.150.40\",\"certinfo\":[],\"primary_port\":80,\"local_ip\":\"10.30.150.39\",\"local_port\":60906},\"RequestUniqueID\":1658316494}', '{\n    \"_links\": {\n        \"self\": {\n            \"href\": \"\\/pts\\/v2\\/refunds\\/6583165306346722604953\",\n            \"method\": \"GET\"\n        },\n        \"void\": {\n            \"href\": \"\\/pts\\/v2\\/refunds\\/6583165306346722604953\\/voids\",\n            \"method\": \"POST\"\n        }\n    },\n    \"id\": \"6583165306346722604953\",\n    \"submitTimeUtc\": \"2022-07-20T11:28:50Z\",\n    \"status\": \"PENDING\",\n    \"reconciliationId\": \"6100440404\",\n    \"clientReferenceInformation\": {\n        \"code\": \"TC50171_3\"\n    },\n    \"refundAmountDetails\": {\n        \"refundAmount\": \"24.00\",\n        \"currency\": \"USD\"\n    },\n    \"processorInformation\": {\n        \"approvalCode\": \"123456\",\n        \"merchantNumber\": \"00006875546\",\n        \"responseCode\": \"A\"\n    },\n    \"orderInformation\": {}\n}', '6583165306346722604953', 'PENDING', NULL, '2022-07-20 15:28:13', '2022-07-20 15:28:26', NULL),
(25, 'top-up', NULL, '8888888888', 'Afghan Wireless', NULL, '12', NULL, NULL, NULL, 250, 16, 'active', 1, 24, 9, '[{},201,{\"0\":\"HTTP\\/1.1 201 Created\",\"Cache-Control\":\"no-cache, no-store, must-revalidate\",\"Pragma\":\"no-cache\",\"Expires\":\"-1\",\"Strict-Transport-Security\":\"max-age=31536000\",\"Content-Type\":\"application\\/hal+json\",\"Content-Length\":\"834\",\"x-response-time\":\"138ms\",\"X-OPNET-Transaction-Trace\":\"7786bb71-b61f-4549-b0f3-06aad6b83b62\",\"Connection\":\"keep-alive\",\"v-c-correlation-id\":\"cebb69b6-7db5-4e2c-bc90-985c22f4104c\"}]', '6583165946176725804953', NULL, NULL, 0, 'failed', '2022-07-20', 'Fail', '{\"response\":{\"ResponseCode\":\"1\",\"ResponseDescription\":\"Fail\"},\"error\":\"\",\"request_info\":{\"url\":\"http:\\/\\/cnr-tws.panamaxil.com\\/productrest\\/productrest\",\"content_type\":\"text\\/html; charset=UTF-8\",\"http_code\":200,\"header_size\":445,\"request_size\":575,\"filetime\":-1,\"ssl_verify_result\":0,\"redirect_count\":0,\"total_time\":11.97167,\"namelookup_time\":0.004218,\"connect_time\":0.004629,\"pretransfer_time\":0.004738,\"size_upload\":421,\"size_download\":99,\"speed_download\":8,\"speed_upload\":35,\"download_content_length\":99,\"upload_content_length\":421,\"starttransfer_time\":11.971623,\"redirect_time\":0,\"redirect_url\":\"\",\"primary_ip\":\"10.30.150.40\",\"certinfo\":[],\"primary_port\":80,\"local_ip\":\"10.30.150.39\",\"local_port\":60944},\"RequestUniqueID\":1658316570}', '{\n    \"_links\": {\n        \"self\": {\n            \"href\": \"\\/pts\\/v2\\/refunds\\/6583166073966490504951\",\n            \"method\": \"GET\"\n        },\n        \"void\": {\n            \"href\": \"\\/pts\\/v2\\/refunds\\/6583166073966490504951\\/voids\",\n            \"method\": \"POST\"\n        }\n    },\n    \"id\": \"6583166073966490504951\",\n    \"submitTimeUtc\": \"2022-07-20T11:30:07Z\",\n    \"status\": \"PENDING\",\n    \"reconciliationId\": \"6100440422\",\n    \"clientReferenceInformation\": {\n        \"code\": \"TC50171_3\"\n    },\n    \"refundAmountDetails\": {\n        \"refundAmount\": \"12.00\",\n        \"currency\": \"USD\"\n    },\n    \"processorInformation\": {\n        \"approvalCode\": \"123456\",\n        \"merchantNumber\": \"00006875546\",\n        \"responseCode\": \"A\"\n    },\n    \"orderInformation\": {}\n}', '6583166073966490504951', 'PENDING', NULL, '2022-07-20 15:29:30', '2022-07-20 15:29:42', NULL),
(26, 'top-up', '+91', '9999999999', 'Bsnl', NULL, '11', NULL, NULL, NULL, 1, 16, 'active', 1, 25, 80, '[{},201,{\"0\":\"HTTP\\/1.1 201 Created\",\"Cache-Control\":\"no-cache, no-store, must-revalidate\",\"Pragma\":\"no-cache\",\"Expires\":\"-1\",\"Strict-Transport-Security\":\"max-age=31536000\",\"Content-Type\":\"application\\/hal+json\",\"Content-Length\":\"834\",\"x-response-time\":\"164ms\",\"Connection\":\"keep-alive\",\"v-c-correlation-id\":\"c2e63b7a-9bcf-4c6f-922e-c18fec6d39a9\"}]', '6583168070276509504951', NULL, NULL, 0, 'failed', '2022-07-20', 'Fail', '{\"response\":{\"ResponseCode\":\"1\",\"ResponseDescription\":\"Fail\"},\"error\":\"\",\"request_info\":{\"url\":\"http:\\/\\/cnr-tws.panamaxil.com\\/productrest\\/productrest\",\"content_type\":\"text\\/html; charset=UTF-8\",\"http_code\":200,\"header_size\":445,\"request_size\":575,\"filetime\":-1,\"ssl_verify_result\":0,\"redirect_count\":0,\"total_time\":11.955476,\"namelookup_time\":0.004264,\"connect_time\":0.004616,\"pretransfer_time\":0.004682,\"size_upload\":421,\"size_download\":99,\"speed_download\":8,\"speed_upload\":35,\"download_content_length\":99,\"upload_content_length\":421,\"starttransfer_time\":11.955425,\"redirect_time\":0,\"redirect_url\":\"\",\"primary_ip\":\"10.30.150.40\",\"certinfo\":[],\"primary_port\":80,\"local_ip\":\"10.30.150.39\",\"local_port\":32816},\"RequestUniqueID\":1658316783}', '{\n    \"_links\": {\n        \"self\": {\n            \"href\": \"\\/pts\\/v2\\/refunds\\/6583168198286749104953\",\n            \"method\": \"GET\"\n        },\n        \"void\": {\n            \"href\": \"\\/pts\\/v2\\/refunds\\/6583168198286749104953\\/voids\",\n            \"method\": \"POST\"\n        }\n    },\n    \"id\": \"6583168198286749104953\",\n    \"submitTimeUtc\": \"2022-07-20T11:33:40Z\",\n    \"status\": \"PENDING\",\n    \"reconciliationId\": \"6100440416\",\n    \"clientReferenceInformation\": {\n        \"code\": \"TC50171_3\"\n    },\n    \"refundAmountDetails\": {\n        \"refundAmount\": \"11.00\",\n        \"currency\": \"USD\"\n    },\n    \"processorInformation\": {\n        \"approvalCode\": \"123456\",\n        \"merchantNumber\": \"00006875546\",\n        \"responseCode\": \"A\"\n    },\n    \"orderInformation\": {}\n}', '6583168198286749104953', 'PENDING', NULL, '2022-07-20 15:33:02', '2022-07-20 15:33:15', NULL),
(27, 'top-up', NULL, '9999999999', 'Vodafone  (new)', NULL, '4', NULL, NULL, NULL, 1, 16, 'active', 1, 26, 662, '[{},201,{\"0\":\"HTTP\\/1.1 201 Created\",\"Cache-Control\":\"no-cache, no-store, must-revalidate\",\"Pragma\":\"no-cache\",\"Expires\":\"-1\",\"Strict-Transport-Security\":\"max-age=31536000\",\"Content-Type\":\"application\\/hal+json\",\"Content-Length\":\"832\",\"x-response-time\":\"176ms\",\"X-OPNET-Transaction-Trace\":\"d720f54d-c833-4574-ac8e-0904eabe54e8\",\"Connection\":\"keep-alive\",\"v-c-correlation-id\":\"7f451c78-8c21-45bc-9295-961c6c5d43dc\"}]', '6583168644466754304953', NULL, NULL, 0, 'failed', '2022-07-20', 'Fail', '{\"response\":{\"ResponseCode\":\"1\",\"ResponseDescription\":\"Fail\"},\"error\":\"\",\"request_info\":{\"url\":\"http:\\/\\/cnr-tws.panamaxil.com\\/productrest\\/productrest\",\"content_type\":\"text\\/html; charset=UTF-8\",\"http_code\":200,\"header_size\":445,\"request_size\":575,\"filetime\":-1,\"ssl_verify_result\":0,\"redirect_count\":0,\"total_time\":11.961287,\"namelookup_time\":0.00428,\"connect_time\":0.004692,\"pretransfer_time\":0.004766,\"size_upload\":421,\"size_download\":99,\"speed_download\":8,\"speed_upload\":35,\"download_content_length\":99,\"upload_content_length\":421,\"starttransfer_time\":11.961239,\"redirect_time\":0,\"redirect_url\":\"\",\"primary_ip\":\"10.30.150.40\",\"certinfo\":[],\"primary_port\":80,\"local_ip\":\"10.30.150.39\",\"local_port\":32842},\"RequestUniqueID\":1658316840}', '{\n    \"_links\": {\n        \"self\": {\n            \"href\": \"\\/pts\\/v2\\/refunds\\/6583168772536756304953\",\n            \"method\": \"GET\"\n        },\n        \"void\": {\n            \"href\": \"\\/pts\\/v2\\/refunds\\/6583168772536756304953\\/voids\",\n            \"method\": \"POST\"\n        }\n    },\n    \"id\": \"6583168772536756304953\",\n    \"submitTimeUtc\": \"2022-07-20T11:34:37Z\",\n    \"status\": \"PENDING\",\n    \"reconciliationId\": \"6100440388\",\n    \"clientReferenceInformation\": {\n        \"code\": \"TC50171_3\"\n    },\n    \"refundAmountDetails\": {\n        \"refundAmount\": \"4.00\",\n        \"currency\": \"USD\"\n    },\n    \"processorInformation\": {\n        \"approvalCode\": \"123456\",\n        \"merchantNumber\": \"00006875546\",\n        \"responseCode\": \"A\"\n    },\n    \"orderInformation\": {}\n}', '6583168772536756304953', 'PENDING', NULL, '2022-07-20 15:34:00', '2022-07-20 15:34:12', NULL),
(28, 'top-up', NULL, '8888888888', 'Mtn', NULL, '12', NULL, NULL, NULL, 250, 16, 'active', 1, 27, 342, '[{},201,{\"0\":\"HTTP\\/1.1 201 Created\",\"Cache-Control\":\"no-cache, no-store, must-revalidate\",\"Pragma\":\"no-cache\",\"Expires\":\"-1\",\"Strict-Transport-Security\":\"max-age=31536000\",\"Content-Type\":\"application\\/hal+json\",\"Content-Length\":\"834\",\"x-response-time\":\"141ms\",\"X-OPNET-Transaction-Trace\":\"ac01472d-dd4f-4218-b376-6aa37cd7e812\",\"Connection\":\"keep-alive\",\"v-c-correlation-id\":\"545e209e-b5a1-4f8a-b62c-0d2067955ebc\"}]', '6583170029036525904951', NULL, NULL, 0, 'failed', '2022-07-20', 'Fail', '{\"response\":{\"ResponseCode\":\"1\",\"ResponseDescription\":\"Fail\"},\"error\":\"\",\"request_info\":{\"url\":\"http:\\/\\/cnr-tws.panamaxil.com\\/productrest\\/productrest\",\"content_type\":\"text\\/html; charset=UTF-8\",\"http_code\":200,\"header_size\":445,\"request_size\":575,\"filetime\":-1,\"ssl_verify_result\":0,\"redirect_count\":0,\"total_time\":11.976913,\"namelookup_time\":0.004266,\"connect_time\":0.0047,\"pretransfer_time\":0.004771,\"size_upload\":421,\"size_download\":99,\"speed_download\":8,\"speed_upload\":35,\"download_content_length\":99,\"upload_content_length\":421,\"starttransfer_time\":11.976868,\"redirect_time\":0,\"redirect_url\":\"\",\"primary_ip\":\"10.30.150.40\",\"certinfo\":[],\"primary_port\":80,\"local_ip\":\"10.30.150.39\",\"local_port\":32882},\"RequestUniqueID\":1658316978}', '{\n    \"_links\": {\n        \"self\": {\n            \"href\": \"\\/pts\\/v2\\/refunds\\/6583170156986767104953\",\n            \"method\": \"GET\"\n        },\n        \"void\": {\n            \"href\": \"\\/pts\\/v2\\/refunds\\/6583170156986767104953\\/voids\",\n            \"method\": \"POST\"\n        }\n    },\n    \"id\": \"6583170156986767104953\",\n    \"submitTimeUtc\": \"2022-07-20T11:36:55Z\",\n    \"status\": \"PENDING\",\n    \"reconciliationId\": \"6100440406\",\n    \"clientReferenceInformation\": {\n        \"code\": \"TC50171_3\"\n    },\n    \"refundAmountDetails\": {\n        \"refundAmount\": \"12.00\",\n        \"currency\": \"USD\"\n    },\n    \"processorInformation\": {\n        \"approvalCode\": \"123456\",\n        \"merchantNumber\": \"00006875546\",\n        \"responseCode\": \"A\"\n    },\n    \"orderInformation\": {}\n}', '6583170156986767104953', 'PENDING', NULL, '2022-07-20 15:36:18', '2022-07-20 15:36:31', NULL),
(29, 'top-up', '+91', '1111111111', 'Afghan Wireless', NULL, '24', NULL, NULL, NULL, 250, 16, 'active', 1, 28, 11, '[{},201,{\"0\":\"HTTP\\/1.1 201 Created\",\"Cache-Control\":\"no-cache, no-store, must-revalidate\",\"Pragma\":\"no-cache\",\"Expires\":\"-1\",\"Strict-Transport-Security\":\"max-age=31536000\",\"Content-Type\":\"application\\/hal+json\",\"Content-Length\":\"834\",\"x-response-time\":\"189ms\",\"Connection\":\"keep-alive\",\"v-c-correlation-id\":\"14285a0e-f233-4c4e-86b2-98b0766c7a98\"}]', '6583799294746941204951', NULL, NULL, 0, 'failed', '2022-07-21', 'Fail', '{\"response\":{\"ResponseCode\":\"1\",\"ResponseDescription\":\"Fail\"},\"error\":\"\",\"request_info\":{\"url\":\"http:\\/\\/cnr-tws.panamaxil.com\\/productrest\\/productrest\",\"content_type\":\"text\\/html; charset=UTF-8\",\"http_code\":200,\"header_size\":445,\"request_size\":575,\"filetime\":-1,\"ssl_verify_result\":0,\"redirect_count\":0,\"total_time\":18.120696,\"namelookup_time\":0.004193,\"connect_time\":0.004563,\"pretransfer_time\":0.004633,\"size_upload\":421,\"size_download\":99,\"speed_download\":5,\"speed_upload\":23,\"download_content_length\":99,\"upload_content_length\":421,\"starttransfer_time\":18.120649,\"redirect_time\":0,\"redirect_url\":\"\",\"primary_ip\":\"10.30.150.40\",\"certinfo\":[],\"primary_port\":80,\"local_ip\":\"10.30.150.39\",\"local_port\":34548},\"RequestUniqueID\":1658379905}', '{\n    \"_links\": {\n        \"self\": {\n            \"href\": \"\\/pts\\/v2\\/refunds\\/6583799484836942004951\",\n            \"method\": \"GET\"\n        },\n        \"void\": {\n            \"href\": \"\\/pts\\/v2\\/refunds\\/6583799484836942004951\\/voids\",\n            \"method\": \"POST\"\n        }\n    },\n    \"id\": \"6583799484836942004951\",\n    \"submitTimeUtc\": \"2022-07-21T05:05:48Z\",\n    \"status\": \"PENDING\",\n    \"reconciliationId\": \"6100440573\",\n    \"clientReferenceInformation\": {\n        \"code\": \"TC50171_3\"\n    },\n    \"refundAmountDetails\": {\n        \"refundAmount\": \"24.00\",\n        \"currency\": \"USD\"\n    },\n    \"processorInformation\": {\n        \"approvalCode\": \"123456\",\n        \"merchantNumber\": \"00006875546\",\n        \"responseCode\": \"A\"\n    },\n    \"orderInformation\": {}\n}', '6583799484836942004951', 'PENDING', NULL, '2022-07-21 09:05:05', '2022-07-21 09:05:23', NULL),
(30, 'top-up', NULL, '1111111111', 'Afghan Wireless', NULL, '24', NULL, NULL, NULL, 250, 16, 'active', 1, 29, 11, '[{},201,{\"0\":\"HTTP\\/1.1 201 Created\",\"Cache-Control\":\"no-cache, no-store, must-revalidate\",\"Pragma\":\"no-cache\",\"Expires\":\"-1\",\"Strict-Transport-Security\":\"max-age=31536000\",\"Content-Type\":\"application\\/hal+json\",\"Content-Length\":\"834\",\"x-response-time\":\"202ms\",\"X-OPNET-Transaction-Trace\":\"f2bc29ea-f30b-4ada-8929-ac8229f7df55\",\"Connection\":\"keep-alive\",\"v-c-correlation-id\":\"6869d039-85d6-410e-89df-8d6b22bb1bc9\"}]', '6583799888716944304951', NULL, NULL, 0, 'failed', '2022-07-21', 'Fail', '{\"response\":{\"ResponseCode\":\"1\",\"ResponseDescription\":\"Fail\"},\"error\":\"\",\"request_info\":{\"url\":\"http:\\/\\/cnr-tws.panamaxil.com\\/productrest\\/productrest\",\"content_type\":\"text\\/html; charset=UTF-8\",\"http_code\":200,\"header_size\":445,\"request_size\":575,\"filetime\":-1,\"ssl_verify_result\":0,\"redirect_count\":0,\"total_time\":12.013141,\"namelookup_time\":0.00426,\"connect_time\":0.004642,\"pretransfer_time\":0.004703,\"size_upload\":421,\"size_download\":99,\"speed_download\":8,\"speed_upload\":35,\"download_content_length\":99,\"upload_content_length\":421,\"starttransfer_time\":12.013102,\"redirect_time\":0,\"redirect_url\":\"\",\"primary_ip\":\"10.30.150.40\",\"certinfo\":[],\"primary_port\":80,\"local_ip\":\"10.30.150.39\",\"local_port\":34570},\"RequestUniqueID\":1658379964}', '{\n    \"_links\": {\n        \"self\": {\n            \"href\": \"\\/pts\\/v2\\/refunds\\/6583800018026155204953\",\n            \"method\": \"GET\"\n        },\n        \"void\": {\n            \"href\": \"\\/pts\\/v2\\/refunds\\/6583800018026155204953\\/voids\",\n            \"method\": \"POST\"\n        }\n    },\n    \"id\": \"6583800018026155204953\",\n    \"submitTimeUtc\": \"2022-07-21T05:06:42Z\",\n    \"status\": \"PENDING\",\n    \"reconciliationId\": \"6100440574\",\n    \"clientReferenceInformation\": {\n        \"code\": \"TC50171_3\"\n    },\n    \"refundAmountDetails\": {\n        \"refundAmount\": \"24.00\",\n        \"currency\": \"USD\"\n    },\n    \"processorInformation\": {\n        \"approvalCode\": \"123456\",\n        \"merchantNumber\": \"00006875546\",\n        \"responseCode\": \"A\"\n    },\n    \"orderInformation\": {}\n}', '6583800018026155204953', 'PENDING', NULL, '2022-07-21 09:06:04', '2022-07-21 09:06:17', NULL),
(31, 'top-up', '+91', '1234567890', 'Bsnl', NULL, '11', NULL, NULL, NULL, 1, 16, 'active', 1, 30, 80, '[{},201,{\"0\":\"HTTP\\/1.1 201 Created\",\"Cache-Control\":\"no-cache, no-store, must-revalidate\",\"Pragma\":\"no-cache\",\"Expires\":\"-1\",\"Strict-Transport-Security\":\"max-age=31536000\",\"Content-Type\":\"application\\/hal+json\",\"Content-Length\":\"834\",\"x-response-time\":\"191ms\",\"Connection\":\"keep-alive\",\"v-c-correlation-id\":\"8313004b-bc68-4d6d-8fed-1ac833e560ea\",\"X-OPNET-Transaction-Trace\":\"2052725c-34a1-4a11-80ae-0d007fa8723f\"}]', '6583804635396961803955', NULL, NULL, 0, 'failed', '2022-07-21', 'Fail', '{\"response\":{\"ResponseCode\":\"1\",\"ResponseDescription\":\"Fail\"},\"error\":\"\",\"request_info\":{\"url\":\"http:\\/\\/cnr-tws.panamaxil.com\\/productrest\\/productrest\",\"content_type\":\"text\\/html; charset=UTF-8\",\"http_code\":200,\"header_size\":445,\"request_size\":575,\"filetime\":-1,\"ssl_verify_result\":0,\"redirect_count\":0,\"total_time\":11.880883,\"namelookup_time\":0.004239,\"connect_time\":0.004643,\"pretransfer_time\":0.004719,\"size_upload\":421,\"size_download\":99,\"speed_download\":8,\"speed_upload\":35,\"download_content_length\":99,\"upload_content_length\":421,\"starttransfer_time\":11.880835,\"redirect_time\":0,\"redirect_url\":\"\",\"primary_ip\":\"10.30.150.40\",\"certinfo\":[],\"primary_port\":80,\"local_ip\":\"10.30.150.39\",\"local_port\":34702},\"RequestUniqueID\":1658380442}', '{\n    \"_links\": {\n        \"self\": {\n            \"href\": \"\\/pts\\/v2\\/refunds\\/6583804789386071403954\",\n            \"method\": \"GET\"\n        },\n        \"void\": {\n            \"href\": \"\\/pts\\/v2\\/refunds\\/6583804789386071403954\\/voids\",\n            \"method\": \"POST\"\n        }\n    },\n    \"id\": \"6583804789386071403954\",\n    \"submitTimeUtc\": \"2022-07-21T05:14:39Z\",\n    \"status\": \"PENDING\",\n    \"reconciliationId\": \"5100092675\",\n    \"clientReferenceInformation\": {\n        \"code\": \"TC50171_3\"\n    },\n    \"refundAmountDetails\": {\n        \"refundAmount\": \"11.00\",\n        \"currency\": \"USD\"\n    },\n    \"processorInformation\": {\n        \"approvalCode\": \"123456\",\n        \"merchantNumber\": \"00006875546\",\n        \"responseCode\": \"A\"\n    },\n    \"orderInformation\": {}\n}', '6583804789386071403954', 'PENDING', NULL, '2022-07-21 09:14:01', '2022-07-21 09:14:14', NULL),
(32, 'choose_amount', '+91', '9999999999', 'Tmobile (new)', NULL, '10', NULL, NULL, NULL, 2, 16, 'active', 1, 31, 492, '[{},201,{\"0\":\"HTTP\\/1.1 201 Created\",\"Cache-Control\":\"no-cache, no-store, must-revalidate\",\"Pragma\":\"no-cache\",\"Expires\":\"-1\",\"Strict-Transport-Security\":\"max-age=31536000\",\"Content-Type\":\"application\\/hal+json\",\"Content-Length\":\"834\",\"x-response-time\":\"185ms\",\"Connection\":\"keep-alive\",\"v-c-correlation-id\":\"2bb5852b-8dbf-46aa-b030-64f586b8c820\",\"X-OPNET-Transaction-Trace\":\"2f5105ed-f10d-42f5-af25-e54dd3392427\"}]', '6583883813466544903955', NULL, NULL, 0, 'failed', '2022-07-21', 'Fail', '{\"response\":{\"ResponseCode\":\"1\",\"ResponseDescription\":\"Fail\"},\"error\":\"\",\"request_info\":{\"url\":\"http:\\/\\/cnr-tws.panamaxil.com\\/productrest\\/productrest\",\"content_type\":\"text\\/html; charset=UTF-8\",\"http_code\":200,\"header_size\":445,\"request_size\":575,\"filetime\":-1,\"ssl_verify_result\":0,\"redirect_count\":0,\"total_time\":11.967445,\"namelookup_time\":0.004245,\"connect_time\":0.004701,\"pretransfer_time\":0.004812,\"size_upload\":421,\"size_download\":99,\"speed_download\":8,\"speed_upload\":35,\"download_content_length\":99,\"upload_content_length\":421,\"starttransfer_time\":11.967395,\"redirect_time\":0,\"redirect_url\":\"\",\"primary_ip\":\"10.30.150.40\",\"certinfo\":[],\"primary_port\":80,\"local_ip\":\"10.30.150.39\",\"local_port\":35006},\"RequestUniqueID\":1658388360}', '{\n    \"_links\": {\n        \"self\": {\n            \"href\": \"\\/pts\\/v2\\/refunds\\/6583883975226556903955\",\n            \"method\": \"GET\"\n        },\n        \"void\": {\n            \"href\": \"\\/pts\\/v2\\/refunds\\/6583883975226556903955\\/voids\",\n            \"method\": \"POST\"\n        }\n    },\n    \"id\": \"6583883975226556903955\",\n    \"submitTimeUtc\": \"2022-07-21T07:26:37Z\",\n    \"status\": \"PENDING\",\n    \"reconciliationId\": \"5100092723\",\n    \"clientReferenceInformation\": {\n        \"code\": \"TC50171_3\"\n    },\n    \"refundAmountDetails\": {\n        \"refundAmount\": \"10.00\",\n        \"currency\": \"USD\"\n    },\n    \"processorInformation\": {\n        \"approvalCode\": \"123456\",\n        \"merchantNumber\": \"00006875546\",\n        \"responseCode\": \"A\"\n    },\n    \"orderInformation\": {}\n}', '6583883975226556903955', 'PENDING', NULL, '2022-07-21 11:26:00', '2022-07-21 11:26:13', NULL),
(33, 'top-up', NULL, '7777777777', 'Bsnl', NULL, '11', NULL, NULL, NULL, 1, 16, 'active', 1, 32, 80, '[{},201,{\"0\":\"HTTP\\/1.1 201 Created\",\"Cache-Control\":\"no-cache, no-store, must-revalidate\",\"Pragma\":\"no-cache\",\"Expires\":\"-1\",\"Strict-Transport-Security\":\"max-age=31536000\",\"Content-Type\":\"application\\/hal+json\",\"Content-Length\":\"834\",\"x-response-time\":\"204ms\",\"X-OPNET-Transaction-Trace\":\"490e6427-b2be-489a-b174-2b18bb229273\",\"Connection\":\"keep-alive\",\"v-c-correlation-id\":\"b7f6e638-437b-4e10-ac5b-fa5d172e88ea\"}]', '6584120890476420003955', NULL, NULL, 0, 'failed', '2022-07-21', 'Fail', '{\"response\":{\"ResponseCode\":\"1\",\"ResponseDescription\":\"Fail\"},\"error\":\"\",\"request_info\":{\"url\":\"http:\\/\\/cnr-tws.panamaxil.com\\/productrest\\/productrest\",\"content_type\":\"text\\/html; charset=UTF-8\",\"http_code\":200,\"header_size\":445,\"request_size\":575,\"filetime\":-1,\"ssl_verify_result\":0,\"redirect_count\":0,\"total_time\":22.053398,\"namelookup_time\":0.004302,\"connect_time\":0.004786,\"pretransfer_time\":0.004859,\"size_upload\":421,\"size_download\":99,\"speed_download\":4,\"speed_upload\":19,\"download_content_length\":99,\"upload_content_length\":421,\"starttransfer_time\":22.053328,\"redirect_time\":0,\"redirect_url\":\"\",\"primary_ip\":\"10.30.150.40\",\"certinfo\":[],\"primary_port\":80,\"local_ip\":\"10.30.150.39\",\"local_port\":37824},\"RequestUniqueID\":1658412065}', '{\n    \"_links\": {\n        \"self\": {\n            \"href\": \"\\/pts\\/v2\\/refunds\\/6584121122096442803955\",\n            \"method\": \"GET\"\n        },\n        \"void\": {\n            \"href\": \"\\/pts\\/v2\\/refunds\\/6584121122096442803955\\/voids\",\n            \"method\": \"POST\"\n        }\n    },\n    \"id\": \"6584121122096442803955\",\n    \"submitTimeUtc\": \"2022-07-21T14:01:52Z\",\n    \"status\": \"PENDING\",\n    \"reconciliationId\": \"5100092762\",\n    \"clientReferenceInformation\": {\n        \"code\": \"TC50171_3\"\n    },\n    \"refundAmountDetails\": {\n        \"refundAmount\": \"11.00\",\n        \"currency\": \"USD\"\n    },\n    \"processorInformation\": {\n        \"approvalCode\": \"123456\",\n        \"merchantNumber\": \"00006875546\",\n        \"responseCode\": \"A\"\n    },\n    \"orderInformation\": {}\n}', '6584121122096442803955', 'PENDING', NULL, '2022-07-21 18:01:04', '2022-07-21 18:01:27', NULL),
(34, 'top-up', '+880', '7777777777', 'Airtel  (new)', NULL, '8', NULL, NULL, NULL, 7, 16, 'active', 1, 33, 21, '[{},201,{\"0\":\"HTTP\\/1.1 201 Created\",\"Cache-Control\":\"no-cache, no-store, must-revalidate\",\"Pragma\":\"no-cache\",\"Expires\":\"-1\",\"Strict-Transport-Security\":\"max-age=31536000\",\"Content-Type\":\"application\\/hal+json\",\"Content-Length\":\"832\",\"x-response-time\":\"274ms\",\"X-OPNET-Transaction-Trace\":\"2f824306-f34b-4b44-b475-8be73a951573\",\"Connection\":\"keep-alive\",\"v-c-correlation-id\":\"299e03b3-45b6-4494-9670-8f6937d79d48\"}]', '6584123040106787603954', NULL, NULL, 0, 'failed', '2022-07-21', 'Fail', '{\"response\":{\"ResponseCode\":\"1\",\"ResponseDescription\":\"Fail\"},\"error\":\"\",\"request_info\":{\"url\":\"http:\\/\\/cnr-tws.panamaxil.com\\/productrest\\/productrest\",\"content_type\":\"text\\/html; charset=UTF-8\",\"http_code\":200,\"header_size\":445,\"request_size\":575,\"filetime\":-1,\"ssl_verify_result\":0,\"redirect_count\":0,\"total_time\":11.97412,\"namelookup_time\":0.004282,\"connect_time\":0.004777,\"pretransfer_time\":0.004849,\"size_upload\":421,\"size_download\":99,\"speed_download\":8,\"speed_upload\":35,\"download_content_length\":99,\"upload_content_length\":421,\"starttransfer_time\":11.974068,\"redirect_time\":0,\"redirect_url\":\"\",\"primary_ip\":\"10.30.150.40\",\"certinfo\":[],\"primary_port\":80,\"local_ip\":\"10.30.150.39\",\"local_port\":37906},\"RequestUniqueID\":1658412280}', '{\n    \"_links\": {\n        \"self\": {\n            \"href\": \"\\/pts\\/v2\\/refunds\\/6584123171516798403954\",\n            \"method\": \"GET\"\n        },\n        \"void\": {\n            \"href\": \"\\/pts\\/v2\\/refunds\\/6584123171516798403954\\/voids\",\n            \"method\": \"POST\"\n        }\n    },\n    \"id\": \"6584123171516798403954\",\n    \"submitTimeUtc\": \"2022-07-21T14:05:17Z\",\n    \"status\": \"PENDING\",\n    \"reconciliationId\": \"5100092773\",\n    \"clientReferenceInformation\": {\n        \"code\": \"TC50171_3\"\n    },\n    \"refundAmountDetails\": {\n        \"refundAmount\": \"8.00\",\n        \"currency\": \"USD\"\n    },\n    \"processorInformation\": {\n        \"approvalCode\": \"123456\",\n        \"merchantNumber\": \"00006875546\",\n        \"responseCode\": \"A\"\n    },\n    \"orderInformation\": {}\n}', '6584123171516798403954', 'PENDING', NULL, '2022-07-21 18:04:39', '2022-07-21 18:04:52', NULL),
(35, 'top-up', NULL, '4555555555', 'Gy_dc_topup', NULL, '5', NULL, NULL, NULL, 2, 16, 'active', 1, 34, 230, '[{},201,{\"0\":\"HTTP\\/1.1 201 Created\",\"Cache-Control\":\"no-cache, no-store, must-revalidate\",\"Pragma\":\"no-cache\",\"Expires\":\"-1\",\"Strict-Transport-Security\":\"max-age=31536000\",\"Content-Type\":\"application\\/hal+json\",\"Content-Length\":\"832\",\"x-response-time\":\"168ms\",\"X-OPNET-Transaction-Trace\":\"6b354558-aa0b-407c-9f93-a249e4eb2813\",\"Connection\":\"keep-alive\",\"v-c-correlation-id\":\"55e3fedf-8622-440e-95c5-ff2f928c487c\"}]', '6584919905416873104953', NULL, NULL, 0, 'success', '2022-07-22', NULL, NULL, NULL, NULL, NULL, NULL, '2022-07-22 06:43:10', '2022-07-22 06:43:10', NULL),
(36, 'top-up', NULL, '4564789132', 'Aircel', NULL, '6', NULL, NULL, NULL, 1, 16, 'active', 1, 35, 17, '[{},201,{\"0\":\"HTTP\\/1.1 201 Created\",\"Cache-Control\":\"no-cache, no-store, must-revalidate\",\"Pragma\":\"no-cache\",\"Expires\":\"-1\",\"Strict-Transport-Security\":\"max-age=31536000\",\"Content-Type\":\"application\\/hal+json\",\"Content-Length\":\"832\",\"x-response-time\":\"176ms\",\"X-OPNET-Transaction-Trace\":\"0fe899e3-5ea2-46fa-8681-9a4b55fd6cb6\",\"Connection\":\"keep-alive\",\"v-c-correlation-id\":\"a379b4e7-34a1-416b-bc5e-b1e2d31419d9\"}]', '6585635871146152203955', NULL, NULL, 0, 'success', '2022-07-23', NULL, NULL, NULL, NULL, NULL, NULL, '2022-07-23 02:36:27', '2022-07-23 02:36:27', NULL),
(37, 'top-up', NULL, '4564789132', 'Aircel', NULL, '6', NULL, NULL, NULL, 1, 16, 'active', 1, 36, 17, '[{},201,{\"0\":\"HTTP\\/1.1 201 Created\",\"Cache-Control\":\"no-cache, no-store, must-revalidate\",\"Pragma\":\"no-cache\",\"Expires\":\"-1\",\"Strict-Transport-Security\":\"max-age=31536000\",\"Content-Type\":\"application\\/hal+json\",\"Content-Length\":\"832\",\"x-response-time\":\"155ms\",\"Connection\":\"keep-alive\",\"v-c-correlation-id\":\"ce6b2848-19e4-48b1-98c2-ba5044ced0a9\",\"X-OPNET-Transaction-Trace\":\"89be799a-2224-4d4e-b003-6f560d2b6b46\"}]', '6585636081916154003954', NULL, NULL, 0, 'success', '2022-07-23', NULL, NULL, NULL, NULL, NULL, NULL, '2022-07-23 02:36:48', '2022-07-23 02:36:48', NULL),
(38, 'top-up', NULL, '1111111111', 'Afghan Wireless', NULL, '24', NULL, NULL, NULL, 250, 16, 'active', 1, 37, 11, '[{},201,{\"0\":\"HTTP\\/1.1 201 Created\",\"Cache-Control\":\"no-cache, no-store, must-revalidate\",\"Pragma\":\"no-cache\",\"Expires\":\"-1\",\"Strict-Transport-Security\":\"max-age=31536000\",\"Content-Type\":\"application\\/hal+json\",\"Content-Length\":\"834\",\"x-response-time\":\"179ms\",\"X-OPNET-Transaction-Trace\":\"d31aaca8-21f3-4289-9c83-fb6b60d5107e\",\"Connection\":\"keep-alive\",\"v-c-correlation-id\":\"3772c072-ee9e-4c05-b502-7d8182cb4cfb\"}]', '6585768238056842304953', NULL, NULL, 0, 'success', '2022-07-23', NULL, NULL, NULL, NULL, NULL, '1658576602115', '2022-07-23 06:17:04', '2022-07-23 06:17:04', NULL),
(39, 'top-up', NULL, '1111111111', 'Idea', NULL, '10', NULL, NULL, NULL, 1, 16, 'active', 1, 38, 241, '[{},201,{\"0\":\"HTTP\\/1.1 201 Created\",\"Cache-Control\":\"no-cache, no-store, must-revalidate\",\"Pragma\":\"no-cache\",\"Expires\":\"-1\",\"Strict-Transport-Security\":\"max-age=31536000\",\"Content-Type\":\"application\\/hal+json\",\"Content-Length\":\"834\",\"x-response-time\":\"199ms\",\"X-OPNET-Transaction-Trace\":\"763b0ad0-86ad-403c-8448-19ecc8c32a92\",\"Connection\":\"keep-alive\",\"v-c-correlation-id\":\"40b94e08-f93a-42bd-a5e1-965881ab1e91\"}]', '6585772771016876304951', NULL, NULL, 0, 'success', '2022-07-23', NULL, NULL, NULL, NULL, NULL, '1658577205413', '2022-07-23 06:24:37', '2022-07-23 06:24:37', NULL),
(40, 'top-up', '+93', '1111111111', 'Afghan Wireless', NULL, '24', NULL, NULL, NULL, 250, 16, 'active', 1, 39, 11, '[{},201,{\"0\":\"HTTP\\/1.1 201 Created\",\"Cache-Control\":\"no-cache, no-store, must-revalidate\",\"Pragma\":\"no-cache\",\"Expires\":\"-1\",\"Strict-Transport-Security\":\"max-age=31536000\",\"Content-Type\":\"application\\/hal+json\",\"Content-Length\":\"834\",\"x-response-time\":\"178ms\",\"X-OPNET-Transaction-Trace\":\"19bc7a91-4066-4329-b52a-829f1b0a6d20\",\"Connection\":\"keep-alive\",\"v-c-correlation-id\":\"8ec9baec-859a-4133-a051-d334c959c00d\"}]', '6585827009306182504951', NULL, NULL, 0, 'success', '2022-07-23', NULL, NULL, NULL, NULL, NULL, '1658582677869', '2022-07-23 07:55:01', '2022-07-23 07:55:01', NULL),
(41, 'top-up', NULL, '1111111111', 'Idea', NULL, '10', NULL, NULL, NULL, 1, 16, 'active', 1, 40, 241, '[{},201,{\"0\":\"HTTP\\/1.1 201 Created\",\"Cache-Control\":\"no-cache, no-store, must-revalidate\",\"Pragma\":\"no-cache\",\"Expires\":\"-1\",\"Strict-Transport-Security\":\"max-age=31536000\",\"Content-Type\":\"application\\/hal+json\",\"Content-Length\":\"834\",\"x-response-time\":\"207ms\",\"X-OPNET-Transaction-Trace\":\"6650f9c1-0278-4cf8-aaed-15fd8dc6717a\",\"Connection\":\"keep-alive\",\"v-c-correlation-id\":\"4541c4ed-3e22-408e-a9c2-fb4498d2951a\"}]', '6586658279036999704953', NULL, NULL, 0, 'success', '2022-07-24', NULL, NULL, NULL, NULL, NULL, '1658665761641', '2022-07-24 07:00:28', '2022-07-24 07:00:28', NULL),
(42, 'top-up', NULL, '1111111111', 'Idea', NULL, '10', NULL, NULL, NULL, 1, 16, 'active', 1, 41, 241, '[{},201,{\"0\":\"HTTP\\/1.1 201 Created\",\"Cache-Control\":\"no-cache, no-store, must-revalidate\",\"Pragma\":\"no-cache\",\"Expires\":\"-1\",\"Strict-Transport-Security\":\"max-age=31536000\",\"Content-Type\":\"application\\/hal+json\",\"Content-Length\":\"834\",\"x-response-time\":\"270ms\",\"X-OPNET-Transaction-Trace\":\"f01f8e0b-c84f-490a-88f3-4b6763e85800\",\"Connection\":\"keep-alive\",\"v-c-correlation-id\":\"dce355df-c70d-480b-8404-f552fbd1e64b\"}]', '6587259197526360704951', NULL, NULL, 0, 'success', '2022-07-25', NULL, NULL, NULL, NULL, NULL, '1658725881178', '2022-07-24 23:42:00', '2022-07-24 23:42:00', NULL);

-- --------------------------------------------------------

--
-- Table structure for table `topup_plans`
--

CREATE TABLE `topup_plans` (
  `id` int(11) NOT NULL,
  `type` varchar(255) DEFAULT NULL,
  `isd_code` varchar(255) DEFAULT NULL,
  `phone_no` varchar(255) DEFAULT NULL,
  `operator_type` varchar(255) DEFAULT NULL,
  `amount_type` varchar(255) DEFAULT NULL,
  `amount` varchar(255) DEFAULT NULL,
  `product_amount` varchar(255) DEFAULT NULL,
  `country_id` bigint(20) DEFAULT NULL,
  `user_id` bigint(20) DEFAULT NULL,
  `status` varchar(255) DEFAULT NULL,
  `credit_card_id` bigint(20) UNSIGNED DEFAULT NULL,
  `address_id` bigint(20) UNSIGNED DEFAULT NULL,
  `plan_id` bigint(20) UNSIGNED NOT NULL,
  `payment_response` text DEFAULT NULL,
  `transaction_id` varchar(255) DEFAULT NULL,
  `coupon_id` int(11) DEFAULT NULL,
  `created_at` timestamp NULL DEFAULT NULL,
  `updated_at` timestamp NULL DEFAULT NULL,
  `deleted_at` timestamp NULL DEFAULT NULL
) ENGINE=InnoDB DEFAULT CHARSET=utf8mb4;

-- --------------------------------------------------------

--
-- Table structure for table `transactions`
--

CREATE TABLE `transactions` (
  `id` int(11) NOT NULL,
  `coupon_id` varchar(255) DEFAULT NULL,
  `user_id` int(11) NOT NULL,
  `phone_no` varchar(255) DEFAULT NULL,
  `amount` varchar(255) DEFAULT NULL,
  `created_at` timestamp NULL DEFAULT NULL,
  `updated_at` timestamp NULL DEFAULT NULL,
  `deleted_at` timestamp NULL DEFAULT NULL
) ENGINE=InnoDB DEFAULT CHARSET=utf8mb4;

-- --------------------------------------------------------

--
-- Table structure for table `users`
--

CREATE TABLE `users` (
  `id` bigint(20) UNSIGNED NOT NULL,
  `user_name` varchar(255) COLLATE utf8_unicode_ci DEFAULT NULL,
  `first_name` varchar(255) COLLATE utf8_unicode_ci DEFAULT NULL,
  `last_name` varchar(255) COLLATE utf8_unicode_ci DEFAULT NULL,
  `email` varchar(255) COLLATE utf8_unicode_ci DEFAULT NULL,
  `email_verified_at` timestamp NULL DEFAULT NULL,
  `password` varchar(255) COLLATE utf8_unicode_ci DEFAULT NULL,
  `pin` varchar(255) COLLATE utf8_unicode_ci DEFAULT NULL,
  `address_line_1` varchar(255) COLLATE utf8_unicode_ci DEFAULT NULL,
  `address_line_2` varchar(255) COLLATE utf8_unicode_ci DEFAULT NULL,
  `phone_no` varchar(255) COLLATE utf8_unicode_ci DEFAULT NULL,
  `city` varchar(255) COLLATE utf8_unicode_ci DEFAULT NULL,
  `zip_code` varchar(255) COLLATE utf8_unicode_ci DEFAULT NULL,
  `state` varchar(255) COLLATE utf8_unicode_ci DEFAULT NULL,
  `country` varchar(255) COLLATE utf8_unicode_ci DEFAULT NULL,
  `user_type` varchar(255) COLLATE utf8_unicode_ci DEFAULT NULL,
  `role_id` varchar(255) COLLATE utf8_unicode_ci DEFAULT NULL,
  `ref_id` varchar(255) COLLATE utf8_unicode_ci DEFAULT NULL,
  `facebook_id` text COLLATE utf8_unicode_ci DEFAULT NULL,
  `status` enum('active','block','inactive') COLLATE utf8_unicode_ci NOT NULL DEFAULT 'active',
  `remember_token` varchar(100) COLLATE utf8_unicode_ci DEFAULT NULL,
  `otp` varchar(255) CHARACTER SET utf8 DEFAULT NULL,
  `expire_time` varchar(100) CHARACTER SET utf8 DEFAULT NULL,
  `otp_count` int(11) DEFAULT 0,
  `created_at` timestamp NULL DEFAULT NULL,
  `updated_at` timestamp NULL DEFAULT NULL,
  `deleted_at` timestamp NULL DEFAULT NULL
) ENGINE=InnoDB DEFAULT CHARSET=utf8 COLLATE=utf8_unicode_ci;

--
-- Dumping data for table `users`
--

INSERT INTO `users` (`id`, `user_name`, `first_name`, `last_name`, `email`, `email_verified_at`, `password`, `pin`, `address_line_1`, `address_line_2`, `phone_no`, `city`, `zip_code`, `state`, `country`, `user_type`, `role_id`, `ref_id`, `facebook_id`, `status`, `remember_token`, `otp`, `expire_time`, `otp_count`, `created_at`, `updated_at`, `deleted_at`) VALUES
(1, 'Super Admin', 'Super Admin', 'Super Admin', 'superadmin@gmail.com', NULL, '$2y$10$8yHIogSDIJD2.KJK4Z8LBeUO5mYjFnU0TZqSED0yfCta4OvDGcXNi', NULL, NULL, NULL, NULL, NULL, NULL, NULL, 'IN', 'superadmin', '1', NULL, NULL, 'active', NULL, NULL, NULL, 0, '2021-10-05 07:34:15', '2022-01-03 02:01:53', NULL),
(4, 'Admin', 'Admin', 'Admin', 'admin@gmail.com', NULL, '$2y$10$8yHIogSDIJD2.KJK4Z8LBeUO5mYjFnU0TZqSED0yfCta4OvDGcXNi', NULL, NULL, NULL, NULL, NULL, NULL, NULL, 'IN', 'superadmin', '1', NULL, NULL, 'active', NULL, NULL, NULL, 0, '2021-10-05 07:34:15', '2022-01-20 01:35:53', NULL),
(6, 'cms', 'CMS', 'cms', 'cms@gmail.com', NULL, '$2y$10$zSaZzjWamMP7w2j4Fx6qGuxy73/8eJGSc0Gps26eoreJYBuLKt926', NULL, NULL, NULL, NULL, NULL, NULL, NULL, 'IN', 'cms', '3', NULL, NULL, 'active', NULL, NULL, NULL, 0, '2021-10-11 15:10:19', '2022-01-06 20:54:33', NULL),
(10, NULL, NULL, NULL, 'sanjaym.smn@gmail.com', NULL, '$2y$10$.qrIdjRhJHxReT9uGIdyqes.1Syo6Ax6RBfCL.3nEdzKEK5K8gjOu', NULL, NULL, NULL, '8200342376', NULL, NULL, NULL, 'US', 'user', '4', NULL, NULL, 'active', NULL, NULL, NULL, 0, '2022-07-16 14:18:51', '2022-07-16 14:18:51', NULL),
(11, NULL, NULL, NULL, 'chetan.khatri@panamaxil.com', NULL, '$2y$10$M5B6xXqPi2fjCyEq/vH4EuiDwnqhyFjzN9lYsTdLNK.W0tugoDIky', NULL, NULL, NULL, '9999999999', NULL, NULL, NULL, 'US', 'user', '4', NULL, NULL, 'active', NULL, '813810', '1658115430', 0, '2022-07-16 16:42:00', '2022-07-18 19:22:10', NULL),
(14, NULL, NULL, NULL, 'sbm.smn@gmail.com', NULL, '$2y$10$Q3ka94gJ6BHVhM8.87Blyek13/lg/qqk5JUaEPbA2cmtXq5/xeEPS', NULL, NULL, NULL, '7753091109', NULL, NULL, NULL, 'US', 'user', '4', NULL, NULL, 'active', NULL, NULL, NULL, 0, '2022-07-16 20:30:53', '2022-07-16 20:30:53', NULL),
(15, NULL, NULL, NULL, 'C@C.com', NULL, '$2y$10$lTBxbQjCdPs9Olp.ky/fnuwOedB.q/4XWgpt6qrWJ8O9Rbf4.Z4uG', NULL, NULL, NULL, '9999997777', NULL, NULL, NULL, 'US', 'user', '4', NULL, NULL, 'active', NULL, NULL, NULL, 0, '2022-07-17 09:25:10', '2022-07-17 09:25:10', NULL),
(16, NULL, NULL, NULL, 'test@gmail.com', NULL, '$2y$10$zTiDjtXZWpovr5yevfC0BeUuI.ouUQEjxvvVm5j3J7Fm2VExZq52y', NULL, NULL, NULL, '1234567890', NULL, NULL, NULL, 'US', 'user', '4', NULL, NULL, 'active', NULL, '154730', '1658369709', 0, '2022-07-18 08:50:19', '2022-07-21 18:00:09', NULL),
(17, NULL, NULL, NULL, 'vaishalipatel.smn@gmail.com', NULL, '$2y$10$BmE17dQTO8YCvGheRHR5MeaX44T8vWtuaWtCuPS3R5v9MLITv4ae.', NULL, NULL, NULL, '7894561230', NULL, NULL, NULL, 'US', 'user', '4', NULL, NULL, 'active', NULL, NULL, NULL, 0, '2022-07-18 09:35:46', '2022-07-18 09:35:46', NULL);

-- --------------------------------------------------------

--
-- Table structure for table `user_addresses`
--

CREATE TABLE `user_addresses` (
  `id` int(11) NOT NULL,
  `address_line1` varchar(200) NOT NULL,
  `address_line2` varchar(200) DEFAULT NULL,
  `state` varchar(100) NOT NULL,
  `city` varchar(100) NOT NULL,
  `zip_code` varchar(50) NOT NULL,
  `user_id` bigint(20) NOT NULL
) ENGINE=InnoDB DEFAULT CHARSET=utf8mb4;

--
-- Dumping data for table `user_addresses`
--

INSERT INTO `user_addresses` (`id`, `address_line1`, `address_line2`, `state`, `city`, `zip_code`, `user_id`) VALUES
(1, 'TEtgdyas', 'tewgfwt', 'Texas', 'fhdjh', '45612', 9),
(2, 'TEtgdyas', 'tewgfwt', 'Texas', 'fhdjh', '45612', 9),
(3, 'Test', 'test', 'Texas', 'fgbsd', '46512', 9),
(4, 'Test', 'Test1', 'Alabama', 'Abd', '12345', 14),
(5, 'street', 'street', 'New York', 'ny', '12344', 11),
(6, 'Test', 'test', 'Alabama', 'Test', '12345', 14),
(7, 'Test', 'test', 'Alabama', 'Test', '12345', 14),
(8, 'Test', 'Test', 'Alabama', 'Test', '12344', 14),
(9, 'Street', 'Street', 'New Jersey', '242342342', '73737', 15),
(10, 'Street', 'Street', 'New Jersey', '242342342', '73737', 15),
(11, 'fsfsdf', 'sdfsdf', 'Texas', 'fsdfsd', '12345', 17),
(12, 'test', 'test', 'Texas', 'Texas', '45612', 17),
(13, 'Street', 'Street', 'New York', 'NY', '12345', 11),
(14, 'TEst', 'Test', 'Alabama', 'Test', '12345', 14),
(15, 'test', 'test', 'Texas', 'testgdfg', '45612', 17),
(16, 'Street', 'Street', 'New York', 'NY', '12345', 11),
(17, 'Street', NULL, 'New York', 'NY', '32123', 11),
(18, 'Street', NULL, 'New York', 'NY', '12345', 11),
(19, 'test', 'test', 'Alaska', 'ALASKA', '12345', 16),
(20, 'test', 'test', 'Alaska', 'alaska', '12345', 16),
(21, 'testt', 'test', 'Alaska', 'alaska', '12345', 16),
(22, 'test', 'test', 'Alaska', 'alaska', '12345', 16),
(23, 'test', 'test', 'Alaska', 'alaska', '88888', 16),
(24, 'test', 'testqt', 'alaska', 'alaska', '12345', 16),
(25, 'test', 'tewst', 'Alaska', 'test', '12345', 16),
(26, 'test', 'test', 'Alaska', 'alaska', '12315', 16),
(27, 'test', 'test', 'Alaska', 'alaska', '12345', 16),
(28, 'test', 'test', 'Alaska', 'alaska', '12345', 16),
(29, 'test', 'test', 'Hawaii', 'hawaii', '12345', 16),
(30, 'test', 'test', 'California', 'cfna', '12345', 16),
(31, 'test', 'test', 'Texas', 'texas', '12345', 16),
(32, 'test', 'test', 'Alaska', 'alaska', '12345', 16),
(33, 'test', 'test', 'Alaska', 'alaska', '12345', 16),
(34, 'test', 'test', 'ohio', 'ohio', '45646', 16),
(35, 'TEst', 'test', 'Texas', 'test', '46579', 16),
(36, 'TEst', 'test', 'Texas', 'test', '46579', 16),
(37, 'TEst', 'test', 'Texas', 'test', '46579', 16),
(38, 'TEst', 'test', 'Texas', 'test', '46579', 16),
(39, 'TEst', 'test', 'Texas', 'test', '46579', 16),
(40, 'TEst', 'test', 'Texas', 'test', '46579', 16),
(41, 'TEst', 'test', 'Texas', 'test', '46579', 16);

-- --------------------------------------------------------

--
-- Table structure for table `user_creditcards`
--

CREATE TABLE `user_creditcards` (
  `id` bigint(20) UNSIGNED NOT NULL,
  `user_id` bigint(20) UNSIGNED NOT NULL,
  `beneficiary_name` varchar(255) CHARACTER SET utf8 DEFAULT NULL,
  `card_number` varchar(255) CHARACTER SET utf8 NOT NULL,
  `card_expire` varchar(255) CHARACTER SET utf8 NOT NULL,
  `card_name` varchar(150) DEFAULT NULL,
  `first_name` varchar(255) CHARACTER SET utf8 DEFAULT NULL,
  `last_name` varchar(255) CHARACTER SET utf8 DEFAULT NULL,
  `address_line_1` text CHARACTER SET utf8 DEFAULT NULL,
  `address_line_2` text CHARACTER SET utf8 DEFAULT NULL,
  `state` varchar(255) CHARACTER SET utf8 DEFAULT NULL,
  `city` varchar(255) CHARACTER SET utf8 DEFAULT NULL,
  `zip_code` varchar(255) CHARACTER SET utf8 DEFAULT NULL,
  `created_at` timestamp NULL DEFAULT current_timestamp(),
  `updated_at` timestamp NULL DEFAULT current_timestamp(),
  `deleted_at` timestamp NULL DEFAULT NULL
) ENGINE=InnoDB DEFAULT CHARSET=utf8mb4;

--
-- Dumping data for table `user_creditcards`
--

INSERT INTO `user_creditcards` (`id`, `user_id`, `beneficiary_name`, `card_number`, `card_expire`, `card_name`, `first_name`, `last_name`, `address_line_1`, `address_line_2`, `state`, `city`, `zip_code`, `created_at`, `updated_at`, `deleted_at`) VALUES
(1, 16, 'Test visa', '4111 1111 1111 1111', '11/22', 'visa', 'Test visa', 'smn visa', 'TEst', 'test', 'Texas', 'test', '46579', '2022-07-16 09:03:17', '2022-07-24 07:00:28', NULL),
(2, 17, 'test', '5555 5555 5555 4444', '11/22', 'master', NULL, NULL, NULL, NULL, NULL, NULL, NULL, '2022-07-18 05:46:10', '2022-07-18 05:46:10', NULL),
(3, 17, 'Test', '4111 1111 1111 1111', '11/22', 'visa', NULL, NULL, NULL, NULL, NULL, NULL, NULL, '2022-07-18 13:06:06', '2022-07-18 13:06:06', NULL),
(4, 11, 'Chetan', '4111 1111 1111 1111', '12/23', 'visa', NULL, NULL, NULL, NULL, NULL, NULL, NULL, '2022-07-18 14:23:57', '2022-07-18 14:23:57', NULL);

-- --------------------------------------------------------

--
-- Table structure for table `user_details`
--

CREATE TABLE `user_details` (
  `id` int(11) NOT NULL,
  `address_line1` varchar(200) NOT NULL,
  `address_line2` varchar(200) NOT NULL,
  `state` varchar(100) NOT NULL,
  `city` varchar(100) NOT NULL,
  `zip_code` varchar(50) NOT NULL,
  `user_id` bigint(20) NOT NULL
) ENGINE=InnoDB DEFAULT CHARSET=utf8mb4;

-- --------------------------------------------------------

--
-- Table structure for table `zohocontacts`
--

CREATE TABLE `zohocontacts` (
  `id` bigint(20) UNSIGNED NOT NULL,
  `user_name` varchar(255) COLLATE utf8_unicode_ci DEFAULT NULL,
  `first_name` varchar(255) COLLATE utf8_unicode_ci DEFAULT NULL,
  `last_name` varchar(255) COLLATE utf8_unicode_ci DEFAULT NULL,
  `email` varchar(255) COLLATE utf8_unicode_ci DEFAULT NULL,
  `email_verified_at` timestamp NULL DEFAULT NULL,
  `password` varchar(255) COLLATE utf8_unicode_ci DEFAULT NULL,
  `pin` varchar(255) COLLATE utf8_unicode_ci DEFAULT NULL,
  `address_line_1` varchar(255) COLLATE utf8_unicode_ci DEFAULT NULL,
  `address_line_2` varchar(255) COLLATE utf8_unicode_ci DEFAULT NULL,
  `phone_no` varchar(255) COLLATE utf8_unicode_ci DEFAULT NULL,
  `city` varchar(255) COLLATE utf8_unicode_ci DEFAULT NULL,
  `zip_code` varchar(255) COLLATE utf8_unicode_ci DEFAULT NULL,
  `state` varchar(255) COLLATE utf8_unicode_ci DEFAULT NULL,
  `country` varchar(255) COLLATE utf8_unicode_ci DEFAULT NULL,
  `user_type` varchar(255) COLLATE utf8_unicode_ci DEFAULT NULL,
  `role_id` varchar(255) COLLATE utf8_unicode_ci DEFAULT NULL,
  `ref_id` varchar(255) COLLATE utf8_unicode_ci DEFAULT NULL,
  `facebook_id` text COLLATE utf8_unicode_ci DEFAULT NULL,
  `status` enum('active','block','inactive') COLLATE utf8_unicode_ci NOT NULL DEFAULT 'active',
  `remember_token` varchar(100) COLLATE utf8_unicode_ci DEFAULT NULL,
  `otp` varchar(255) CHARACTER SET utf8 DEFAULT NULL,
  `expire_time` varchar(255) CHARACTER SET utf8 DEFAULT NULL,
  `otp_count` int(11) DEFAULT 0,
  `created_at` timestamp NULL DEFAULT NULL,
  `updated_at` timestamp NULL DEFAULT NULL,
  `deleted_at` timestamp NULL DEFAULT NULL
) ENGINE=InnoDB DEFAULT CHARSET=utf8 COLLATE=utf8_unicode_ci;

--
-- Indexes for dumped tables
--

--
-- Indexes for table `addoncharge`
--
ALTER TABLE `addoncharge`
  ADD PRIMARY KEY (`id`);

--
-- Indexes for table `addontype`
--
ALTER TABLE `addontype`
  ADD PRIMARY KEY (`id`);

--
-- Indexes for table `cms`
--
ALTER TABLE `cms`
  ADD PRIMARY KEY (`id`);

--
-- Indexes for table `cmssection`
--
ALTER TABLE `cmssection`
  ADD PRIMARY KEY (`id`);

--
-- Indexes for table `cmsslidersection`
--
ALTER TABLE `cmsslidersection`
  ADD PRIMARY KEY (`id`);

--
-- Indexes for table `cmssubsection`
--
ALTER TABLE `cmssubsection`
  ADD PRIMARY KEY (`id`);

--
-- Indexes for table `columns`
--
ALTER TABLE `columns`
  ADD PRIMARY KEY (`id`);

--
-- Indexes for table `contact_submission`
--
ALTER TABLE `contact_submission`
  ADD PRIMARY KEY (`id`);

--
-- Indexes for table `core_mail_template`
--
ALTER TABLE `core_mail_template`
  ADD PRIMARY KEY (`id`),
  ADD UNIQUE KEY `code` (`code`);

--
-- Indexes for table `countries`
--
ALTER TABLE `countries`
  ADD PRIMARY KEY (`id`);

--
-- Indexes for table `coupons`
--
ALTER TABLE `coupons`
  ADD PRIMARY KEY (`id`);

--
-- Indexes for table `failed_jobs`
--
ALTER TABLE `failed_jobs`
  ADD PRIMARY KEY (`id`);

--
-- Indexes for table `faq`
--
ALTER TABLE `faq`
  ADD PRIMARY KEY (`id`);

--
-- Indexes for table `faqquestionanswer`
--
ALTER TABLE `faqquestionanswer`
  ADD PRIMARY KEY (`id`);

--
-- Indexes for table `language`
--
ALTER TABLE `language`
  ADD PRIMARY KEY (`id`);

--
-- Indexes for table `menus`
--
ALTER TABLE `menus`
  ADD PRIMARY KEY (`id`),
  ADD KEY `column_id` (`column_id`),
  ADD KEY `MenuType` (`menu_type_id`);

--
-- Indexes for table `menu_type`
--
ALTER TABLE `menu_type`
  ADD PRIMARY KEY (`id`);

--
-- Indexes for table `migrations`
--
ALTER TABLE `migrations`
  ADD PRIMARY KEY (`id`);

--
-- Indexes for table `model_has_permissions`
--
ALTER TABLE `model_has_permissions`
  ADD PRIMARY KEY (`permission_id`,`model_id`,`model_type`),
  ADD KEY `model_has_permissions_model_id_model_type_index` (`model_id`,`model_type`);

--
-- Indexes for table `model_has_roles`
--
ALTER TABLE `model_has_roles`
  ADD PRIMARY KEY (`role_id`,`model_id`,`model_type`),
  ADD KEY `model_has_roles_model_id_model_type_index` (`model_id`,`model_type`);

--
-- Indexes for table `offers`
--
ALTER TABLE `offers`
  ADD PRIMARY KEY (`id`);

--
-- Indexes for table `offertemplate`
--
ALTER TABLE `offertemplate`
  ADD PRIMARY KEY (`id`);

--
-- Indexes for table `password_resets`
--
ALTER TABLE `password_resets`
  ADD PRIMARY KEY (`id`),
  ADD KEY `password_resets_email_index` (`email`);

--
-- Indexes for table `permissions`
--
ALTER TABLE `permissions`
  ADD PRIMARY KEY (`id`);

--
-- Indexes for table `products`
--
ALTER TABLE `products`
  ADD PRIMARY KEY (`id`);

--
-- Indexes for table `roles`
--
ALTER TABLE `roles`
  ADD PRIMARY KEY (`id`);

--
-- Indexes for table `role_has_permissions`
--
ALTER TABLE `role_has_permissions`
  ADD PRIMARY KEY (`permission_id`,`role_id`),
  ADD KEY `role_has_permissions_role_id_foreign` (`role_id`);

--
-- Indexes for table `service_provider`
--
ALTER TABLE `service_provider`
  ADD PRIMARY KEY (`id`);

--
-- Indexes for table `settings`
--
ALTER TABLE `settings`
  ADD PRIMARY KEY (`id`),
  ADD UNIQUE KEY `settings_code_unique` (`code`);

--
-- Indexes for table `sliders`
--
ALTER TABLE `sliders`
  ADD PRIMARY KEY (`id`);

--
-- Indexes for table `sliders_image`
--
ALTER TABLE `sliders_image`
  ADD PRIMARY KEY (`id`);

--
-- Indexes for table `states`
--
ALTER TABLE `states`
  ADD PRIMARY KEY (`id`);

--
-- Indexes for table `subscriber`
--
ALTER TABLE `subscriber`
  ADD PRIMARY KEY (`id`);

--
-- Indexes for table `topup_order`
--
ALTER TABLE `topup_order`
  ADD PRIMARY KEY (`id`);

--
-- Indexes for table `topup_plans`
--
ALTER TABLE `topup_plans`
  ADD PRIMARY KEY (`id`);

--
-- Indexes for table `transactions`
--
ALTER TABLE `transactions`
  ADD PRIMARY KEY (`id`);

--
-- Indexes for table `users`
--
ALTER TABLE `users`
  ADD PRIMARY KEY (`id`),
  ADD UNIQUE KEY `users_email_unique` (`email`);

--
-- Indexes for table `user_addresses`
--
ALTER TABLE `user_addresses`
  ADD PRIMARY KEY (`id`);

--
-- Indexes for table `user_creditcards`
--
ALTER TABLE `user_creditcards`
  ADD PRIMARY KEY (`id`);

--
-- Indexes for table `user_details`
--
ALTER TABLE `user_details`
  ADD PRIMARY KEY (`id`);

--
-- Indexes for table `zohocontacts`
--
ALTER TABLE `zohocontacts`
  ADD PRIMARY KEY (`id`),
  ADD UNIQUE KEY `users_email_unique` (`email`);

--
-- AUTO_INCREMENT for dumped tables
--

--
-- AUTO_INCREMENT for table `addoncharge`
--
ALTER TABLE `addoncharge`
  MODIFY `id` int(11) NOT NULL AUTO_INCREMENT;

--
-- AUTO_INCREMENT for table `addontype`
--
ALTER TABLE `addontype`
  MODIFY `id` int(11) NOT NULL AUTO_INCREMENT;

--
-- AUTO_INCREMENT for table `cms`
--
ALTER TABLE `cms`
  MODIFY `id` int(11) NOT NULL AUTO_INCREMENT, AUTO_INCREMENT=8;

--
-- AUTO_INCREMENT for table `cmssection`
--
ALTER TABLE `cmssection`
  MODIFY `id` int(11) NOT NULL AUTO_INCREMENT, AUTO_INCREMENT=19;

--
-- AUTO_INCREMENT for table `cmsslidersection`
--
ALTER TABLE `cmsslidersection`
  MODIFY `id` int(11) NOT NULL AUTO_INCREMENT, AUTO_INCREMENT=8;

--
-- AUTO_INCREMENT for table `cmssubsection`
--
ALTER TABLE `cmssubsection`
  MODIFY `id` int(11) NOT NULL AUTO_INCREMENT, AUTO_INCREMENT=14;

--
-- AUTO_INCREMENT for table `columns`
--
ALTER TABLE `columns`
  MODIFY `id` int(11) NOT NULL AUTO_INCREMENT, AUTO_INCREMENT=11;

--
-- AUTO_INCREMENT for table `contact_submission`
--
ALTER TABLE `contact_submission`
  MODIFY `id` int(11) NOT NULL AUTO_INCREMENT, AUTO_INCREMENT=2;

--
-- AUTO_INCREMENT for table `core_mail_template`
--
ALTER TABLE `core_mail_template`
  MODIFY `id` int(10) UNSIGNED NOT NULL AUTO_INCREMENT COMMENT 'Mail Template Uuid', AUTO_INCREMENT=7;

--
-- AUTO_INCREMENT for table `countries`
--
ALTER TABLE `countries`
  MODIFY `id` int(11) NOT NULL AUTO_INCREMENT, AUTO_INCREMENT=255;

--
-- AUTO_INCREMENT for table `coupons`
--
ALTER TABLE `coupons`
  MODIFY `id` int(11) NOT NULL AUTO_INCREMENT, AUTO_INCREMENT=3;

--
-- AUTO_INCREMENT for table `failed_jobs`
--
ALTER TABLE `failed_jobs`
  MODIFY `id` bigint(20) UNSIGNED NOT NULL AUTO_INCREMENT;

--
-- AUTO_INCREMENT for table `faq`
--
ALTER TABLE `faq`
  MODIFY `id` int(11) NOT NULL AUTO_INCREMENT, AUTO_INCREMENT=12;

--
-- AUTO_INCREMENT for table `faqquestionanswer`
--
ALTER TABLE `faqquestionanswer`
  MODIFY `id` int(11) NOT NULL AUTO_INCREMENT, AUTO_INCREMENT=15;

--
-- AUTO_INCREMENT for table `language`
--
ALTER TABLE `language`
  MODIFY `id` int(11) NOT NULL AUTO_INCREMENT, AUTO_INCREMENT=7;

--
-- AUTO_INCREMENT for table `menus`
--
ALTER TABLE `menus`
  MODIFY `id` int(11) NOT NULL AUTO_INCREMENT, AUTO_INCREMENT=21;

--
-- AUTO_INCREMENT for table `menu_type`
--
ALTER TABLE `menu_type`
  MODIFY `id` int(11) NOT NULL AUTO_INCREMENT, AUTO_INCREMENT=14;

--
-- AUTO_INCREMENT for table `migrations`
--
ALTER TABLE `migrations`
  MODIFY `id` int(10) UNSIGNED NOT NULL AUTO_INCREMENT, AUTO_INCREMENT=6;

--
-- AUTO_INCREMENT for table `offers`
--
ALTER TABLE `offers`
  MODIFY `id` int(11) NOT NULL AUTO_INCREMENT, AUTO_INCREMENT=2;

--
-- AUTO_INCREMENT for table `offertemplate`
--
ALTER TABLE `offertemplate`
  MODIFY `id` int(11) NOT NULL AUTO_INCREMENT;

--
-- AUTO_INCREMENT for table `password_resets`
--
ALTER TABLE `password_resets`
  MODIFY `id` bigint(20) UNSIGNED NOT NULL AUTO_INCREMENT, AUTO_INCREMENT=10;

--
-- AUTO_INCREMENT for table `permissions`
--
ALTER TABLE `permissions`
  MODIFY `id` bigint(20) UNSIGNED NOT NULL AUTO_INCREMENT, AUTO_INCREMENT=66;

--
-- AUTO_INCREMENT for table `products`
--
ALTER TABLE `products`
  MODIFY `id` int(11) NOT NULL AUTO_INCREMENT, AUTO_INCREMENT=703;

--
-- AUTO_INCREMENT for table `roles`
--
ALTER TABLE `roles`
  MODIFY `id` bigint(20) UNSIGNED NOT NULL AUTO_INCREMENT, AUTO_INCREMENT=5;

--
-- AUTO_INCREMENT for table `service_provider`
--
ALTER TABLE `service_provider`
  MODIFY `id` int(11) NOT NULL AUTO_INCREMENT, AUTO_INCREMENT=299;

--
-- AUTO_INCREMENT for table `settings`
--
ALTER TABLE `settings`
  MODIFY `id` int(10) UNSIGNED NOT NULL AUTO_INCREMENT, AUTO_INCREMENT=5;

--
-- AUTO_INCREMENT for table `sliders`
--
ALTER TABLE `sliders`
  MODIFY `id` int(11) NOT NULL AUTO_INCREMENT, AUTO_INCREMENT=22;

--
-- AUTO_INCREMENT for table `sliders_image`
--
ALTER TABLE `sliders_image`
  MODIFY `id` int(11) NOT NULL AUTO_INCREMENT, AUTO_INCREMENT=8;

--
-- AUTO_INCREMENT for table `states`
--
ALTER TABLE `states`
  MODIFY `id` int(11) NOT NULL AUTO_INCREMENT, AUTO_INCREMENT=60;

--
-- AUTO_INCREMENT for table `subscriber`
--
ALTER TABLE `subscriber`
  MODIFY `id` int(11) NOT NULL AUTO_INCREMENT;

--
-- AUTO_INCREMENT for table `topup_order`
--
ALTER TABLE `topup_order`
  MODIFY `id` int(11) NOT NULL AUTO_INCREMENT, AUTO_INCREMENT=43;

--
-- AUTO_INCREMENT for table `topup_plans`
--
ALTER TABLE `topup_plans`
  MODIFY `id` int(11) NOT NULL AUTO_INCREMENT;

--
-- AUTO_INCREMENT for table `transactions`
--
ALTER TABLE `transactions`
  MODIFY `id` int(11) NOT NULL AUTO_INCREMENT;

--
-- AUTO_INCREMENT for table `users`
--
ALTER TABLE `users`
  MODIFY `id` bigint(20) UNSIGNED NOT NULL AUTO_INCREMENT, AUTO_INCREMENT=18;

--
-- AUTO_INCREMENT for table `user_addresses`
--
ALTER TABLE `user_addresses`
  MODIFY `id` int(11) NOT NULL AUTO_INCREMENT, AUTO_INCREMENT=42;

--
-- AUTO_INCREMENT for table `user_creditcards`
--
ALTER TABLE `user_creditcards`
  MODIFY `id` bigint(20) UNSIGNED NOT NULL AUTO_INCREMENT, AUTO_INCREMENT=5;

--
-- AUTO_INCREMENT for table `user_details`
--
ALTER TABLE `user_details`
  MODIFY `id` int(11) NOT NULL AUTO_INCREMENT;

--
-- AUTO_INCREMENT for table `zohocontacts`
--
ALTER TABLE `zohocontacts`
  MODIFY `id` bigint(20) UNSIGNED NOT NULL AUTO_INCREMENT;

--
-- Constraints for dumped tables
--

--
-- Constraints for table `menus`
--
ALTER TABLE `menus`
  ADD CONSTRAINT `MenuType` FOREIGN KEY (`menu_type_id`) REFERENCES `menu_type` (`id`) ON DELETE CASCADE ON UPDATE CASCADE,
  ADD CONSTRAINT `column_id` FOREIGN KEY (`column_id`) REFERENCES `columns` (`id`) ON DELETE CASCADE ON UPDATE CASCADE;

--
-- Constraints for table `model_has_permissions`
--
ALTER TABLE `model_has_permissions`
  ADD CONSTRAINT `model_has_permissions_permission_id_foreign` FOREIGN KEY (`permission_id`) REFERENCES `permissions` (`id`) ON DELETE CASCADE;

--
-- Constraints for table `model_has_roles`
--
ALTER TABLE `model_has_roles`
  ADD CONSTRAINT `model_has_roles_role_id_foreign` FOREIGN KEY (`role_id`) REFERENCES `roles` (`id`) ON DELETE CASCADE;

--
-- Constraints for table `role_has_permissions`
--
ALTER TABLE `role_has_permissions`
  ADD CONSTRAINT `role_has_permissions_permission_id_foreign` FOREIGN KEY (`permission_id`) REFERENCES `permissions` (`id`) ON DELETE CASCADE,
  ADD CONSTRAINT `role_has_permissions_role_id_foreign` FOREIGN KEY (`role_id`) REFERENCES `roles` (`id`) ON DELETE CASCADE;
COMMIT;

